authorization_1 | {"level":"info","message":"POST /authorize 200 4ms","meta":{"req":{"headers":{"accept":"*/*","accept-encoding":"gzip, deflate","accept-language":"*","connection":"keep-alive","content-length":"279","content-type":"application/json","host":"127.0.0.1:3010","sec-fetch-mode":"cors","user-agent":"node","x-authorization-psk":"TestPSK"},"httpVersion":"1.1","method":"POST","originalUrl":"/authorize","query":{},"url":"/authorize"},"res":{"statusCode":200},"responseTime":4}}
device_1 | {"level":"info","message":"postDevicesByDeviceIdWebsocket succeeded"}
device_1 | {"level":"info","message":"POST /devices/7d6570ff-b5ac-4f13-8eea-8ed6aaa86383/websocket 200 126ms","method":"POST","requestID":"203c0707acd05e4b7f3a93deba2c56c3","responseTime":126,"status":200,"url":"/devices/7d6570ff-b5ac-4f13-8eea-8ed6aaa86383/websocket"}
gateway_1 | {"time_local":"04/Dec/2023:16:06:10 +0000","remote_addr":"127.0.0.1","remote_user":"","request":"POST /devices/7d6570ff-b5ac-4f13-8eea-8ed6aaa86383/websocket HTTP/1.1","status": "200","body_bytes_sent":"36","request_time":"0.131","http_referrer":"","http_user_agent":"Mozilla/5.0 (X11; Linux x86_64) AppleWebKit/537.36 (KHTML, like Gecko) HeadlessChrome/109.0.5414.0 Safari/537.36","requestID":"203c0707acd05e4b7f3a93deba2c56c3"}
device_1 | {"level":"info","message":"device 'http://localhost/devices/7d6570ff-b5ac-4f13-8eea-8ed6aaa86383' connected"}
authentication_1 | {"jwt":"eyJhbGciOiJIUzI1NiJ9.eyJzdWIiOiJmZDE2M2QxYy01YmQ2LTRjNDItOWE3My0wZGU0YzI1YWU5MzMiLCJhZG1pbiI6dHJ1ZSwiaWF0IjoxNzAxNzA1OTcxfQ.qgm9dQkXylZNTrxNRGz_LrWm8viUtP3n9nv6jWhvER0","level":"info","message":"auth send jwt","requestID":"4ecfc227ad764295eed3f02521ae3aac"}
authentication_1 | {"level":"info","message":"GET /auth 200 5ms","method":"GET","requestID":"4ecfc227ad764295eed3f02521ae3aac","responseTime":5,"status":200,"url":"/auth"}
device_1 | {"level":"info","message":"getDevicesByDeviceId called"}
authorization_1 | {"client_addr":"127.0.0.1:54572","level":"info","msg":"Received request.","req_id":338,"req_method":"POST","req_path":"/v1/data/crosslab","subsystem":"opa","time":"2023-12-04T16:06:11Z"}
authorization_1 | {"client_addr":"127.0.0.1:54572","level":"info","msg":"Sent response.","req_id":338,"req_method":"POST","req_path":"/v1/data/crosslab","resp_bytes":447,"resp_duration":1.149439,"resp_status":200,"subsystem":"opa","time":"2023-12-04T16:06:11Z"}
authorization_1 | {"action":"view","level":"info","message":"opa_check","object":"device:http://localhost/devices/50929e1f-0d5e-47da-b367-932781a0cbfd","openfga":{"authorization_model_id":"01HGTRPDRAREZVVDD5Z5RZ7EA5","store":"01HGTRPDQAQB7YS9HP4QN497YP"},"response":{"result":{"allow":true,"enc":"user:fd163d1c-5bd6-4c42-9a73-0de4c25ae933","object":"device:http://localhost/devices/50929e1f-0d5e-47da-b367-932781a0cbfd","object_type":"device","payload":{"admin":true,"iat":1701705971,"sub":"fd163d1c-5bd6-4c42-9a73-0de4c25ae933"},"rebac_allow":true,"scope_allow":true,"scopes":["read","write","connect"],"subject":"user:fd163d1c-5bd6-4c42-9a73-0de4c25ae933","subject_alt":"fd163d1c-5bd6-4c42-9a73-0de4c25ae933"}},"subject":"eyJhbGciOiJIUzI1NiJ9.eyJzdWIiOiJmZDE2M2QxYy01YmQ2LTRjNDItOWE3My0wZGU0YzI1YWU5MzMiLCJhZG1pbiI6dHJ1ZSwiaWF0IjoxNzAxNzA1OTcxfQ.qgm9dQkXylZNTrxNRGz_LrWm8viUtP3n9nv6jWhvER0"}
authorization_1 | {"level":"info","message":"POST /authorize 200 5ms","meta":{"req":{"headers":{"accept":"*/*","accept-encoding":"gzip, deflate","accept-language":"*","connection":"keep-alive","content-length":"279","content-type":"application/json","host":"127.0.0.1:3010","sec-fetch-mode":"cors","user-agent":"node","x-authorization-psk":"TestPSK"},"httpVersion":"1.1","method":"POST","originalUrl":"/authorize","query":{},"url":"/authorize"},"res":{"statusCode":200},"responseTime":5}}
device_1 | {"level":"info","message":"getDevicesByDeviceId succeeded"}
gateway_1 | {"time_local":"04/Dec/2023:16:06:11 +0000","remote_addr":"127.0.0.1","remote_user":"","request":"GET /devices/50929e1f-0d5e-47da-b367-932781a0cbfd? HTTP/1.1","status": "200","body_bytes_sent":"791","request_time":"0.020","http_referrer":"","http_user_agent":"node-fetch/1.0 (+https://github.com/bitinn/node-fetch)","requestID":"4ecfc227ad764295eed3f02521ae3aac"}
device_1 | {"level":"info","message":"GET /devices/50929e1f-0d5e-47da-b367-932781a0cbfd? 200 14ms","method":"GET","requestID":"4ecfc227ad764295eed3f02521ae3aac","responseTime":14,"status":200,"url":"/devices/50929e1f-0d5e-47da-b367-932781a0cbfd?"}
authentication_1 | {"jwt":"eyJhbGciOiJIUzI1NiJ9.eyJzdWIiOiJmZDE2M2QxYy01YmQ2LTRjNDItOWE3My0wZGU0YzI1YWU5MzMiLCJhZG1pbiI6dHJ1ZSwiaWF0IjoxNzAxNzA1OTcxfQ.qgm9dQkXylZNTrxNRGz_LrWm8viUtP3n9nv6jWhvER0","level":"info","message":"auth send jwt","requestID":"a94bf48fc5063d0ab3da6b6c20e41cfa"}
authentication_1 | {"level":"info","message":"GET /auth 200 2ms","method":"GET","requestID":"a94bf48fc5063d0ab3da6b6c20e41cfa","responseTime":2,"status":200,"url":"/auth"}
device_1 | {"level":"info","message":"getDevicesByDeviceId called"}
authorization_1 | {"client_addr":"127.0.0.1:54572","level":"info","msg":"Received request.","req_id":339,"req_method":"POST","req_path":"/v1/data/crosslab","subsystem":"opa","time":"2023-12-04T16:06:11Z"}
authorization_1 | {"client_addr":"127.0.0.1:54572","level":"info","msg":"Sent response.","req_id":339,"req_method":"POST","req_path":"/v1/data/crosslab","resp_bytes":447,"resp_duration":1.127181,"resp_status":200,"subsystem":"opa","time":"2023-12-04T16:06:11Z"}
authorization_1 | {"action":"view","level":"info","message":"opa_check","object":"device:http://localhost/devices/7d6570ff-b5ac-4f13-8eea-8ed6aaa86383","openfga":{"authorization_model_id":"01HGTRPDRAREZVVDD5Z5RZ7EA5","store":"01HGTRPDQAQB7YS9HP4QN497YP"},"response":{"result":{"allow":true,"enc":"user:fd163d1c-5bd6-4c42-9a73-0de4c25ae933","object":"device:http://localhost/devices/7d6570ff-b5ac-4f13-8eea-8ed6aaa86383","object_type":"device","payload":{"admin":true,"iat":1701705971,"sub":"fd163d1c-5bd6-4c42-9a73-0de4c25ae933"},"rebac_allow":true,"scope_allow":true,"scopes":["read","write","connect"],"subject":"user:fd163d1c-5bd6-4c42-9a73-0de4c25ae933","subject_alt":"fd163d1c-5bd6-4c42-9a73-0de4c25ae933"}},"subject":"eyJhbGciOiJIUzI1NiJ9.eyJzdWIiOiJmZDE2M2QxYy01YmQ2LTRjNDItOWE3My0wZGU0YzI1YWU5MzMiLCJhZG1pbiI6dHJ1ZSwiaWF0IjoxNzAxNzA1OTcxfQ.qgm9dQkXylZNTrxNRGz_LrWm8viUtP3n9nv6jWhvER0"}
authorization_1 | {"level":"info","message":"POST /authorize 200 5ms","meta":{"req":{"headers":{"accept":"*/*","accept-encoding":"gzip, deflate","accept-language":"*","connection":"keep-alive","content-length":"279","content-type":"application/json","host":"127.0.0.1:3010","sec-fetch-mode":"cors","user-agent":"node","x-authorization-psk":"TestPSK"},"httpVersion":"1.1","method":"POST","originalUrl":"/authorize","query":{},"url":"/authorize"},"res":{"statusCode":200},"responseTime":5}}
device_1 | {"level":"info","message":"getDevicesByDeviceId succeeded"}
gateway_1 | {"time_local":"04/Dec/2023:16:06:11 +0000","remote_addr":"127.0.0.1","remote_user":"","request":"GET /devices/7d6570ff-b5ac-4f13-8eea-8ed6aaa86383? HTTP/1.1","status": "200","body_bytes_sent":"252","request_time":"0.014","http_referrer":"","http_user_agent":"node-fetch/1.0 (+https://github.com/bitinn/node-fetch)","requestID":"a94bf48fc5063d0ab3da6b6c20e41cfa"}
device_1 | {"level":"info","message":"GET /devices/7d6570ff-b5ac-4f13-8eea-8ed6aaa86383? 200 10ms","method":"GET","requestID":"a94bf48fc5063d0ab3da6b6c20e41cfa","responseTime":10,"status":200,"url":"/devices/7d6570ff-b5ac-4f13-8eea-8ed6aaa86383?"}
authentication_1 | {"jwt":"eyJhbGciOiJIUzI1NiJ9.eyJzdWIiOiJmZDE2M2QxYy01YmQ2LTRjNDItOWE3My0wZGU0YzI1YWU5MzMiLCJhZG1pbiI6dHJ1ZSwiaWF0IjoxNzAxNzA1OTcxfQ.qgm9dQkXylZNTrxNRGz_LrWm8viUtP3n9nv6jWhvER0","level":"info","message":"auth send jwt","requestID":"09c41408e78f887c32ac71db60f22a23"}
authentication_1 | {"level":"info","message":"GET /auth 200 3ms","method":"GET","requestID":"09c41408e78f887c32ac71db60f22a23","responseTime":3,"status":200,"url":"/auth"}
experiment_1 | {"level":"info","message":"Handling POST request on endpoint /experiments"}
authorization_1 | {"client_addr":"127.0.0.1:54572","level":"info","msg":"Received request.","req_id":340,"req_method":"POST","req_path":"/v1/data/crosslab","subsystem":"opa","time":"2023-12-04T16:06:11Z"}
authorization_1 | {"client_addr":"127.0.0.1:54572","level":"info","msg":"Sent response.","req_id":340,"req_method":"POST","req_path":"/v1/data/crosslab","resp_bytes":404,"resp_duration":1.059123,"resp_status":200,"subsystem":"opa","time":"2023-12-04T16:06:11Z"}
authorization_1 | {"action":"create","level":"info","message":"opa_check","object":"experiment:~~~TYPE~~~","openfga":{"authorization_model_id":"01HGTRPDRAREZVVDD5Z5RZ7EA5","store":"01HGTRPDQAQB7YS9HP4QN497YP"},"response":{"result":{"allow":true,"enc":"user:fd163d1c-5bd6-4c42-9a73-0de4c25ae933","object":"experiment:~~~TYPE~~~","object_type":"experiment","payload":{"admin":true,"iat":1701705971,"sub":"fd163d1c-5bd6-4c42-9a73-0de4c25ae933"},"rebac_allow":true,"scope_allow":true,"scopes":["read","write","connect"],"subject":"user:fd163d1c-5bd6-4c42-9a73-0de4c25ae933","subject_alt":"fd163d1c-5bd6-4c42-9a73-0de4c25ae933"}},"subject":"eyJhbGciOiJIUzI1NiJ9.eyJzdWIiOiJmZDE2M2QxYy01YmQ2LTRjNDItOWE3My0wZGU0YzI1YWU5MzMiLCJhZG1pbiI6dHJ1ZSwiaWF0IjoxNzAxNzA1OTcxfQ.qgm9dQkXylZNTrxNRGz_LrWm8viUtP3n9nv6jWhvER0"}
authorization_1 | {"level":"info","message":"POST /authorize 200 5ms","meta":{"req":{"headers":{"accept":"*/*","accept-encoding":"gzip, deflate","accept-language":"*","connection":"keep-alive","content-length":"223","content-type":"application/json","host":"127.0.0.1:3010","sec-fetch-mode":"cors","user-agent":"node","x-authorization-psk":"TestPSK"},"httpVersion":"1.1","method":"POST","originalUrl":"/authorize","query":{},"url":"/authorize"},"res":{"statusCode":200},"responseTime":5}}
experiment_1 | {"data":{"experimentUrl":"http://localhost/experiments/0e7f2f9a-8af7-4699-be4f-bd706e1c6072"},"level":"info","message":"Attempting to run experiment"}
experiment_1 | {"data":{"experimentUrl":"http://localhost/experiments/0e7f2f9a-8af7-4699-be4f-bd706e1c6072"},"level":"info","message":"Attempting to book experiment"}
experiment_1 | {"data":{"experimentUrl":"http://localhost/experiments/0e7f2f9a-8af7-4699-be4f-bd706e1c6072"},"level":"info","message":"Successfully booked experiment"}
device_1 | {"level":"info","message":"getDevicesByDeviceId called"}
device_1 | {"level":"info","message":"getDevicesByDeviceId called"}
authorization_1 | {"client_addr":"127.0.0.1:54572","level":"info","msg":"Received request.","req_id":341,"req_method":"POST","req_path":"/v1/data/crosslab","subsystem":"opa","time":"2023-12-04T16:06:11Z"}
authorization_1 | {"client_addr":"127.0.0.1:54572","level":"info","msg":"Sent response.","req_id":341,"req_method":"POST","req_path":"/v1/data/crosslab","resp_bytes":447,"resp_duration":1.106497,"resp_status":200,"subsystem":"opa","time":"2023-12-04T16:06:11Z"}
authorization_1 | {"action":"view","level":"info","message":"opa_check","object":"device:http://localhost/devices/50929e1f-0d5e-47da-b367-932781a0cbfd","openfga":{"authorization_model_id":"01HGTRPDRAREZVVDD5Z5RZ7EA5","store":"01HGTRPDQAQB7YS9HP4QN497YP"},"response":{"result":{"allow":true,"enc":"user:fd163d1c-5bd6-4c42-9a73-0de4c25ae933","object":"device:http://localhost/devices/50929e1f-0d5e-47da-b367-932781a0cbfd","object_type":"device","payload":{"admin":true,"iat":1701705971,"sub":"fd163d1c-5bd6-4c42-9a73-0de4c25ae933"},"rebac_allow":true,"scope_allow":true,"scopes":["read","write","connect"],"subject":"user:fd163d1c-5bd6-4c42-9a73-0de4c25ae933","subject_alt":"fd163d1c-5bd6-4c42-9a73-0de4c25ae933"}},"subject":"eyJhbGciOiJIUzI1NiJ9.eyJzdWIiOiJmZDE2M2QxYy01YmQ2LTRjNDItOWE3My0wZGU0YzI1YWU5MzMiLCJhZG1pbiI6dHJ1ZSwiaWF0IjoxNzAxNzA1OTcxfQ.qgm9dQkXylZNTrxNRGz_LrWm8viUtP3n9nv6jWhvER0"}
authorization_1 | {"level":"info","message":"POST /authorize 200 9ms","meta":{"req":{"headers":{"accept":"*/*","accept-encoding":"gzip, deflate","accept-language":"*","connection":"keep-alive","content-length":"279","content-type":"application/json","host":"127.0.0.1:3010","sec-fetch-mode":"cors","user-agent":"node","x-authorization-psk":"TestPSK"},"httpVersion":"1.1","method":"POST","originalUrl":"/authorize","query":{},"url":"/authorize"},"res":{"statusCode":200},"responseTime":9}}
authorization_1 | {"client_addr":"127.0.0.1:56132","level":"info","msg":"Received request.","req_id":342,"req_method":"POST","req_path":"/v1/data/crosslab","subsystem":"opa","time":"2023-12-04T16:06:11Z"}
authorization_1 | {"client_addr":"127.0.0.1:56132","level":"info","msg":"Sent response.","req_id":342,"req_method":"POST","req_path":"/v1/data/crosslab","resp_bytes":447,"resp_duration":1.046533,"resp_status":200,"subsystem":"opa","time":"2023-12-04T16:06:11Z"}
authorization_1 | {"action":"view","level":"info","message":"opa_check","object":"device:http://localhost/devices/7d6570ff-b5ac-4f13-8eea-8ed6aaa86383","openfga":{"authorization_model_id":"01HGTRPDRAREZVVDD5Z5RZ7EA5","store":"01HGTRPDQAQB7YS9HP4QN497YP"},"response":{"result":{"allow":true,"enc":"user:fd163d1c-5bd6-4c42-9a73-0de4c25ae933","object":"device:http://localhost/devices/7d6570ff-b5ac-4f13-8eea-8ed6aaa86383","object_type":"device","payload":{"admin":true,"iat":1701705971,"sub":"fd163d1c-5bd6-4c42-9a73-0de4c25ae933"},"rebac_allow":true,"scope_allow":true,"scopes":["read","write","connect"],"subject":"user:fd163d1c-5bd6-4c42-9a73-0de4c25ae933","subject_alt":"fd163d1c-5bd6-4c42-9a73-0de4c25ae933"}},"subject":"eyJhbGciOiJIUzI1NiJ9.eyJzdWIiOiJmZDE2M2QxYy01YmQ2LTRjNDItOWE3My0wZGU0YzI1YWU5MzMiLCJhZG1pbiI6dHJ1ZSwiaWF0IjoxNzAxNzA1OTcxfQ.qgm9dQkXylZNTrxNRGz_LrWm8viUtP3n9nv6jWhvER0"}
device_1 | {"level":"info","message":"getDevicesByDeviceId succeeded"}
authorization_1 | {"level":"info","message":"POST /authorize 200 9ms","meta":{"req":{"headers":{"accept":"*/*","accept-encoding":"gzip, deflate","accept-language":"*","connection":"keep-alive","content-length":"279","content-type":"application/json","host":"127.0.0.1:3010","sec-fetch-mode":"cors","user-agent":"node","x-authorization-psk":"TestPSK"},"httpVersion":"1.1","method":"POST","originalUrl":"/authorize","query":{},"url":"/authorize"},"res":{"statusCode":200},"responseTime":9}}
device_1 | {"level":"info","message":"GET /devices/50929e1f-0d5e-47da-b367-932781a0cbfd? 200 15ms","method":"GET","requestID":"0ae4a6f0-92bf-11ee-b645-7f04f10d7150","responseTime":15,"status":200,"url":"/devices/50929e1f-0d5e-47da-b367-932781a0cbfd?"}
device_1 | {"level":"info","message":"getDevicesByDeviceId succeeded"}
device_1 | {"level":"info","message":"GET /devices/7d6570ff-b5ac-4f13-8eea-8ed6aaa86383? 200 17ms","method":"GET","requestID":"0ae4f510-92bf-11ee-b645-7f04f10d7150","responseTime":17,"status":200,"url":"/devices/7d6570ff-b5ac-4f13-8eea-8ed6aaa86383?"}
experiment_1 | {"data":{"experimentUrl":"http://localhost/experiments/0e7f2f9a-8af7-4699-be4f-bd706e1c6072"},"level":"info","message":"Setting up experiment"}
experiment_1 | {"data":{"experimentUrl":"http://localhost/experiments/0e7f2f9a-8af7-4699-be4f-bd706e1c6072"},"level":"info","message":"Attempting to lock booking for experiment"}
experiment_1 | {"data":{"experimentUrl":"http://localhost/experiments/0e7f2f9a-8af7-4699-be4f-bd706e1c6072"},"level":"info","message":"Successfully locked booking for experiment"}
experiment_1 | {"data":{"experimentUrl":"http://localhost/experiments/0e7f2f9a-8af7-4699-be4f-bd706e1c6072"},"level":"info","message":"Attempting to instantiate devices for experiment"}
experiment_1 | {"data":{"experimentUrl":"http://localhost/experiments/0e7f2f9a-8af7-4699-be4f-bd706e1c6072"},"level":"info","message":"Successfully instantiated devices for experiment"}
experiment_1 | {"data":{"experimentUrl":"http://localhost/experiments/0e7f2f9a-8af7-4699-be4f-bd706e1c6072"},"level":"info","message":"Attempting to update booking for experiment"}
experiment_1 | {"data":{"experimentUrl":"http://localhost/experiments/0e7f2f9a-8af7-4699-be4f-bd706e1c6072"},"level":"info","message":"Successfully updated booking for experiment"}
experiment_1 | {"data":{"experimentUrl":"http://localhost/experiments/0e7f2f9a-8af7-4699-be4f-bd706e1c6072"},"level":"info","message":"Successfully set up experiment"}
device_1 | {"level":"info","message":"getDevicesByDeviceId called"}
device_1 | {"level":"info","message":"getDevicesByDeviceId called"}
experiment_1 | {"data":{"experimentUrl":"http://localhost/experiments/0e7f2f9a-8af7-4699-be4f-bd706e1c6072"},"level":"info","message":"Successfully running experiment"}
authorization_1 | {"client_addr":"127.0.0.1:54572","level":"info","msg":"Received request.","req_id":343,"req_method":"POST","req_path":"/v1/data/crosslab","subsystem":"opa","time":"2023-12-04T16:06:11Z"}
authorization_1 | {"client_addr":"127.0.0.1:54572","level":"info","msg":"Sent response.","req_id":343,"req_method":"POST","req_path":"/v1/data/crosslab","resp_bytes":447,"resp_duration":1.272858,"resp_status":200,"subsystem":"opa","time":"2023-12-04T16:06:11Z"}
authorization_1 | {"client_addr":"127.0.0.1:56132","level":"info","msg":"Received request.","req_id":344,"req_method":"POST","req_path":"/v1/data/crosslab","subsystem":"opa","time":"2023-12-04T16:06:11Z"}
authorization_1 | {"action":"view","level":"info","message":"opa_check","object":"device:http://localhost/devices/50929e1f-0d5e-47da-b367-932781a0cbfd","openfga":{"authorization_model_id":"01HGTRPDRAREZVVDD5Z5RZ7EA5","store":"01HGTRPDQAQB7YS9HP4QN497YP"},"response":{"result":{"allow":true,"enc":"user:fd163d1c-5bd6-4c42-9a73-0de4c25ae933","object":"device:http://localhost/devices/50929e1f-0d5e-47da-b367-932781a0cbfd","object_type":"device","payload":{"admin":true,"iat":1701705971,"sub":"fd163d1c-5bd6-4c42-9a73-0de4c25ae933"},"rebac_allow":true,"scope_allow":true,"scopes":["read","write","connect"],"subject":"user:fd163d1c-5bd6-4c42-9a73-0de4c25ae933","subject_alt":"fd163d1c-5bd6-4c42-9a73-0de4c25ae933"}},"subject":"eyJhbGciOiJIUzI1NiJ9.eyJzdWIiOiJmZDE2M2QxYy01YmQ2LTRjNDItOWE3My0wZGU0YzI1YWU5MzMiLCJhZG1pbiI6dHJ1ZSwiaWF0IjoxNzAxNzA1OTcxfQ.qgm9dQkXylZNTrxNRGz_LrWm8viUtP3n9nv6jWhvER0"}
authorization_1 | {"level":"info","message":"POST /authorize 200 6ms","meta":{"req":{"headers":{"accept":"*/*","accept-encoding":"gzip, deflate","accept-language":"*","connection":"keep-alive","content-length":"279","content-type":"application/json","host":"127.0.0.1:3010","sec-fetch-mode":"cors","user-agent":"node","x-authorization-psk":"TestPSK"},"httpVersion":"1.1","method":"POST","originalUrl":"/authorize","query":{},"url":"/authorize"},"res":{"statusCode":200},"responseTime":6}}
authorization_1 | {"client_addr":"127.0.0.1:56132","level":"info","msg":"Sent response.","req_id":344,"req_method":"POST","req_path":"/v1/data/crosslab","resp_bytes":447,"resp_duration":2.149125,"resp_status":200,"subsystem":"opa","time":"2023-12-04T16:06:11Z"}
authorization_1 | {"action":"view","level":"info","message":"opa_check","object":"device:http://localhost/devices/7d6570ff-b5ac-4f13-8eea-8ed6aaa86383","openfga":{"authorization_model_id":"01HGTRPDRAREZVVDD5Z5RZ7EA5","store":"01HGTRPDQAQB7YS9HP4QN497YP"},"response":{"result":{"allow":true,"enc":"user:fd163d1c-5bd6-4c42-9a73-0de4c25ae933","object":"device:http://localhost/devices/7d6570ff-b5ac-4f13-8eea-8ed6aaa86383","object_type":"device","payload":{"admin":true,"iat":1701705971,"sub":"fd163d1c-5bd6-4c42-9a73-0de4c25ae933"},"rebac_allow":true,"scope_allow":true,"scopes":["read","write","connect"],"subject":"user:fd163d1c-5bd6-4c42-9a73-0de4c25ae933","subject_alt":"fd163d1c-5bd6-4c42-9a73-0de4c25ae933"}},"subject":"eyJhbGciOiJIUzI1NiJ9.eyJzdWIiOiJmZDE2M2QxYy01YmQ2LTRjNDItOWE3My0wZGU0YzI1YWU5MzMiLCJhZG1pbiI6dHJ1ZSwiaWF0IjoxNzAxNzA1OTcxfQ.qgm9dQkXylZNTrxNRGz_LrWm8viUtP3n9nv6jWhvER0"}
device_1 | {"level":"info","message":"getDevicesByDeviceId succeeded"}
device_1 | {"level":"info","message":"GET /devices/50929e1f-0d5e-47da-b367-932781a0cbfd? 200 12ms","method":"GET","requestID":"0b1ea2b0-92bf-11ee-b645-7f04f10d7150","responseTime":12,"status":200,"url":"/devices/50929e1f-0d5e-47da-b367-932781a0cbfd?"}
authorization_1 | {"level":"info","message":"POST /authorize 200 7ms","meta":{"req":{"headers":{"accept":"*/*","accept-encoding":"gzip, deflate","accept-language":"*","connection":"keep-alive","content-length":"279","content-type":"application/json","host":"127.0.0.1:3010","sec-fetch-mode":"cors","user-agent":"node","x-authorization-psk":"TestPSK"},"httpVersion":"1.1","method":"POST","originalUrl":"/authorize","query":{},"url":"/authorize"},"res":{"statusCode":200},"responseTime":7}}
device_1 | {"level":"info","message":"getDevicesByDeviceId succeeded"}
device_1 | {"level":"info","message":"GET /devices/7d6570ff-b5ac-4f13-8eea-8ed6aaa86383? 200 13ms","method":"GET","requestID":"0b1ef0d0-92bf-11ee-b645-7f04f10d7150","responseTime":13,"status":200,"url":"/devices/7d6570ff-b5ac-4f13-8eea-8ed6aaa86383?"}
experiment_1 | {"data":{"experimentUrl":"http://localhost/experiments/0e7f2f9a-8af7-4699-be4f-bd706e1c6072"},"level":"info","message":"Attempting to create peerconnections for experiment"}
experiment_1 | {"data":{"experimentUrl":"http://localhost/experiments/0e7f2f9a-8af7-4699-be4f-bd706e1c6072"},"level":"info","message":"Building connection plan"}
experiment_1 | {"data":{"pairwiseServiceConfigurations":[{"configuration":{},"participants":[{"config":{"interfaces":[{"busId":"gpio1","direction":"out","interfaceId":1,"interfaceType":"gpio","signals":{"gpio":"gpio1"}},{"busId":"gpio2","direction":"out","interfaceId":2,"interfaceType":"gpio","signals":{"gpio":"gpio2"}}]},"role":"device1","serviceId":"electrical","uuid":"1e8ba695-bf23-472d-a313-d84718140481"},{"config":{"interfaces":[{"busId":"gpio1","direction":"in","interfaceId":1,"interfaceType":"gpio","signals":{"gpio":"gpio1"}},{"busId":"gpio2","direction":"in","interfaceId":2,"interfaceType":"gpio","signals":{"gpio":"gpio2"}}]},"role":"device2","serviceId":"electrical","uuid":"fe8494a0-2ec4-4ec4-9ee2-bfbb7617adc0"}],"serviceType":"http://api.goldi-labs.de/serviceTypes/electrical","uuid":"9ef410e2-a774-4d99-aa08-0219e4619159"}]},"level":"info","message":"Built pairwise service configurations"}
experiment_1 | {"data":{"connectionPlan":[{"devices":[{"config":{"services":[{"interfaces":[{"busId":"gpio1","direction":"out","interfaceId":1,"interfaceType":"gpio","signals":{"gpio":"gpio1"}},{"busId":"gpio2","direction":"out","interfaceId":2,"interfaceType":"gpio","signals":{"gpio":"gpio2"}}],"remoteServiceId":"electrical","serviceId":"electrical","serviceType":"http://api.goldi-labs.de/serviceTypes/electrical"}]},"url":"http://localhost/devices/50929e1f-0d5e-47da-b367-932781a0cbfd"},{"config":{"services":[{"interfaces":[{"busId":"gpio1","direction":"in","interfaceId":1,"interfaceType":"gpio","signals":{"gpio":"gpio1"}},{"busId":"gpio2","direction":"in","interfaceId":2,"interfaceType":"gpio","signals":{"gpio":"gpio2"}}],"remoteServiceId":"electrical","serviceId":"electrical","serviceType":"http://api.goldi-labs.de/serviceTypes/electrical"}]},"url":"http://localhost/devices/7d6570ff-b5ac-4f13-8eea-8ed6aaa86383"}],"type":"webrtc"}]},"level":"info","message":"Built connection plan"}
device_1 | {"level":"info","message":"postPeerconnections called"}
authorization_1 | {"client_addr":"127.0.0.1:54572","level":"info","msg":"Received request.","req_id":345,"req_method":"POST","req_path":"/v1/data/crosslab","subsystem":"opa","time":"2023-12-04T16:06:11Z"}
authorization_1 | {"client_addr":"127.0.0.1:54572","level":"info","msg":"Sent response.","req_id":345,"req_method":"POST","req_path":"/v1/data/crosslab","resp_bytes":412,"resp_duration":1.18686,"resp_status":200,"subsystem":"opa","time":"2023-12-04T16:06:11Z"}
authorization_1 | {"action":"create","level":"info","message":"opa_check","object":"peerconnection:~~~TYPE~~~","openfga":{"authorization_model_id":"01HGTRPDRAREZVVDD5Z5RZ7EA5","store":"01HGTRPDQAQB7YS9HP4QN497YP"},"response":{"result":{"allow":true,"enc":"user:fd163d1c-5bd6-4c42-9a73-0de4c25ae933","object":"peerconnection:~~~TYPE~~~","object_type":"peerconnection","payload":{"admin":true,"iat":1701705971,"sub":"fd163d1c-5bd6-4c42-9a73-0de4c25ae933"},"rebac_allow":true,"scope_allow":true,"scopes":["read","write","connect"],"subject":"user:fd163d1c-5bd6-4c42-9a73-0de4c25ae933","subject_alt":"fd163d1c-5bd6-4c42-9a73-0de4c25ae933"}},"subject":"eyJhbGciOiJIUzI1NiJ9.eyJzdWIiOiJmZDE2M2QxYy01YmQ2LTRjNDItOWE3My0wZGU0YzI1YWU5MzMiLCJhZG1pbiI6dHJ1ZSwiaWF0IjoxNzAxNzA1OTcxfQ.qgm9dQkXylZNTrxNRGz_LrWm8viUtP3n9nv6jWhvER0"}
authorization_1 | {"level":"info","message":"POST /authorize 200 4ms","meta":{"req":{"headers":{"accept":"*/*","accept-encoding":"gzip, deflate","accept-language":"*","connection":"keep-alive","content-length":"227","content-type":"application/json","host":"127.0.0.1:3010","sec-fetch-mode":"cors","user-agent":"node","x-authorization-psk":"TestPSK"},"httpVersion":"1.1","method":"POST","originalUrl":"/authorize","query":{},"url":"/authorize"},"res":{"statusCode":200},"responseTime":4}}
authorization_1 | {"authorization_model_id":"01HGTRPDRAREZVVDD5Z5RZ7EA5","build.commit":"bc6a45ade4ae02d389b2588ae3bb4676fdcf77ec","build.version":"v1.2.0","error":"rpc error: code = Code(2000) desc = Invalid tuple 'experiment:http%3A%2F%2Flocalhost%2Fexperiments%2F0e7f2f9a-8af7-4699-be4f-bd706e1c6072#owner@fd163d1c-5bd6-4c42-9a73-0de4c25ae933'. Reason: the 'user' field must be an object (e.g. document:1) or an 'object#relation' or a typed wildcard (e.g. group:*)","grpc_code":2000,"grpc_method":"Write","grpc_service":"openfga.v1.OpenFGAService","grpc_type":"unary","level":"info","message":"grpc_req_complete","peer.address":"127.0.0.1:35894","raw_request":{"authorization_model_id":"01HGTRPDRAREZVVDD5Z5RZ7EA5","deletes":null,"store_id":"01HGTRPDQAQB7YS9HP4QN497YP","writes":{"tuple_keys":[{"object":"experiment:http%3A%2F%2Flocalhost%2Fexperiments%2F0e7f2f9a-8af7-4699-be4f-bd706e1c6072","relation":"owner","user":"fd163d1c-5bd6-4c42-9a73-0de4c25ae933"}]}},"raw_response":{},"request_id":"b98e4a6a-f97e-4b28-a652-6c3d0ca6559a","store_id":"01HGTRPDQAQB7YS9HP4QN497YP","subsystem":"openfga","timestamp":1701705971.935477}
authorization_1 | {"build.commit":"bc6a45ade4ae02d389b2588ae3bb4676fdcf77ec","build.version":"v1.2.0","grpc_code":0,"grpc_method":"ReadAuthorizationModel","grpc_service":"openfga.v1.OpenFGAService","grpc_type":"unary","level":"info","message":"grpc_req_complete","peer.address":"127.0.0.1:35894","raw_request":{"id":"01HGTRPDRAREZVVDD5Z5RZ7EA5","store_id":"01HGTRPDQAQB7YS9HP4QN497YP"},"raw_response":{"authorization_model":{"id":"01HGTRPDRAREZVVDD5Z5RZ7EA5","schema_version":"1.1","type_definitions":[{"metadata":{"relations":{"viewer":{"directly_related_user_types":[{"type":"user"}]}}},"relations":{"viewer":{"this":{}}},"type":"user"},{"metadata":{"relations":{"owner":{"directly_related_user_types":[{"type":"user"}]},"viewer":{"directly_related_user_types":[{"type":"user"}]}}},"relations":{"owner":{"this":{}},"viewer":{"union":{"child":[{"this":{}},{"computedUserset":{"object":"","relation":"owner"}}]}}},"type":"device"},{"metadata":{"relations":{"owner":{"directly_related_user_types":[{"type":"user"}]},"viewer":{"directly_related_user_types":[{"type":"user"}]}}},"relations":{"owner":{"this":{}},"viewer":{"union":{"child":[{"this":{}},{"computedUserset":{"object":"","relation":"owner"}}]}}},"type":"experiment"},{"metadata":{"relations":{"owner":{"directly_related_user_types":[{"type":"user"}]},"viewer":{"directly_related_user_types":[{"type":"user"}]}}},"relations":{"owner":{"this":{}},"viewer":{"union":{"child":[{"this":{}},{"computedUserset":{"object":"","relation":"owner"}}]}}},"type":"peerconnection"},{"metadata":{"relations":{"owner":{"directly_related_user_types":[{"type":"user"}]},"viewer":{"directly_related_user_types":[{"type":"user"}]}}},"relations":{"owner":{"this":{}},"viewer":{"union":{"child":[{"this":{}},{"computedUserset":{"object":"","relation":"owner"}}]}}},"type":"booking"},{"metadata":{"relations":{"owner":{"directly_related_user_types":[{"type":"user"}]},"viewer":{"directly_related_user_types":[{"type":"user"}]}}},"relations":{"owner":{"this":{}},"viewer":{"union":{"child":[{"this":{}},{"computedUserset":{"object":"","relation":"owner"}}]}}},"type":"federation"}]}},"request_id":"0b086541-835d-4193-999e-f67e8c8f4bdc","store_id":"01HGTRPDQAQB7YS9HP4QN497YP","subsystem":"openfga","timestamp":1701705971.9359064}
authorization_1 | {"level":"info","message":"POST /relations/update 200 127ms","meta":{"req":{"headers":{"accept":"*/*","accept-encoding":"gzip, deflate","accept-language":"*","connection":"keep-alive","content-length":"179","content-type":"application/json","host":"127.0.0.1:3010","sec-fetch-mode":"cors","user-agent":"node","x-authorization-psk":"TestPSK"},"httpVersion":"1.1","method":"POST","originalUrl":"/relations/update","query":{},"url":"/relations/update"},"res":{"statusCode":200},"responseTime":127}}
authorization_1 | {"authorization_model_id":"01HGTRPDRAREZVVDD5Z5RZ7EA5","build.commit":"bc6a45ade4ae02d389b2588ae3bb4676fdcf77ec","build.version":"v1.2.0","error":"rpc error: code = Code(2000) desc = Invalid tuple 'peerconnection:http%3A%2F%2Flocalhost%2Fpeerconnections%2Fundefined#owner@fd163d1c-5bd6-4c42-9a73-0de4c25ae933'. Reason: the 'user' field must be an object (e.g. document:1) or an 'object#relation' or a typed wildcard (e.g. group:*)","grpc_code":2000,"grpc_method":"Write","grpc_service":"openfga.v1.OpenFGAService","grpc_type":"unary","level":"info","message":"grpc_req_complete","peer.address":"127.0.0.1:35894","raw_request":{"authorization_model_id":"01HGTRPDRAREZVVDD5Z5RZ7EA5","deletes":null,"store_id":"01HGTRPDQAQB7YS9HP4QN497YP","writes":{"tuple_keys":[{"object":"peerconnection:http%3A%2F%2Flocalhost%2Fpeerconnections%2Fundefined","relation":"owner","user":"fd163d1c-5bd6-4c42-9a73-0de4c25ae933"}]}},"raw_response":{},"request_id":"bd3a14b7-c409-4668-81a3-81592f43e27a","store_id":"01HGTRPDQAQB7YS9HP4QN497YP","subsystem":"openfga","timestamp":1701705971.9376214}
authorization_1 | {"build.commit":"bc6a45ade4ae02d389b2588ae3bb4676fdcf77ec","build.version":"v1.2.0","grpc_code":0,"grpc_method":"ReadAuthorizationModel","grpc_service":"openfga.v1.OpenFGAService","grpc_type":"unary","level":"info","message":"grpc_req_complete","peer.address":"127.0.0.1:35894","raw_request":{"id":"01HGTRPDRAREZVVDD5Z5RZ7EA5","store_id":"01HGTRPDQAQB7YS9HP4QN497YP"},"raw_response":{"authorization_model":{"id":"01HGTRPDRAREZVVDD5Z5RZ7EA5","schema_version":"1.1","type_definitions":[{"metadata":{"relations":{"viewer":{"directly_related_user_types":[{"type":"user"}]}}},"relations":{"viewer":{"this":{}}},"type":"user"},{"metadata":{"relations":{"owner":{"directly_related_user_types":[{"type":"user"}]},"viewer":{"directly_related_user_types":[{"type":"user"}]}}},"relations":{"owner":{"this":{}},"viewer":{"union":{"child":[{"this":{}},{"computedUserset":{"object":"","relation":"owner"}}]}}},"type":"device"},{"metadata":{"relations":{"owner":{"directly_related_user_types":[{"type":"user"}]},"viewer":{"directly_related_user_types":[{"type":"user"}]}}},"relations":{"owner":{"this":{}},"viewer":{"union":{"child":[{"this":{}},{"computedUserset":{"object":"","relation":"owner"}}]}}},"type":"experiment"},{"metadata":{"relations":{"owner":{"directly_related_user_types":[{"type":"user"}]},"viewer":{"directly_related_user_types":[{"type":"user"}]}}},"relations":{"owner":{"this":{}},"viewer":{"union":{"child":[{"this":{}},{"computedUserset":{"object":"","relation":"owner"}}]}}},"type":"peerconnection"},{"metadata":{"relations":{"owner":{"directly_related_user_types":[{"type":"user"}]},"viewer":{"directly_related_user_types":[{"type":"user"}]}}},"relations":{"owner":{"this":{}},"viewer":{"union":{"child":[{"this":{}},{"computedUserset":{"object":"","relation":"owner"}}]}}},"type":"booking"},{"metadata":{"relations":{"owner":{"directly_related_user_types":[{"type":"user"}]},"viewer":{"directly_related_user_types":[{"type":"user"}]}}},"relations":{"owner":{"this":{}},"viewer":{"union":{"child":[{"this":{}},{"computedUserset":{"object":"","relation":"owner"}}]}}},"type":"federation"}]}},"request_id":"b82901b4-9ced-4640-8033-23d2b91e9536","store_id":"01HGTRPDQAQB7YS9HP4QN497YP","subsystem":"openfga","timestamp":1701705971.9380043}
authorization_1 | {"level":"info","message":"POST /relations/update 200 113ms","meta":{"req":{"headers":{"accept":"*/*","accept-encoding":"gzip, deflate","accept-language":"*","connection":"keep-alive","content-length":"160","content-type":"application/json","host":"127.0.0.1:3010","sec-fetch-mode":"cors","user-agent":"node","x-authorization-psk":"TestPSK"},"httpVersion":"1.1","method":"POST","originalUrl":"/relations/update","query":{},"url":"/relations/update"},"res":{"statusCode":200},"responseTime":113}}
experiment_1 | {"data":{"experiment":"http://localhost/experiments/0e7f2f9a-8af7-4699-be4f-bd706e1c6072","user":"fd163d1c-5bd6-4c42-9a73-0de4c25ae933"},"level":"info","message":"Successfully handled POST request on endpoint /experiments"}
experiment_1 | {"level":"info","message":"POST /experiments 201 773ms","method":"POST","requestID":"09c41408e78f887c32ac71db60f22a23","responseTime":773,"status":201,"url":"/experiments"}
gateway_1 | {"time_local":"04/Dec/2023:16:06:11 +0000","remote_addr":"127.0.0.1","remote_user":"","request":"POST /experiments HTTP/1.1","status": "201","body_bytes_sent":"1215","request_time":"0.780","http_referrer":"","http_user_agent":"node-fetch/1.0 (+https://github.com/bitinn/node-fetch)","requestID":"09c41408e78f887c32ac71db60f22a23"}
authentication_1 | {"jwt":"eyJhbGciOiJIUzI1NiJ9.eyJzdWIiOiJmZDE2M2QxYy01YmQ2LTRjNDItOWE3My0wZGU0YzI1YWU5MzMiLCJhZG1pbiI6dHJ1ZSwiaWF0IjoxNzAxNzA1OTcxfQ.qgm9dQkXylZNTrxNRGz_LrWm8viUtP3n9nv6jWhvER0","level":"info","message":"auth send jwt","requestID":"3032d3a8d866ffc6c46816f545414ff1"}
authentication_1 | {"level":"info","message":"GET /auth 200 4ms","method":"GET","requestID":"3032d3a8d866ffc6c46816f545414ff1","responseTime":4,"status":200,"url":"/auth"}
device_1 | {"level":"info","message":"getDevicesByDeviceId called"}
authorization_1 | {"client_addr":"127.0.0.1:54572","level":"info","msg":"Received request.","req_id":346,"req_method":"POST","req_path":"/v1/data/crosslab","subsystem":"opa","time":"2023-12-04T16:06:11Z"}
authorization_1 | {"client_addr":"127.0.0.1:54572","level":"info","msg":"Sent response.","req_id":346,"req_method":"POST","req_path":"/v1/data/crosslab","resp_bytes":447,"resp_duration":1.012369,"resp_status":200,"subsystem":"opa","time":"2023-12-04T16:06:11Z"}
authorization_1 | {"action":"view","level":"info","message":"opa_check","object":"device:http://localhost/devices/50929e1f-0d5e-47da-b367-932781a0cbfd","openfga":{"authorization_model_id":"01HGTRPDRAREZVVDD5Z5RZ7EA5","store":"01HGTRPDQAQB7YS9HP4QN497YP"},"response":{"result":{"allow":true,"enc":"user:fd163d1c-5bd6-4c42-9a73-0de4c25ae933","object":"device:http://localhost/devices/50929e1f-0d5e-47da-b367-932781a0cbfd","object_type":"device","payload":{"admin":true,"iat":1701705971,"sub":"fd163d1c-5bd6-4c42-9a73-0de4c25ae933"},"rebac_allow":true,"scope_allow":true,"scopes":["read","write","connect"],"subject":"user:fd163d1c-5bd6-4c42-9a73-0de4c25ae933","subject_alt":"fd163d1c-5bd6-4c42-9a73-0de4c25ae933"}},"subject":"eyJhbGciOiJIUzI1NiJ9.eyJzdWIiOiJmZDE2M2QxYy01YmQ2LTRjNDItOWE3My0wZGU0YzI1YWU5MzMiLCJhZG1pbiI6dHJ1ZSwiaWF0IjoxNzAxNzA1OTcxfQ.qgm9dQkXylZNTrxNRGz_LrWm8viUtP3n9nv6jWhvER0"}
authorization_1 | {"level":"info","message":"POST /authorize 200 4ms","meta":{"req":{"headers":{"accept":"*/*","accept-encoding":"gzip, deflate","accept-language":"*","connection":"keep-alive","content-length":"279","content-type":"application/json","host":"127.0.0.1:3010","sec-fetch-mode":"cors","user-agent":"node","x-authorization-psk":"TestPSK"},"httpVersion":"1.1","method":"POST","originalUrl":"/authorize","query":{},"url":"/authorize"},"res":{"statusCode":200},"responseTime":4}}
device_1 | {"level":"info","message":"postPeerconnections: registering closed-callback for 'http://localhost/callbacks/experiment'"}
device_1 | {"level":"info","message":"postPeerconnections: registering status-changed-callback for 'http://localhost/callbacks/experiment'"}
device_1 | {"level":"info","message":"Trying to create signaling queues for peerconnection 'http://localhost/peerconnections/97ae5b57-cd6b-49b0-8e6f-1a1993d1bdf7'"}
device_1 | {"level":"info","message":"Successfully created signaling queues for peerconnection 'http://localhost/peerconnections/97ae5b57-cd6b-49b0-8e6f-1a1993d1bdf7'"}
device_1 | {"level":"info","message":"postPeerconnections succeeded"}
device_1 | {"level":"info","message":"POST /peerconnections?closedUrl=http%3A%2F%2Flocalhost%2Fcallbacks%2Fexperiment&statusChangedUrl=http%3A%2F%2Flocalhost%2Fcallbacks%2Fexperiment 201 259ms","method":"POST","requestID":"0b213ac0-92bf-11ee-b645-7f04f10d7150","responseTime":259,"status":201,"url":"/peerconnections?closedUrl=http%3A%2F%2Flocalhost%2Fcallbacks%2Fexperiment&statusChangedUrl=http%3A%2F%2Flocalhost%2Fcallbacks%2Fexperiment"}
device_1 | {"level":"info","message":"getDevicesByDeviceId succeeded"}
gateway_1 | {"time_local":"04/Dec/2023:16:06:12 +0000","remote_addr":"127.0.0.1","remote_user":"","request":"GET /devices/50929e1f-0d5e-47da-b367-932781a0cbfd? HTTP/1.1","status": "200","body_bytes_sent":"791","request_time":"0.130","http_referrer":"","http_user_agent":"node-fetch/1.0 (+https://github.com/bitinn/node-fetch)","requestID":"3032d3a8d866ffc6c46816f545414ff1"}
device_1 | {"level":"info","message":"GET /devices/50929e1f-0d5e-47da-b367-932781a0cbfd? 200 124ms","method":"GET","requestID":"3032d3a8d866ffc6c46816f545414ff1","responseTime":124,"status":200,"url":"/devices/50929e1f-0d5e-47da-b367-932781a0cbfd?"}
device_1 | {"level":"info","message":"deviceAHasVideo: false, deviceBHasVideo: false"}
authentication_1 | {"jwt":"eyJhbGciOiJIUzI1NiJ9.eyJzdWIiOiJmZDE2M2QxYy01YmQ2LTRjNDItOWE3My0wZGU0YzI1YWU5MzMiLCJhZG1pbiI6dHJ1ZSwiaWF0IjoxNzAxNzA1OTcyfQ.ALVLmgGWb5sMUr6dmyJvQoGHecm7k6deIDj-aBIHlkw","level":"info","message":"auth send jwt","requestID":"c6eee155ebcb4d5e7d3c6339cbdd0b91"}
authentication_1 | {"level":"info","message":"GET /auth 200 3ms","method":"GET","requestID":"c6eee155ebcb4d5e7d3c6339cbdd0b91","responseTime":3,"status":200,"url":"/auth"}
device_1 | {"level":"info","message":"getDevicesByDeviceId called"}
authorization_1 | {"client_addr":"127.0.0.1:54572","level":"info","msg":"Received request.","req_id":347,"req_method":"POST","req_path":"/v1/data/crosslab","subsystem":"opa","time":"2023-12-04T16:06:12Z"}
authorization_1 | {"client_addr":"127.0.0.1:54572","level":"info","msg":"Sent response.","req_id":347,"req_method":"POST","req_path":"/v1/data/crosslab","resp_bytes":447,"resp_duration":0.903325,"resp_status":200,"subsystem":"opa","time":"2023-12-04T16:06:12Z"}
authorization_1 | {"action":"view","level":"info","message":"opa_check","object":"device:http://localhost/devices/7d6570ff-b5ac-4f13-8eea-8ed6aaa86383","openfga":{"authorization_model_id":"01HGTRPDRAREZVVDD5Z5RZ7EA5","store":"01HGTRPDQAQB7YS9HP4QN497YP"},"response":{"result":{"allow":true,"enc":"user:fd163d1c-5bd6-4c42-9a73-0de4c25ae933","object":"device:http://localhost/devices/7d6570ff-b5ac-4f13-8eea-8ed6aaa86383","object_type":"device","payload":{"admin":true,"iat":1701705972,"sub":"fd163d1c-5bd6-4c42-9a73-0de4c25ae933"},"rebac_allow":true,"scope_allow":true,"scopes":["read","write","connect"],"subject":"user:fd163d1c-5bd6-4c42-9a73-0de4c25ae933","subject_alt":"fd163d1c-5bd6-4c42-9a73-0de4c25ae933"}},"subject":"eyJhbGciOiJIUzI1NiJ9.eyJzdWIiOiJmZDE2M2QxYy01YmQ2LTRjNDItOWE3My0wZGU0YzI1YWU5MzMiLCJhZG1pbiI6dHJ1ZSwiaWF0IjoxNzAxNzA1OTcyfQ.ALVLmgGWb5sMUr6dmyJvQoGHecm7k6deIDj-aBIHlkw"}
authorization_1 | {"level":"info","message":"POST /authorize 200 5ms","meta":{"req":{"headers":{"accept":"*/*","accept-encoding":"gzip, deflate","accept-language":"*","connection":"keep-alive","content-length":"279","content-type":"application/json","host":"127.0.0.1:3010","sec-fetch-mode":"cors","user-agent":"node","x-authorization-psk":"TestPSK"},"httpVersion":"1.1","method":"POST","originalUrl":"/authorize","query":{},"url":"/authorize"},"res":{"statusCode":200},"responseTime":5}}
device_1 | {"level":"info","message":"getDevicesByDeviceId succeeded"}
gateway_1 | {"time_local":"04/Dec/2023:16:06:12 +0000","remote_addr":"127.0.0.1","remote_user":"","request":"GET /devices/7d6570ff-b5ac-4f13-8eea-8ed6aaa86383? HTTP/1.1","status": "200","body_bytes_sent":"252","request_time":"0.015","http_referrer":"","http_user_agent":"node-fetch/1.0 (+https://github.com/bitinn/node-fetch)","requestID":"c6eee155ebcb4d5e7d3c6339cbdd0b91"}
device_1 | {"level":"info","message":"GET /devices/7d6570ff-b5ac-4f13-8eea-8ed6aaa86383? 200 9ms","method":"GET","requestID":"c6eee155ebcb4d5e7d3c6339cbdd0b91","responseTime":9,"status":200,"url":"/devices/7d6570ff-b5ac-4f13-8eea-8ed6aaa86383?"}
device_1 | {"data":{"peerconnection":"97ae5b57-cd6b-49b0-8e6f-1a1993d1bdf7","statusDeviceA":"new","statusDeviceB":"new"},"level":"info","message":"peerconnection devices status info"}
experiment_1 | {"data":{"experimentUrl":"http://localhost/experiments/0e7f2f9a-8af7-4699-be4f-bd706e1c6072"},"level":"info","message":"Successfully created peerconnections for experiment"}
device_1 | {"level":"info","message":"Sending status-changed-callback for peerconnection 'http://localhost/peerconnections/97ae5b57-cd6b-49b0-8e6f-1a1993d1bdf7' to 'http://localhost/callbacks/experiment'"}
device_1 | {"data":{"peerconnection":"97ae5b57-cd6b-49b0-8e6f-1a1993d1bdf7","statusDeviceA":"connecting","statusDeviceB":"new"},"level":"info","message":"peerconnection devices status info"}
authentication_1 | {"level":"info","message":"auth error No token found","requestID":"a1abf7bc59d2ab29df4b87345b9c2bc4","stack":"Error: No token found\n at file:///usr/local/lib/node_modules/@crosslab/service-auth/app/auth/index.js:34:19\n at file:///usr/local/lib/node_modules/@crosslab/service-auth/app/generated/validation.js:39:26\n at Layer.handle [as handle_request] (/usr/local/lib/node_modules/@crosslab/service-auth/node_modules/express/lib/router/layer.js:95:5)\n at next (/usr/local/lib/node_modules/@crosslab/service-auth/node_modules/express/lib/router/route.js:144:13)\n at Route.dispatch (/usr/local/lib/node_modules/@crosslab/service-auth/node_modules/express/lib/router/route.js:114:3)\n at Layer.handle [as handle_request] (/usr/local/lib/node_modules/@crosslab/service-auth/node_modules/express/lib/router/layer.js:95:5)\n at /usr/local/lib/node_modules/@crosslab/service-auth/node_modules/express/lib/router/index.js:284:15\n at Function.process_params (/usr/local/lib/node_modules/@crosslab/service-auth/node_modules/express/lib/router/index.js:346:12)\n at next (/usr/local/lib/node_modules/@crosslab/service-auth/node_modules/express/lib/router/index.js:280:10)\n at Function.handle (/usr/local/lib/node_modules/@crosslab/service-auth/node_modules/express/lib/router/index.js:175:3)"}
authentication_1 | {"level":"info","message":"GET /auth 200 2ms","method":"GET","requestID":"a1abf7bc59d2ab29df4b87345b9c2bc4","responseTime":2,"status":200,"url":"/auth"}
experiment_1 | {"data":{"callback":{"callbackType":"event","eventType":"peerconnection-status-changed","peerconnection":{"devices":[{"config":{"services":[{"interfaces":[{"busId":"gpio1","direction":"out","interfaceId":1,"interfaceType":"gpio","signals":{"gpio":"gpio1"}},{"busId":"gpio2","direction":"out","interfaceId":2,"interfaceType":"gpio","signals":{"gpio":"gpio2"}}],"remoteServiceId":"electrical","serviceId":"electrical","serviceType":"http://api.goldi-labs.de/serviceTypes/electrical"}]},"status":"connecting","url":"http://localhost/devices/50929e1f-0d5e-47da-b367-932781a0cbfd"},{"config":{"services":[{"interfaces":[{"busId":"gpio1","direction":"in","interfaceId":1,"interfaceType":"gpio","signals":{"gpio":"gpio1"}},{"busId":"gpio2","direction":"in","interfaceId":2,"interfaceType":"gpio","signals":{"gpio":"gpio2"}}],"remoteServiceId":"electrical","serviceId":"electrical","serviceType":"http://api.goldi-labs.de/serviceTypes/electrical"}]},"status":"new","url":"http://localhost/devices/7d6570ff-b5ac-4f13-8eea-8ed6aaa86383"}],"status":"connecting","type":"webrtc","url":"http://localhost/peerconnections/97ae5b57-cd6b-49b0-8e6f-1a1993d1bdf7"}}},"level":"info","message":"received a callback"}
experiment_1 | {"level":"info","message":"POST /callbacks/experiment 200 5ms","method":"POST","requestID":"a1abf7bc59d2ab29df4b87345b9c2bc4","responseTime":5,"status":200,"url":"/callbacks/experiment"}
gateway_1 | {"time_local":"04/Dec/2023:16:06:13 +0000","remote_addr":"127.0.0.1","remote_user":"","request":"POST /callbacks/experiment HTTP/1.1","status": "200","body_bytes_sent":"5","request_time":"0.009","http_referrer":"","http_user_agent":"node-fetch","requestID":"a1abf7bc59d2ab29df4b87345b9c2bc4"}
authentication_1 | {"jwt":"eyJhbGciOiJIUzI1NiJ9.eyJzdWIiOiJmZDE2M2QxYy01YmQ2LTRjNDItOWE3My0wZGU0YzI1YWU5MzMiLCJhZG1pbiI6dHJ1ZSwiaWF0IjoxNzAxNzA1OTczfQ.jOhkALah_HoFE6nc37nyCqO6Bw5URgAcnZ5mztytafg","level":"info","message":"auth send jwt","requestID":"d71ca7d19324b8747e5f34ecd99d71e1"}
authentication_1 | {"level":"info","message":"GET /auth 200 3ms","method":"GET","requestID":"d71ca7d19324b8747e5f34ecd99d71e1","responseTime":3,"status":200,"url":"/auth"}
experiment_1 | {"level":"info","message":"Handling DELETE request on endpoint /experiments/0e7f2f9a-8af7-4699-be4f-bd706e1c6072"}
authorization_1 | {"client_addr":"127.0.0.1:54572","level":"info","msg":"Received request.","req_id":348,"req_method":"POST","req_path":"/v1/data/crosslab","subsystem":"opa","time":"2023-12-04T16:06:13Z"}
authorization_1 | {"client_addr":"127.0.0.1:54572","level":"info","msg":"Sent response.","req_id":348,"req_method":"POST","req_path":"/v1/data/crosslab","resp_bytes":459,"resp_duration":0.61998,"resp_status":200,"subsystem":"opa","time":"2023-12-04T16:06:13Z"}
authorization_1 | {"action":"delete","level":"info","message":"opa_check","object":"experiment:http://localhost/experiments/0e7f2f9a-8af7-4699-be4f-bd706e1c6072","openfga":{"authorization_model_id":"01HGTRPDRAREZVVDD5Z5RZ7EA5","store":"01HGTRPDQAQB7YS9HP4QN497YP"},"response":{"result":{"allow":true,"enc":"user:fd163d1c-5bd6-4c42-9a73-0de4c25ae933","object":"experiment:http://localhost/experiments/0e7f2f9a-8af7-4699-be4f-bd706e1c6072","object_type":"experiment","payload":{"admin":true,"iat":1701705973,"sub":"fd163d1c-5bd6-4c42-9a73-0de4c25ae933"},"rebac_allow":true,"scope_allow":true,"scopes":["read","write","connect"],"subject":"user:fd163d1c-5bd6-4c42-9a73-0de4c25ae933","subject_alt":"fd163d1c-5bd6-4c42-9a73-0de4c25ae933"}},"subject":"eyJhbGciOiJIUzI1NiJ9.eyJzdWIiOiJmZDE2M2QxYy01YmQ2LTRjNDItOWE3My0wZGU0YzI1YWU5MzMiLCJhZG1pbiI6dHJ1ZSwiaWF0IjoxNzAxNzA1OTczfQ.jOhkALah_HoFE6nc37nyCqO6Bw5URgAcnZ5mztytafg"}
authorization_1 | {"level":"info","message":"POST /authorize 200 3ms","meta":{"req":{"headers":{"accept":"*/*","accept-encoding":"gzip, deflate","accept-language":"*","connection":"keep-alive","content-length":"289","content-type":"application/json","host":"127.0.0.1:3010","sec-fetch-mode":"cors","user-agent":"node","x-authorization-psk":"TestPSK"},"httpVersion":"1.1","method":"POST","originalUrl":"/authorize","query":{},"url":"/authorize"},"res":{"statusCode":200},"responseTime":3}}
experiment_1 | {"data":{"experimentUrl":"http://localhost/experiments/0e7f2f9a-8af7-4699-be4f-bd706e1c6072"},"level":"info","message":"Attempting to finish experiment"}
device_1 | {"level":"info","message":"deletePeerconnectionsByPeerconnectionId called"}
authorization_1 | {"client_addr":"127.0.0.1:54572","level":"info","msg":"Received request.","req_id":349,"req_method":"POST","req_path":"/v1/data/crosslab","subsystem":"opa","time":"2023-12-04T16:06:13Z"}
authorization_1 | {"client_addr":"127.0.0.1:54572","level":"info","msg":"Sent response.","req_id":349,"req_method":"POST","req_path":"/v1/data/crosslab","resp_bytes":471,"resp_duration":0.675709,"resp_status":200,"subsystem":"opa","time":"2023-12-04T16:06:13Z"}
authorization_1 | {"action":"delete","level":"info","message":"opa_check","object":"peerconnection:http://localhost/peerconnections/97ae5b57-cd6b-49b0-8e6f-1a1993d1bdf7","openfga":{"authorization_model_id":"01HGTRPDRAREZVVDD5Z5RZ7EA5","store":"01HGTRPDQAQB7YS9HP4QN497YP"},"response":{"result":{"allow":true,"enc":"user:fd163d1c-5bd6-4c42-9a73-0de4c25ae933","object":"peerconnection:http://localhost/peerconnections/97ae5b57-cd6b-49b0-8e6f-1a1993d1bdf7","object_type":"peerconnection","payload":{"admin":true,"iat":1701705973,"sub":"fd163d1c-5bd6-4c42-9a73-0de4c25ae933"},"rebac_allow":true,"scope_allow":true,"scopes":["read","write","connect"],"subject":"user:fd163d1c-5bd6-4c42-9a73-0de4c25ae933","subject_alt":"fd163d1c-5bd6-4c42-9a73-0de4c25ae933"}},"subject":"eyJhbGciOiJIUzI1NiJ9.eyJzdWIiOiJmZDE2M2QxYy01YmQ2LTRjNDItOWE3My0wZGU0YzI1YWU5MzMiLCJhZG1pbiI6dHJ1ZSwiaWF0IjoxNzAxNzA1OTczfQ.jOhkALah_HoFE6nc37nyCqO6Bw5URgAcnZ5mztytafg"}
authorization_1 | {"level":"info","message":"POST /authorize 200 3ms","meta":{"req":{"headers":{"accept":"*/*","accept-encoding":"gzip, deflate","accept-language":"*","connection":"keep-alive","content-length":"297","content-type":"application/json","host":"127.0.0.1:3010","sec-fetch-mode":"cors","user-agent":"node","x-authorization-psk":"TestPSK"},"httpVersion":"1.1","method":"POST","originalUrl":"/authorize","query":{},"url":"/authorize"},"res":{"statusCode":200},"responseTime":3}}
device_1 | {"data":{"peerconnection":"97ae5b57-cd6b-49b0-8e6f-1a1993d1bdf7","statusDeviceA":"connecting","statusDeviceB":"connecting"},"level":"info","message":"peerconnection devices status info"}
