authorization_1 | {"action":"edit","level":"info","message":"opa_check","object":"device:http://localhost/devices/bb03ccd9-527f-4f7f-83df-37b6e36b0d1a","openfga":{"authorization_model_id":"01HGTRPDRAREZVVDD5Z5RZ7EA5","store":"01HGTRPDQAQB7YS9HP4QN497YP"},"response":{"result":{"allow":true,"enc":"user:fd163d1c-5bd6-4c42-9a73-0de4c25ae933","object":"device:http://localhost/devices/bb03ccd9-527f-4f7f-83df-37b6e36b0d1a","object_type":"device","payload":{"admin":true,"iat":1701705882,"sub":"fd163d1c-5bd6-4c42-9a73-0de4c25ae933"},"rebac_allow":true,"scope_allow":true,"scopes":["read","write","connect"],"subject":"user:fd163d1c-5bd6-4c42-9a73-0de4c25ae933","subject_alt":"fd163d1c-5bd6-4c42-9a73-0de4c25ae933"}},"subject":"eyJhbGciOiJIUzI1NiJ9.eyJzdWIiOiJmZDE2M2QxYy01YmQ2LTRjNDItOWE3My0wZGU0YzI1YWU5MzMiLCJhZG1pbiI6dHJ1ZSwiaWF0IjoxNzAxNzA1ODgyfQ.x38PzTLaSPL1Ab_0oR-FPi_5WBuq_6NB4Ag-fXXpFD8"}
authorization_1 | {"level":"info","message":"POST /authorize 200 5ms","meta":{"req":{"headers":{"accept":"*/*","accept-encoding":"gzip, deflate","accept-language":"*","connection":"keep-alive","content-length":"279","content-type":"application/json","host":"127.0.0.1:3010","sec-fetch-mode":"cors","user-agent":"node","x-authorization-psk":"TestPSK"},"httpVersion":"1.1","method":"POST","originalUrl":"/authorize","query":{},"url":"/authorize"},"res":{"statusCode":200},"responseTime":5}}
device_1 | {"level":"info","message":"postDevicesByDeviceIdWebsocket succeeded"}
gateway_1 | {"time_local":"04/Dec/2023:16:04:42 +0000","remote_addr":"127.0.0.1","remote_user":"","request":"POST /devices/d5e50482-cd52-4404-857b-edff30e0c613/websocket HTTP/1.1","status": "200","body_bytes_sent":"36","request_time":"0.276","http_referrer":"","http_user_agent":"Python/3.10 aiohttp/3.9.1","requestID":"57c2fdf09bcc3e12885c5412fdca80ee"}
device_1 | {"level":"info","message":"POST /devices/d5e50482-cd52-4404-857b-edff30e0c613/websocket 200 269ms","method":"POST","requestID":"57c2fdf09bcc3e12885c5412fdca80ee","responseTime":269,"status":200,"url":"/devices/d5e50482-cd52-4404-857b-edff30e0c613/websocket"}
device_1 | {"level":"info","message":"postDevicesByDeviceIdWebsocket succeeded"}
gateway_1 | {"time_local":"04/Dec/2023:16:04:42 +0000","remote_addr":"127.0.0.1","remote_user":"","request":"POST /devices/bb03ccd9-527f-4f7f-83df-37b6e36b0d1a/websocket HTTP/1.1","status": "200","body_bytes_sent":"36","request_time":"0.250","http_referrer":"","http_user_agent":"Python/3.10 aiohttp/3.9.1","requestID":"137f572ddc3960beadbbc346da213ab5"}
device_1 | {"level":"info","message":"POST /devices/bb03ccd9-527f-4f7f-83df-37b6e36b0d1a/websocket 200 242ms","method":"POST","requestID":"137f572ddc3960beadbbc346da213ab5","responseTime":242,"status":200,"url":"/devices/bb03ccd9-527f-4f7f-83df-37b6e36b0d1a/websocket"}
device_1 | {"level":"info","message":"device 'http://localhost/devices/d5e50482-cd52-4404-857b-edff30e0c613' connected"}
device_1 | {"level":"info","message":"device 'http://localhost/devices/bb03ccd9-527f-4f7f-83df-37b6e36b0d1a' connected"}
authentication_1 | {"jwt":"eyJhbGciOiJIUzI1NiJ9.eyJzdWIiOiJmZDE2M2QxYy01YmQ2LTRjNDItOWE3My0wZGU0YzI1YWU5MzMiLCJhZG1pbiI6dHJ1ZSwiaWF0IjoxNzAxNzA1ODgyfQ.x38PzTLaSPL1Ab_0oR-FPi_5WBuq_6NB4Ag-fXXpFD8","level":"info","message":"auth send jwt","requestID":"4f17fbb470c26272bc03c3a3ab40b119"}
authentication_1 | {"level":"info","message":"GET /auth 200 4ms","method":"GET","requestID":"4f17fbb470c26272bc03c3a3ab40b119","responseTime":4,"status":200,"url":"/auth"}
device_1 | {"level":"info","message":"getDevicesByDeviceId called"}
authorization_1 | {"client_addr":"127.0.0.1:54572","level":"info","msg":"Received request.","req_id":60,"req_method":"POST","req_path":"/v1/data/crosslab","subsystem":"opa","time":"2023-12-04T16:04:42Z"}
authorization_1 | {"client_addr":"127.0.0.1:54572","level":"info","msg":"Sent response.","req_id":60,"req_method":"POST","req_path":"/v1/data/crosslab","resp_bytes":447,"resp_duration":2.43526,"resp_status":200,"subsystem":"opa","time":"2023-12-04T16:04:42Z"}
authorization_1 | {"action":"view","level":"info","message":"opa_check","object":"device:http://localhost/devices/d5e50482-cd52-4404-857b-edff30e0c613","openfga":{"authorization_model_id":"01HGTRPDRAREZVVDD5Z5RZ7EA5","store":"01HGTRPDQAQB7YS9HP4QN497YP"},"response":{"result":{"allow":true,"enc":"user:fd163d1c-5bd6-4c42-9a73-0de4c25ae933","object":"device:http://localhost/devices/d5e50482-cd52-4404-857b-edff30e0c613","object_type":"device","payload":{"admin":true,"iat":1701705882,"sub":"fd163d1c-5bd6-4c42-9a73-0de4c25ae933"},"rebac_allow":true,"scope_allow":true,"scopes":["read","write","connect"],"subject":"user:fd163d1c-5bd6-4c42-9a73-0de4c25ae933","subject_alt":"fd163d1c-5bd6-4c42-9a73-0de4c25ae933"}},"subject":"eyJhbGciOiJIUzI1NiJ9.eyJzdWIiOiJmZDE2M2QxYy01YmQ2LTRjNDItOWE3My0wZGU0YzI1YWU5MzMiLCJhZG1pbiI6dHJ1ZSwiaWF0IjoxNzAxNzA1ODgyfQ.x38PzTLaSPL1Ab_0oR-FPi_5WBuq_6NB4Ag-fXXpFD8"}
authorization_1 | {"level":"info","message":"POST /authorize 200 7ms","meta":{"req":{"headers":{"accept":"*/*","accept-encoding":"gzip, deflate","accept-language":"*","connection":"keep-alive","content-length":"279","content-type":"application/json","host":"127.0.0.1:3010","sec-fetch-mode":"cors","user-agent":"node","x-authorization-psk":"TestPSK"},"httpVersion":"1.1","method":"POST","originalUrl":"/authorize","query":{},"url":"/authorize"},"res":{"statusCode":200},"responseTime":7}}
device_1 | {"level":"info","message":"getDevicesByDeviceId succeeded"}
gateway_1 | {"time_local":"04/Dec/2023:16:04:42 +0000","remote_addr":"127.0.0.1","remote_user":"","request":"GET /devices/d5e50482-cd52-4404-857b-edff30e0c613? HTTP/1.1","status": "200","body_bytes_sent":"791","request_time":"0.021","http_referrer":"","http_user_agent":"node-fetch/1.0 (+https://github.com/bitinn/node-fetch)","requestID":"4f17fbb470c26272bc03c3a3ab40b119"}
device_1 | {"level":"info","message":"GET /devices/d5e50482-cd52-4404-857b-edff30e0c613? 200 15ms","method":"GET","requestID":"4f17fbb470c26272bc03c3a3ab40b119","responseTime":15,"status":200,"url":"/devices/d5e50482-cd52-4404-857b-edff30e0c613?"}
authentication_1 | {"jwt":"eyJhbGciOiJIUzI1NiJ9.eyJzdWIiOiJmZDE2M2QxYy01YmQ2LTRjNDItOWE3My0wZGU0YzI1YWU5MzMiLCJhZG1pbiI6dHJ1ZSwiaWF0IjoxNzAxNzA1ODgyfQ.x38PzTLaSPL1Ab_0oR-FPi_5WBuq_6NB4Ag-fXXpFD8","level":"info","message":"auth send jwt","requestID":"b0db1f52d3ec57e0a0e890dd4b95bd9d"}
authentication_1 | {"level":"info","message":"GET /auth 200 4ms","method":"GET","requestID":"b0db1f52d3ec57e0a0e890dd4b95bd9d","responseTime":4,"status":200,"url":"/auth"}
device_1 | {"level":"info","message":"getDevicesByDeviceId called"}
authorization_1 | {"client_addr":"127.0.0.1:54572","level":"info","msg":"Received request.","req_id":61,"req_method":"POST","req_path":"/v1/data/crosslab","subsystem":"opa","time":"2023-12-04T16:04:42Z"}
authorization_1 | {"client_addr":"127.0.0.1:54572","level":"info","msg":"Sent response.","req_id":61,"req_method":"POST","req_path":"/v1/data/crosslab","resp_bytes":447,"resp_duration":1.238455,"resp_status":200,"subsystem":"opa","time":"2023-12-04T16:04:42Z"}
authorization_1 | {"action":"view","level":"info","message":"opa_check","object":"device:http://localhost/devices/bb03ccd9-527f-4f7f-83df-37b6e36b0d1a","openfga":{"authorization_model_id":"01HGTRPDRAREZVVDD5Z5RZ7EA5","store":"01HGTRPDQAQB7YS9HP4QN497YP"},"response":{"result":{"allow":true,"enc":"user:fd163d1c-5bd6-4c42-9a73-0de4c25ae933","object":"device:http://localhost/devices/bb03ccd9-527f-4f7f-83df-37b6e36b0d1a","object_type":"device","payload":{"admin":true,"iat":1701705882,"sub":"fd163d1c-5bd6-4c42-9a73-0de4c25ae933"},"rebac_allow":true,"scope_allow":true,"scopes":["read","write","connect"],"subject":"user:fd163d1c-5bd6-4c42-9a73-0de4c25ae933","subject_alt":"fd163d1c-5bd6-4c42-9a73-0de4c25ae933"}},"subject":"eyJhbGciOiJIUzI1NiJ9.eyJzdWIiOiJmZDE2M2QxYy01YmQ2LTRjNDItOWE3My0wZGU0YzI1YWU5MzMiLCJhZG1pbiI6dHJ1ZSwiaWF0IjoxNzAxNzA1ODgyfQ.x38PzTLaSPL1Ab_0oR-FPi_5WBuq_6NB4Ag-fXXpFD8"}
authorization_1 | {"level":"info","message":"POST /authorize 200 5ms","meta":{"req":{"headers":{"accept":"*/*","accept-encoding":"gzip, deflate","accept-language":"*","connection":"keep-alive","content-length":"279","content-type":"application/json","host":"127.0.0.1:3010","sec-fetch-mode":"cors","user-agent":"node","x-authorization-psk":"TestPSK"},"httpVersion":"1.1","method":"POST","originalUrl":"/authorize","query":{},"url":"/authorize"},"res":{"statusCode":200},"responseTime":5}}
device_1 | {"level":"info","message":"getDevicesByDeviceId succeeded"}
gateway_1 | {"time_local":"04/Dec/2023:16:04:42 +0000","remote_addr":"127.0.0.1","remote_user":"","request":"GET /devices/bb03ccd9-527f-4f7f-83df-37b6e36b0d1a? HTTP/1.1","status": "200","body_bytes_sent":"791","request_time":"0.020","http_referrer":"","http_user_agent":"node-fetch/1.0 (+https://github.com/bitinn/node-fetch)","requestID":"b0db1f52d3ec57e0a0e890dd4b95bd9d"}
device_1 | {"level":"info","message":"GET /devices/bb03ccd9-527f-4f7f-83df-37b6e36b0d1a? 200 15ms","method":"GET","requestID":"b0db1f52d3ec57e0a0e890dd4b95bd9d","responseTime":15,"status":200,"url":"/devices/bb03ccd9-527f-4f7f-83df-37b6e36b0d1a?"}
authentication_1 | {"jwt":"eyJhbGciOiJIUzI1NiJ9.eyJzdWIiOiJmZDE2M2QxYy01YmQ2LTRjNDItOWE3My0wZGU0YzI1YWU5MzMiLCJhZG1pbiI6dHJ1ZSwiaWF0IjoxNzAxNzA1ODgyfQ.x38PzTLaSPL1Ab_0oR-FPi_5WBuq_6NB4Ag-fXXpFD8","level":"info","message":"auth send jwt","requestID":"2893a121fc229947cd9af60398c6f108"}
authentication_1 | {"level":"info","message":"GET /auth 200 5ms","method":"GET","requestID":"2893a121fc229947cd9af60398c6f108","responseTime":5,"status":200,"url":"/auth"}
experiment_1 | {"level":"info","message":"Handling POST request on endpoint /experiments"}
authorization_1 | {"client_addr":"127.0.0.1:54572","level":"info","msg":"Received request.","req_id":62,"req_method":"POST","req_path":"/v1/data/crosslab","subsystem":"opa","time":"2023-12-04T16:04:42Z"}
authorization_1 | {"client_addr":"127.0.0.1:54572","level":"info","msg":"Sent response.","req_id":62,"req_method":"POST","req_path":"/v1/data/crosslab","resp_bytes":404,"resp_duration":1.078402,"resp_status":200,"subsystem":"opa","time":"2023-12-04T16:04:42Z"}
authorization_1 | {"action":"create","level":"info","message":"opa_check","object":"experiment:~~~TYPE~~~","openfga":{"authorization_model_id":"01HGTRPDRAREZVVDD5Z5RZ7EA5","store":"01HGTRPDQAQB7YS9HP4QN497YP"},"response":{"result":{"allow":true,"enc":"user:fd163d1c-5bd6-4c42-9a73-0de4c25ae933","object":"experiment:~~~TYPE~~~","object_type":"experiment","payload":{"admin":true,"iat":1701705882,"sub":"fd163d1c-5bd6-4c42-9a73-0de4c25ae933"},"rebac_allow":true,"scope_allow":true,"scopes":["read","write","connect"],"subject":"user:fd163d1c-5bd6-4c42-9a73-0de4c25ae933","subject_alt":"fd163d1c-5bd6-4c42-9a73-0de4c25ae933"}},"subject":"eyJhbGciOiJIUzI1NiJ9.eyJzdWIiOiJmZDE2M2QxYy01YmQ2LTRjNDItOWE3My0wZGU0YzI1YWU5MzMiLCJhZG1pbiI6dHJ1ZSwiaWF0IjoxNzAxNzA1ODgyfQ.x38PzTLaSPL1Ab_0oR-FPi_5WBuq_6NB4Ag-fXXpFD8"}
authorization_1 | {"level":"info","message":"POST /authorize 200 5ms","meta":{"req":{"headers":{"accept":"*/*","accept-encoding":"gzip, deflate","accept-language":"*","connection":"keep-alive","content-length":"223","content-type":"application/json","host":"127.0.0.1:3010","sec-fetch-mode":"cors","user-agent":"node","x-authorization-psk":"TestPSK"},"httpVersion":"1.1","method":"POST","originalUrl":"/authorize","query":{},"url":"/authorize"},"res":{"statusCode":200},"responseTime":5}}
experiment_1 | {"data":{"experimentUrl":"http://localhost/experiments/b18f2bfb-90be-45d6-b421-90c6eff91255"},"level":"info","message":"Attempting to run experiment"}
experiment_1 | {"data":{"experimentUrl":"http://localhost/experiments/b18f2bfb-90be-45d6-b421-90c6eff91255"},"level":"info","message":"Attempting to book experiment"}
experiment_1 | {"data":{"experimentUrl":"http://localhost/experiments/b18f2bfb-90be-45d6-b421-90c6eff91255"},"level":"info","message":"Successfully booked experiment"}
device_1 | {"level":"info","message":"getDevicesByDeviceId called"}
authorization_1 | {"client_addr":"127.0.0.1:54572","level":"info","msg":"Received request.","req_id":63,"req_method":"POST","req_path":"/v1/data/crosslab","subsystem":"opa","time":"2023-12-04T16:04:42Z"}
device_1 | {"level":"info","message":"getDevicesByDeviceId called"}
authorization_1 | {"client_addr":"127.0.0.1:54572","level":"info","msg":"Sent response.","req_id":63,"req_method":"POST","req_path":"/v1/data/crosslab","resp_bytes":447,"resp_duration":1.32866,"resp_status":200,"subsystem":"opa","time":"2023-12-04T16:04:42Z"}
authorization_1 | {"action":"view","level":"info","message":"opa_check","object":"device:http://localhost/devices/d5e50482-cd52-4404-857b-edff30e0c613","openfga":{"authorization_model_id":"01HGTRPDRAREZVVDD5Z5RZ7EA5","store":"01HGTRPDQAQB7YS9HP4QN497YP"},"response":{"result":{"allow":true,"enc":"user:fd163d1c-5bd6-4c42-9a73-0de4c25ae933","object":"device:http://localhost/devices/d5e50482-cd52-4404-857b-edff30e0c613","object_type":"device","payload":{"admin":true,"iat":1701705882,"sub":"fd163d1c-5bd6-4c42-9a73-0de4c25ae933"},"rebac_allow":true,"scope_allow":true,"scopes":["read","write","connect"],"subject":"user:fd163d1c-5bd6-4c42-9a73-0de4c25ae933","subject_alt":"fd163d1c-5bd6-4c42-9a73-0de4c25ae933"}},"subject":"eyJhbGciOiJIUzI1NiJ9.eyJzdWIiOiJmZDE2M2QxYy01YmQ2LTRjNDItOWE3My0wZGU0YzI1YWU5MzMiLCJhZG1pbiI6dHJ1ZSwiaWF0IjoxNzAxNzA1ODgyfQ.x38PzTLaSPL1Ab_0oR-FPi_5WBuq_6NB4Ag-fXXpFD8"}
authorization_1 | {"level":"info","message":"POST /authorize 200 6ms","meta":{"req":{"headers":{"accept":"*/*","accept-encoding":"gzip, deflate","accept-language":"*","connection":"keep-alive","content-length":"279","content-type":"application/json","host":"127.0.0.1:3010","sec-fetch-mode":"cors","user-agent":"node","x-authorization-psk":"TestPSK"},"httpVersion":"1.1","method":"POST","originalUrl":"/authorize","query":{},"url":"/authorize"},"res":{"statusCode":200},"responseTime":6}}
authorization_1 | {"client_addr":"127.0.0.1:54572","level":"info","msg":"Received request.","req_id":64,"req_method":"POST","req_path":"/v1/data/crosslab","subsystem":"opa","time":"2023-12-04T16:04:42Z"}
authorization_1 | {"client_addr":"127.0.0.1:54572","level":"info","msg":"Sent response.","req_id":64,"req_method":"POST","req_path":"/v1/data/crosslab","resp_bytes":447,"resp_duration":0.686871,"resp_status":200,"subsystem":"opa","time":"2023-12-04T16:04:42Z"}
device_1 | {"level":"info","message":"getDevicesByDeviceId succeeded"}
authorization_1 | {"action":"view","level":"info","message":"opa_check","object":"device:http://localhost/devices/bb03ccd9-527f-4f7f-83df-37b6e36b0d1a","openfga":{"authorization_model_id":"01HGTRPDRAREZVVDD5Z5RZ7EA5","store":"01HGTRPDQAQB7YS9HP4QN497YP"},"response":{"result":{"allow":true,"enc":"user:fd163d1c-5bd6-4c42-9a73-0de4c25ae933","object":"device:http://localhost/devices/bb03ccd9-527f-4f7f-83df-37b6e36b0d1a","object_type":"device","payload":{"admin":true,"iat":1701705882,"sub":"fd163d1c-5bd6-4c42-9a73-0de4c25ae933"},"rebac_allow":true,"scope_allow":true,"scopes":["read","write","connect"],"subject":"user:fd163d1c-5bd6-4c42-9a73-0de4c25ae933","subject_alt":"fd163d1c-5bd6-4c42-9a73-0de4c25ae933"}},"subject":"eyJhbGciOiJIUzI1NiJ9.eyJzdWIiOiJmZDE2M2QxYy01YmQ2LTRjNDItOWE3My0wZGU0YzI1YWU5MzMiLCJhZG1pbiI6dHJ1ZSwiaWF0IjoxNzAxNzA1ODgyfQ.x38PzTLaSPL1Ab_0oR-FPi_5WBuq_6NB4Ag-fXXpFD8"}
device_1 | {"level":"info","message":"GET /devices/d5e50482-cd52-4404-857b-edff30e0c613? 200 14ms","method":"GET","requestID":"d626c290-92be-11ee-b645-7f04f10d7150","responseTime":14,"status":200,"url":"/devices/d5e50482-cd52-4404-857b-edff30e0c613?"}
authorization_1 | {"level":"info","message":"POST /authorize 200 3ms","meta":{"req":{"headers":{"accept":"*/*","accept-encoding":"gzip, deflate","accept-language":"*","connection":"keep-alive","content-length":"279","content-type":"application/json","host":"127.0.0.1:3010","sec-fetch-mode":"cors","user-agent":"node","x-authorization-psk":"TestPSK"},"httpVersion":"1.1","method":"POST","originalUrl":"/authorize","query":{},"url":"/authorize"},"res":{"statusCode":200},"responseTime":3}}
device_1 | {"level":"info","message":"getDevicesByDeviceId succeeded"}
device_1 | {"level":"info","message":"GET /devices/bb03ccd9-527f-4f7f-83df-37b6e36b0d1a? 200 12ms","method":"GET","requestID":"d62785e0-92be-11ee-b645-7f04f10d7150","responseTime":12,"status":200,"url":"/devices/bb03ccd9-527f-4f7f-83df-37b6e36b0d1a?"}
experiment_1 | {"data":{"experimentUrl":"http://localhost/experiments/b18f2bfb-90be-45d6-b421-90c6eff91255"},"level":"info","message":"Setting up experiment"}
experiment_1 | {"data":{"experimentUrl":"http://localhost/experiments/b18f2bfb-90be-45d6-b421-90c6eff91255"},"level":"info","message":"Attempting to lock booking for experiment"}
experiment_1 | {"data":{"experimentUrl":"http://localhost/experiments/b18f2bfb-90be-45d6-b421-90c6eff91255"},"level":"info","message":"Successfully locked booking for experiment"}
experiment_1 | {"data":{"experimentUrl":"http://localhost/experiments/b18f2bfb-90be-45d6-b421-90c6eff91255"},"level":"info","message":"Attempting to instantiate devices for experiment"}
experiment_1 | {"data":{"experimentUrl":"http://localhost/experiments/b18f2bfb-90be-45d6-b421-90c6eff91255"},"level":"info","message":"Successfully instantiated devices for experiment"}
experiment_1 | {"data":{"experimentUrl":"http://localhost/experiments/b18f2bfb-90be-45d6-b421-90c6eff91255"},"level":"info","message":"Attempting to update booking for experiment"}
experiment_1 | {"data":{"experimentUrl":"http://localhost/experiments/b18f2bfb-90be-45d6-b421-90c6eff91255"},"level":"info","message":"Successfully updated booking for experiment"}
experiment_1 | {"data":{"experimentUrl":"http://localhost/experiments/b18f2bfb-90be-45d6-b421-90c6eff91255"},"level":"info","message":"Successfully set up experiment"}
device_1 | {"level":"info","message":"getDevicesByDeviceId called"}
device_1 | {"level":"info","message":"getDevicesByDeviceId called"}
experiment_1 | {"data":{"experimentUrl":"http://localhost/experiments/b18f2bfb-90be-45d6-b421-90c6eff91255"},"level":"info","message":"Successfully running experiment"}
authorization_1 | {"client_addr":"127.0.0.1:54572","level":"info","msg":"Received request.","req_id":65,"req_method":"POST","req_path":"/v1/data/crosslab","subsystem":"opa","time":"2023-12-04T16:04:43Z"}
authorization_1 | {"client_addr":"127.0.0.1:54572","level":"info","msg":"Sent response.","req_id":65,"req_method":"POST","req_path":"/v1/data/crosslab","resp_bytes":447,"resp_duration":1.770699,"resp_status":200,"subsystem":"opa","time":"2023-12-04T16:04:43Z"}
authorization_1 | {"action":"view","level":"info","message":"opa_check","object":"device:http://localhost/devices/d5e50482-cd52-4404-857b-edff30e0c613","openfga":{"authorization_model_id":"01HGTRPDRAREZVVDD5Z5RZ7EA5","store":"01HGTRPDQAQB7YS9HP4QN497YP"},"response":{"result":{"allow":true,"enc":"user:fd163d1c-5bd6-4c42-9a73-0de4c25ae933","object":"device:http://localhost/devices/d5e50482-cd52-4404-857b-edff30e0c613","object_type":"device","payload":{"admin":true,"iat":1701705882,"sub":"fd163d1c-5bd6-4c42-9a73-0de4c25ae933"},"rebac_allow":true,"scope_allow":true,"scopes":["read","write","connect"],"subject":"user:fd163d1c-5bd6-4c42-9a73-0de4c25ae933","subject_alt":"fd163d1c-5bd6-4c42-9a73-0de4c25ae933"}},"subject":"eyJhbGciOiJIUzI1NiJ9.eyJzdWIiOiJmZDE2M2QxYy01YmQ2LTRjNDItOWE3My0wZGU0YzI1YWU5MzMiLCJhZG1pbiI6dHJ1ZSwiaWF0IjoxNzAxNzA1ODgyfQ.x38PzTLaSPL1Ab_0oR-FPi_5WBuq_6NB4Ag-fXXpFD8"}
authorization_1 | {"level":"info","message":"POST /authorize 200 6ms","meta":{"req":{"headers":{"accept":"*/*","accept-encoding":"gzip, deflate","accept-language":"*","connection":"keep-alive","content-length":"279","content-type":"application/json","host":"127.0.0.1:3010","sec-fetch-mode":"cors","user-agent":"node","x-authorization-psk":"TestPSK"},"httpVersion":"1.1","method":"POST","originalUrl":"/authorize","query":{},"url":"/authorize"},"res":{"statusCode":200},"responseTime":6}}
authorization_1 | {"client_addr":"127.0.0.1:56662","level":"info","msg":"Received request.","req_id":66,"req_method":"POST","req_path":"/v1/data/crosslab","subsystem":"opa","time":"2023-12-04T16:04:43Z"}
device_1 | {"level":"info","message":"getDevicesByDeviceId succeeded"}
authorization_1 | {"client_addr":"127.0.0.1:56662","level":"info","msg":"Sent response.","req_id":66,"req_method":"POST","req_path":"/v1/data/crosslab","resp_bytes":447,"resp_duration":0.935049,"resp_status":200,"subsystem":"opa","time":"2023-12-04T16:04:43Z"}
device_1 | {"level":"info","message":"GET /devices/d5e50482-cd52-4404-857b-edff30e0c613? 200 13ms","method":"GET","requestID":"d6685f70-92be-11ee-b645-7f04f10d7150","responseTime":13,"status":200,"url":"/devices/d5e50482-cd52-4404-857b-edff30e0c613?"}
authorization_1 | {"action":"view","level":"info","message":"opa_check","object":"device:http://localhost/devices/bb03ccd9-527f-4f7f-83df-37b6e36b0d1a","openfga":{"authorization_model_id":"01HGTRPDRAREZVVDD5Z5RZ7EA5","store":"01HGTRPDQAQB7YS9HP4QN497YP"},"response":{"result":{"allow":true,"enc":"user:fd163d1c-5bd6-4c42-9a73-0de4c25ae933","object":"device:http://localhost/devices/bb03ccd9-527f-4f7f-83df-37b6e36b0d1a","object_type":"device","payload":{"admin":true,"iat":1701705882,"sub":"fd163d1c-5bd6-4c42-9a73-0de4c25ae933"},"rebac_allow":true,"scope_allow":true,"scopes":["read","write","connect"],"subject":"user:fd163d1c-5bd6-4c42-9a73-0de4c25ae933","subject_alt":"fd163d1c-5bd6-4c42-9a73-0de4c25ae933"}},"subject":"eyJhbGciOiJIUzI1NiJ9.eyJzdWIiOiJmZDE2M2QxYy01YmQ2LTRjNDItOWE3My0wZGU0YzI1YWU5MzMiLCJhZG1pbiI6dHJ1ZSwiaWF0IjoxNzAxNzA1ODgyfQ.x38PzTLaSPL1Ab_0oR-FPi_5WBuq_6NB4Ag-fXXpFD8"}
authorization_1 | {"level":"info","message":"POST /authorize 200 10ms","meta":{"req":{"headers":{"accept":"*/*","accept-encoding":"gzip, deflate","accept-language":"*","connection":"keep-alive","content-length":"279","content-type":"application/json","host":"127.0.0.1:3010","sec-fetch-mode":"cors","user-agent":"node","x-authorization-psk":"TestPSK"},"httpVersion":"1.1","method":"POST","originalUrl":"/authorize","query":{},"url":"/authorize"},"res":{"statusCode":200},"responseTime":10}}
device_1 | {"level":"info","message":"getDevicesByDeviceId succeeded"}
device_1 | {"level":"info","message":"GET /devices/bb03ccd9-527f-4f7f-83df-37b6e36b0d1a? 200 15ms","method":"GET","requestID":"d668ad90-92be-11ee-b645-7f04f10d7150","responseTime":15,"status":200,"url":"/devices/bb03ccd9-527f-4f7f-83df-37b6e36b0d1a?"}
experiment_1 | {"data":{"experimentUrl":"http://localhost/experiments/b18f2bfb-90be-45d6-b421-90c6eff91255"},"level":"info","message":"Attempting to create peerconnections for experiment"}
experiment_1 | {"data":{"experimentUrl":"http://localhost/experiments/b18f2bfb-90be-45d6-b421-90c6eff91255"},"level":"info","message":"Building connection plan"}
experiment_1 | {"data":{"pairwiseServiceConfigurations":[{"configuration":{},"participants":[{"config":{"interfaces":[]},"role":"device1","serviceId":"electrical","uuid":"b73efdde-6e2d-4d27-b361-b2b42197975e"},{"config":{"interfaces":[]},"role":"device2","serviceId":"electrical","uuid":"759ec3c1-78eb-43d4-9f0b-67accf5b5395"}],"serviceType":"http://api.goldi-labs.de/serviceTypes/electrical","uuid":"1feb1782-cea3-422f-a5f4-d7220db52e44"}]},"level":"info","message":"Built pairwise service configurations"}
experiment_1 | {"data":{"connectionPlan":[{"devices":[{"config":{"services":[{"interfaces":[],"remoteServiceId":"electrical","serviceId":"electrical","serviceType":"http://api.goldi-labs.de/serviceTypes/electrical"}]},"url":"http://localhost/devices/bb03ccd9-527f-4f7f-83df-37b6e36b0d1a"},{"config":{"services":[{"interfaces":[],"remoteServiceId":"electrical","serviceId":"electrical","serviceType":"http://api.goldi-labs.de/serviceTypes/electrical"}]},"url":"http://localhost/devices/d5e50482-cd52-4404-857b-edff30e0c613"}],"type":"webrtc"}]},"level":"info","message":"Built connection plan"}
device_1 | {"level":"info","message":"postPeerconnections called"}
authorization_1 | {"client_addr":"127.0.0.1:54572","level":"info","msg":"Received request.","req_id":67,"req_method":"POST","req_path":"/v1/data/crosslab","subsystem":"opa","time":"2023-12-04T16:04:43Z"}
authorization_1 | {"client_addr":"127.0.0.1:54572","level":"info","msg":"Sent response.","req_id":67,"req_method":"POST","req_path":"/v1/data/crosslab","resp_bytes":412,"resp_duration":0.925933,"resp_status":200,"subsystem":"opa","time":"2023-12-04T16:04:43Z"}
authorization_1 | {"action":"create","level":"info","message":"opa_check","object":"peerconnection:~~~TYPE~~~","openfga":{"authorization_model_id":"01HGTRPDRAREZVVDD5Z5RZ7EA5","store":"01HGTRPDQAQB7YS9HP4QN497YP"},"response":{"result":{"allow":true,"enc":"user:fd163d1c-5bd6-4c42-9a73-0de4c25ae933","object":"peerconnection:~~~TYPE~~~","object_type":"peerconnection","payload":{"admin":true,"iat":1701705882,"sub":"fd163d1c-5bd6-4c42-9a73-0de4c25ae933"},"rebac_allow":true,"scope_allow":true,"scopes":["read","write","connect"],"subject":"user:fd163d1c-5bd6-4c42-9a73-0de4c25ae933","subject_alt":"fd163d1c-5bd6-4c42-9a73-0de4c25ae933"}},"subject":"eyJhbGciOiJIUzI1NiJ9.eyJzdWIiOiJmZDE2M2QxYy01YmQ2LTRjNDItOWE3My0wZGU0YzI1YWU5MzMiLCJhZG1pbiI6dHJ1ZSwiaWF0IjoxNzAxNzA1ODgyfQ.x38PzTLaSPL1Ab_0oR-FPi_5WBuq_6NB4Ag-fXXpFD8"}
authorization_1 | {"level":"info","message":"POST /authorize 200 3ms","meta":{"req":{"headers":{"accept":"*/*","accept-encoding":"gzip, deflate","accept-language":"*","connection":"keep-alive","content-length":"227","content-type":"application/json","host":"127.0.0.1:3010","sec-fetch-mode":"cors","user-agent":"node","x-authorization-psk":"TestPSK"},"httpVersion":"1.1","method":"POST","originalUrl":"/authorize","query":{},"url":"/authorize"},"res":{"statusCode":200},"responseTime":3}}
authorization_1 | {"authorization_model_id":"01HGTRPDRAREZVVDD5Z5RZ7EA5","build.commit":"bc6a45ade4ae02d389b2588ae3bb4676fdcf77ec","build.version":"v1.2.0","error":"rpc error: code = Code(2000) desc = Invalid tuple 'experiment:http%3A%2F%2Flocalhost%2Fexperiments%2Fb18f2bfb-90be-45d6-b421-90c6eff91255#owner@fd163d1c-5bd6-4c42-9a73-0de4c25ae933'. Reason: the 'user' field must be an object (e.g. document:1) or an 'object#relation' or a typed wildcard (e.g. group:*)","grpc_code":2000,"grpc_method":"Write","grpc_service":"openfga.v1.OpenFGAService","grpc_type":"unary","level":"info","message":"grpc_req_complete","peer.address":"127.0.0.1:35894","raw_request":{"authorization_model_id":"01HGTRPDRAREZVVDD5Z5RZ7EA5","deletes":null,"store_id":"01HGTRPDQAQB7YS9HP4QN497YP","writes":{"tuple_keys":[{"object":"experiment:http%3A%2F%2Flocalhost%2Fexperiments%2Fb18f2bfb-90be-45d6-b421-90c6eff91255","relation":"owner","user":"fd163d1c-5bd6-4c42-9a73-0de4c25ae933"}]}},"raw_response":{},"request_id":"b0fde7fc-6b43-4fa3-bab3-9321ded53540","store_id":"01HGTRPDQAQB7YS9HP4QN497YP","subsystem":"openfga","timestamp":1701705883.5078616}
authorization_1 | {"build.commit":"bc6a45ade4ae02d389b2588ae3bb4676fdcf77ec","build.version":"v1.2.0","grpc_code":0,"grpc_method":"ReadAuthorizationModel","grpc_service":"openfga.v1.OpenFGAService","grpc_type":"unary","level":"info","message":"grpc_req_complete","peer.address":"127.0.0.1:35894","raw_request":{"id":"01HGTRPDRAREZVVDD5Z5RZ7EA5","store_id":"01HGTRPDQAQB7YS9HP4QN497YP"},"raw_response":{"authorization_model":{"id":"01HGTRPDRAREZVVDD5Z5RZ7EA5","schema_version":"1.1","type_definitions":[{"metadata":{"relations":{"viewer":{"directly_related_user_types":[{"type":"user"}]}}},"relations":{"viewer":{"this":{}}},"type":"user"},{"metadata":{"relations":{"owner":{"directly_related_user_types":[{"type":"user"}]},"viewer":{"directly_related_user_types":[{"type":"user"}]}}},"relations":{"owner":{"this":{}},"viewer":{"union":{"child":[{"this":{}},{"computedUserset":{"object":"","relation":"owner"}}]}}},"type":"device"},{"metadata":{"relations":{"owner":{"directly_related_user_types":[{"type":"user"}]},"viewer":{"directly_related_user_types":[{"type":"user"}]}}},"relations":{"owner":{"this":{}},"viewer":{"union":{"child":[{"this":{}},{"computedUserset":{"object":"","relation":"owner"}}]}}},"type":"experiment"},{"metadata":{"relations":{"owner":{"directly_related_user_types":[{"type":"user"}]},"viewer":{"directly_related_user_types":[{"type":"user"}]}}},"relations":{"owner":{"this":{}},"viewer":{"union":{"child":[{"this":{}},{"computedUserset":{"object":"","relation":"owner"}}]}}},"type":"peerconnection"},{"metadata":{"relations":{"owner":{"directly_related_user_types":[{"type":"user"}]},"viewer":{"directly_related_user_types":[{"type":"user"}]}}},"relations":{"owner":{"this":{}},"viewer":{"union":{"child":[{"this":{}},{"computedUserset":{"object":"","relation":"owner"}}]}}},"type":"booking"},{"metadata":{"relations":{"owner":{"directly_related_user_types":[{"type":"user"}]},"viewer":{"directly_related_user_types":[{"type":"user"}]}}},"relations":{"owner":{"this":{}},"viewer":{"union":{"child":[{"this":{}},{"computedUserset":{"object":"","relation":"owner"}}]}}},"type":"federation"}]}},"request_id":"4b0c624c-fc22-4d7d-af3d-4d532aa9840c","store_id":"01HGTRPDQAQB7YS9HP4QN497YP","subsystem":"openfga","timestamp":1701705883.5082667}
authorization_1 | {"level":"info","message":"POST /relations/update 200 136ms","meta":{"req":{"headers":{"accept":"*/*","accept-encoding":"gzip, deflate","accept-language":"*","connection":"keep-alive","content-length":"179","content-type":"application/json","host":"127.0.0.1:3010","sec-fetch-mode":"cors","user-agent":"node","x-authorization-psk":"TestPSK"},"httpVersion":"1.1","method":"POST","originalUrl":"/relations/update","query":{},"url":"/relations/update"},"res":{"statusCode":200},"responseTime":136}}
authorization_1 | {"authorization_model_id":"01HGTRPDRAREZVVDD5Z5RZ7EA5","build.commit":"bc6a45ade4ae02d389b2588ae3bb4676fdcf77ec","build.version":"v1.2.0","error":"rpc error: code = Code(2000) desc = Invalid tuple 'peerconnection:http%3A%2F%2Flocalhost%2Fpeerconnections%2Fundefined#owner@fd163d1c-5bd6-4c42-9a73-0de4c25ae933'. Reason: the 'user' field must be an object (e.g. document:1) or an 'object#relation' or a typed wildcard (e.g. group:*)","grpc_code":2000,"grpc_method":"Write","grpc_service":"openfga.v1.OpenFGAService","grpc_type":"unary","level":"info","message":"grpc_req_complete","peer.address":"127.0.0.1:35894","raw_request":{"authorization_model_id":"01HGTRPDRAREZVVDD5Z5RZ7EA5","deletes":null,"store_id":"01HGTRPDQAQB7YS9HP4QN497YP","writes":{"tuple_keys":[{"object":"peerconnection:http%3A%2F%2Flocalhost%2Fpeerconnections%2Fundefined","relation":"owner","user":"fd163d1c-5bd6-4c42-9a73-0de4c25ae933"}]}},"raw_response":{},"request_id":"e1d1e4a7-52dd-45b5-a755-602b0151b1d7","store_id":"01HGTRPDQAQB7YS9HP4QN497YP","subsystem":"openfga","timestamp":1701705883.5115602}
authorization_1 | {"build.commit":"bc6a45ade4ae02d389b2588ae3bb4676fdcf77ec","build.version":"v1.2.0","grpc_code":0,"grpc_method":"ReadAuthorizationModel","grpc_service":"openfga.v1.OpenFGAService","grpc_type":"unary","level":"info","message":"grpc_req_complete","peer.address":"127.0.0.1:35894","raw_request":{"id":"01HGTRPDRAREZVVDD5Z5RZ7EA5","store_id":"01HGTRPDQAQB7YS9HP4QN497YP"},"raw_response":{"authorization_model":{"id":"01HGTRPDRAREZVVDD5Z5RZ7EA5","schema_version":"1.1","type_definitions":[{"metadata":{"relations":{"viewer":{"directly_related_user_types":[{"type":"user"}]}}},"relations":{"viewer":{"this":{}}},"type":"user"},{"metadata":{"relations":{"owner":{"directly_related_user_types":[{"type":"user"}]},"viewer":{"directly_related_user_types":[{"type":"user"}]}}},"relations":{"owner":{"this":{}},"viewer":{"union":{"child":[{"this":{}},{"computedUserset":{"object":"","relation":"owner"}}]}}},"type":"device"},{"metadata":{"relations":{"owner":{"directly_related_user_types":[{"type":"user"}]},"viewer":{"directly_related_user_types":[{"type":"user"}]}}},"relations":{"owner":{"this":{}},"viewer":{"union":{"child":[{"this":{}},{"computedUserset":{"object":"","relation":"owner"}}]}}},"type":"experiment"},{"metadata":{"relations":{"owner":{"directly_related_user_types":[{"type":"user"}]},"viewer":{"directly_related_user_types":[{"type":"user"}]}}},"relations":{"owner":{"this":{}},"viewer":{"union":{"child":[{"this":{}},{"computedUserset":{"object":"","relation":"owner"}}]}}},"type":"peerconnection"},{"metadata":{"relations":{"owner":{"directly_related_user_types":[{"type":"user"}]},"viewer":{"directly_related_user_types":[{"type":"user"}]}}},"relations":{"owner":{"this":{}},"viewer":{"union":{"child":[{"this":{}},{"computedUserset":{"object":"","relation":"owner"}}]}}},"type":"booking"},{"metadata":{"relations":{"owner":{"directly_related_user_types":[{"type":"user"}]},"viewer":{"directly_related_user_types":[{"type":"user"}]}}},"relations":{"owner":{"this":{}},"viewer":{"union":{"child":[{"this":{}},{"computedUserset":{"object":"","relation":"owner"}}]}}},"type":"federation"}]}},"request_id":"d8cb5f68-3cde-4e31-ae8d-7b12cc8ba61e","store_id":"01HGTRPDQAQB7YS9HP4QN497YP","subsystem":"openfga","timestamp":1701705883.5130787}
authorization_1 | {"level":"info","message":"POST /relations/update 200 118ms","meta":{"req":{"headers":{"accept":"*/*","accept-encoding":"gzip, deflate","accept-language":"*","connection":"keep-alive","content-length":"160","content-type":"application/json","host":"127.0.0.1:3010","sec-fetch-mode":"cors","user-agent":"node","x-authorization-psk":"TestPSK"},"httpVersion":"1.1","method":"POST","originalUrl":"/relations/update","query":{},"url":"/relations/update"},"res":{"statusCode":200},"responseTime":118}}
experiment_1 | {"data":{"experiment":"http://localhost/experiments/b18f2bfb-90be-45d6-b421-90c6eff91255","user":"fd163d1c-5bd6-4c42-9a73-0de4c25ae933"},"level":"info","message":"Successfully handled POST request on endpoint /experiments"}
experiment_1 | {"level":"info","message":"POST /experiments 201 864ms","method":"POST","requestID":"2893a121fc229947cd9af60398c6f108","responseTime":864,"status":201,"url":"/experiments"}
gateway_1 | {"time_local":"04/Dec/2023:16:04:43 +0000","remote_addr":"127.0.0.1","remote_user":"","request":"POST /experiments HTTP/1.1","status": "201","body_bytes_sent":"815","request_time":"0.874","http_referrer":"","http_user_agent":"node-fetch/1.0 (+https://github.com/bitinn/node-fetch)","requestID":"2893a121fc229947cd9af60398c6f108"}
authentication_1 | {"jwt":"eyJhbGciOiJIUzI1NiJ9.eyJzdWIiOiJmZDE2M2QxYy01YmQ2LTRjNDItOWE3My0wZGU0YzI1YWU5MzMiLCJhZG1pbiI6dHJ1ZSwiaWF0IjoxNzAxNzA1ODgzfQ.Hc2sGR5laqxhE0pf_ay2rKyB8uBBAt_JFhXGfqJvTpo","level":"info","message":"auth send jwt","requestID":"f85933dd0ddad5d349ee3a6e703568bb"}
authentication_1 | {"level":"info","message":"GET /auth 200 3ms","method":"GET","requestID":"f85933dd0ddad5d349ee3a6e703568bb","responseTime":3,"status":200,"url":"/auth"}
device_1 | {"level":"info","message":"getDevicesByDeviceId called"}
authorization_1 | {"client_addr":"127.0.0.1:54572","level":"info","msg":"Received request.","req_id":68,"req_method":"POST","req_path":"/v1/data/crosslab","subsystem":"opa","time":"2023-12-04T16:04:43Z"}
authorization_1 | {"client_addr":"127.0.0.1:54572","level":"info","msg":"Sent response.","req_id":68,"req_method":"POST","req_path":"/v1/data/crosslab","resp_bytes":447,"resp_duration":0.839474,"resp_status":200,"subsystem":"opa","time":"2023-12-04T16:04:43Z"}
authorization_1 | {"action":"view","level":"info","message":"opa_check","object":"device:http://localhost/devices/d5e50482-cd52-4404-857b-edff30e0c613","openfga":{"authorization_model_id":"01HGTRPDRAREZVVDD5Z5RZ7EA5","store":"01HGTRPDQAQB7YS9HP4QN497YP"},"response":{"result":{"allow":true,"enc":"user:fd163d1c-5bd6-4c42-9a73-0de4c25ae933","object":"device:http://localhost/devices/d5e50482-cd52-4404-857b-edff30e0c613","object_type":"device","payload":{"admin":true,"iat":1701705883,"sub":"fd163d1c-5bd6-4c42-9a73-0de4c25ae933"},"rebac_allow":true,"scope_allow":true,"scopes":["read","write","connect"],"subject":"user:fd163d1c-5bd6-4c42-9a73-0de4c25ae933","subject_alt":"fd163d1c-5bd6-4c42-9a73-0de4c25ae933"}},"subject":"eyJhbGciOiJIUzI1NiJ9.eyJzdWIiOiJmZDE2M2QxYy01YmQ2LTRjNDItOWE3My0wZGU0YzI1YWU5MzMiLCJhZG1pbiI6dHJ1ZSwiaWF0IjoxNzAxNzA1ODgzfQ.Hc2sGR5laqxhE0pf_ay2rKyB8uBBAt_JFhXGfqJvTpo"}
authorization_1 | {"level":"info","message":"POST /authorize 200 3ms","meta":{"req":{"headers":{"accept":"*/*","accept-encoding":"gzip, deflate","accept-language":"*","connection":"keep-alive","content-length":"279","content-type":"application/json","host":"127.0.0.1:3010","sec-fetch-mode":"cors","user-agent":"node","x-authorization-psk":"TestPSK"},"httpVersion":"1.1","method":"POST","originalUrl":"/authorize","query":{},"url":"/authorize"},"res":{"statusCode":200},"responseTime":3}}
device_1 | {"level":"info","message":"postPeerconnections: registering closed-callback for 'http://localhost/callbacks/experiment'"}
device_1 | {"level":"info","message":"postPeerconnections: registering status-changed-callback for 'http://localhost/callbacks/experiment'"}
device_1 | {"level":"info","message":"Trying to create signaling queues for peerconnection 'http://localhost/peerconnections/83ff92d1-07b7-4d7a-b6d3-e6bb58db9ed4'"}
device_1 | {"level":"info","message":"Successfully created signaling queues for peerconnection 'http://localhost/peerconnections/83ff92d1-07b7-4d7a-b6d3-e6bb58db9ed4'"}
device_1 | {"level":"info","message":"postPeerconnections succeeded"}
device_1 | {"level":"info","message":"POST /peerconnections?closedUrl=http%3A%2F%2Flocalhost%2Fcallbacks%2Fexperiment&statusChangedUrl=http%3A%2F%2Flocalhost%2Fcallbacks%2Fexperiment 201 264ms","method":"POST","requestID":"d66b6cb0-92be-11ee-b645-7f04f10d7150","responseTime":264,"status":201,"url":"/peerconnections?closedUrl=http%3A%2F%2Flocalhost%2Fcallbacks%2Fexperiment&statusChangedUrl=http%3A%2F%2Flocalhost%2Fcallbacks%2Fexperiment"}
device_1 | {"level":"info","message":"getDevicesByDeviceId succeeded"}
gateway_1 | {"time_local":"04/Dec/2023:16:04:43 +0000","remote_addr":"127.0.0.1","remote_user":"","request":"GET /devices/d5e50482-cd52-4404-857b-edff30e0c613? HTTP/1.1","status": "200","body_bytes_sent":"791","request_time":"0.126","http_referrer":"","http_user_agent":"node-fetch/1.0 (+https://github.com/bitinn/node-fetch)","requestID":"f85933dd0ddad5d349ee3a6e703568bb"}
device_1 | {"level":"info","message":"GET /devices/d5e50482-cd52-4404-857b-edff30e0c613? 200 121ms","method":"GET","requestID":"f85933dd0ddad5d349ee3a6e703568bb","responseTime":121,"status":200,"url":"/devices/d5e50482-cd52-4404-857b-edff30e0c613?"}
device_1 | {"level":"info","message":"deviceAHasVideo: false, deviceBHasVideo: false"}
authentication_1 | {"jwt":"eyJhbGciOiJIUzI1NiJ9.eyJzdWIiOiJmZDE2M2QxYy01YmQ2LTRjNDItOWE3My0wZGU0YzI1YWU5MzMiLCJhZG1pbiI6dHJ1ZSwiaWF0IjoxNzAxNzA1ODgzfQ.Hc2sGR5laqxhE0pf_ay2rKyB8uBBAt_JFhXGfqJvTpo","level":"info","message":"auth send jwt","requestID":"f20fccbf0d30dcdfa2c9cb55c51be6fa"}
authentication_1 | {"level":"info","message":"GET /auth 200 7ms","method":"GET","requestID":"f20fccbf0d30dcdfa2c9cb55c51be6fa","responseTime":7,"status":200,"url":"/auth"}
device_1 | {"level":"info","message":"getDevicesByDeviceId called"}
authorization_1 | {"client_addr":"127.0.0.1:54572","level":"info","msg":"Received request.","req_id":69,"req_method":"POST","req_path":"/v1/data/crosslab","subsystem":"opa","time":"2023-12-04T16:04:43Z"}
authorization_1 | {"client_addr":"127.0.0.1:54572","level":"info","msg":"Sent response.","req_id":69,"req_method":"POST","req_path":"/v1/data/crosslab","resp_bytes":447,"resp_duration":0.74355,"resp_status":200,"subsystem":"opa","time":"2023-12-04T16:04:43Z"}
authorization_1 | {"action":"view","level":"info","message":"opa_check","object":"device:http://localhost/devices/bb03ccd9-527f-4f7f-83df-37b6e36b0d1a","openfga":{"authorization_model_id":"01HGTRPDRAREZVVDD5Z5RZ7EA5","store":"01HGTRPDQAQB7YS9HP4QN497YP"},"response":{"result":{"allow":true,"enc":"user:fd163d1c-5bd6-4c42-9a73-0de4c25ae933","object":"device:http://localhost/devices/bb03ccd9-527f-4f7f-83df-37b6e36b0d1a","object_type":"device","payload":{"admin":true,"iat":1701705883,"sub":"fd163d1c-5bd6-4c42-9a73-0de4c25ae933"},"rebac_allow":true,"scope_allow":true,"scopes":["read","write","connect"],"subject":"user:fd163d1c-5bd6-4c42-9a73-0de4c25ae933","subject_alt":"fd163d1c-5bd6-4c42-9a73-0de4c25ae933"}},"subject":"eyJhbGciOiJIUzI1NiJ9.eyJzdWIiOiJmZDE2M2QxYy01YmQ2LTRjNDItOWE3My0wZGU0YzI1YWU5MzMiLCJhZG1pbiI6dHJ1ZSwiaWF0IjoxNzAxNzA1ODgzfQ.Hc2sGR5laqxhE0pf_ay2rKyB8uBBAt_JFhXGfqJvTpo"}
authorization_1 | {"level":"info","message":"POST /authorize 200 4ms","meta":{"req":{"headers":{"accept":"*/*","accept-encoding":"gzip, deflate","accept-language":"*","connection":"keep-alive","content-length":"279","content-type":"application/json","host":"127.0.0.1:3010","sec-fetch-mode":"cors","user-agent":"node","x-authorization-psk":"TestPSK"},"httpVersion":"1.1","method":"POST","originalUrl":"/authorize","query":{},"url":"/authorize"},"res":{"statusCode":200},"responseTime":4}}
device_1 | {"level":"info","message":"getDevicesByDeviceId succeeded"}
gateway_1 | {"time_local":"04/Dec/2023:16:04:43 +0000","remote_addr":"127.0.0.1","remote_user":"","request":"GET /devices/bb03ccd9-527f-4f7f-83df-37b6e36b0d1a? HTTP/1.1","status": "200","body_bytes_sent":"791","request_time":"0.019","http_referrer":"","http_user_agent":"node-fetch/1.0 (+https://github.com/bitinn/node-fetch)","requestID":"f20fccbf0d30dcdfa2c9cb55c51be6fa"}
device_1 | {"level":"info","message":"GET /devices/bb03ccd9-527f-4f7f-83df-37b6e36b0d1a? 200 8ms","method":"GET","requestID":"f20fccbf0d30dcdfa2c9cb55c51be6fa","responseTime":8,"status":200,"url":"/devices/bb03ccd9-527f-4f7f-83df-37b6e36b0d1a?"}
device_1 | {"data":{"peerconnection":"83ff92d1-07b7-4d7a-b6d3-e6bb58db9ed4","statusDeviceA":"new","statusDeviceB":"new"},"level":"info","message":"peerconnection devices status info"}
device_1 | {"data":{"peerconnection":"83ff92d1-07b7-4d7a-b6d3-e6bb58db9ed4","statusDeviceA":"new","statusDeviceB":"new"},"level":"info","message":"peerconnection devices status info"}
device_1 | {"level":"info","message":"Sending status-changed-callback for peerconnection 'http://localhost/peerconnections/83ff92d1-07b7-4d7a-b6d3-e6bb58db9ed4' to 'http://localhost/callbacks/experiment'"}
device_1 | {"data":{"peerconnection":"83ff92d1-07b7-4d7a-b6d3-e6bb58db9ed4","statusDeviceA":"connecting","statusDeviceB":"new"},"level":"info","message":"peerconnection devices status info"}
authentication_1 | {"level":"info","message":"auth error No token found","requestID":"299abe7846c6a13769cdcbc620d47f16","stack":"Error: No token found\n at file:///usr/local/lib/node_modules/@crosslab/service-auth/app/auth/index.js:34:19\n at file:///usr/local/lib/node_modules/@crosslab/service-auth/app/generated/validation.js:39:26\n at Layer.handle [as handle_request] (/usr/local/lib/node_modules/@crosslab/service-auth/node_modules/express/lib/router/layer.js:95:5)\n at next (/usr/local/lib/node_modules/@crosslab/service-auth/node_modules/express/lib/router/route.js:144:13)\n at Route.dispatch (/usr/local/lib/node_modules/@crosslab/service-auth/node_modules/express/lib/router/route.js:114:3)\n at Layer.handle [as handle_request] (/usr/local/lib/node_modules/@crosslab/service-auth/node_modules/express/lib/router/layer.js:95:5)\n at /usr/local/lib/node_modules/@crosslab/service-auth/node_modules/express/lib/router/index.js:284:15\n at Function.process_params (/usr/local/lib/node_modules/@crosslab/service-auth/node_modules/express/lib/router/index.js:346:12)\n at next (/usr/local/lib/node_modules/@crosslab/service-auth/node_modules/express/lib/router/index.js:280:10)\n at Function.handle (/usr/local/lib/node_modules/@crosslab/service-auth/node_modules/express/lib/router/index.js:175:3)"}
authentication_1 | {"level":"info","message":"GET /auth 200 1ms","method":"GET","requestID":"299abe7846c6a13769cdcbc620d47f16","responseTime":1,"status":200,"url":"/auth"}
experiment_1 | {"data":{"callback":{"callbackType":"event","eventType":"peerconnection-status-changed","peerconnection":{"devices":[{"config":{"services":[{"interfaces":[],"remoteServiceId":"electrical","serviceId":"electrical","serviceType":"http://api.goldi-labs.de/serviceTypes/electrical"}]},"status":"connecting","url":"http://localhost/devices/bb03ccd9-527f-4f7f-83df-37b6e36b0d1a"},{"config":{"services":[{"interfaces":[],"remoteServiceId":"electrical","serviceId":"electrical","serviceType":"http://api.goldi-labs.de/serviceTypes/electrical"}]},"status":"new","url":"http://localhost/devices/d5e50482-cd52-4404-857b-edff30e0c613"}],"status":"connecting","type":"webrtc","url":"http://localhost/peerconnections/83ff92d1-07b7-4d7a-b6d3-e6bb58db9ed4"}}},"level":"info","message":"received a callback"}
authentication_1 | {"jwt":"eyJhbGciOiJIUzI1NiJ9.eyJzdWIiOiJmZDE2M2QxYy01YmQ2LTRjNDItOWE3My0wZGU0YzI1YWU5MzMiLCJhZG1pbiI6dHJ1ZSwiaWF0IjoxNzAxNzA1ODgzfQ.Hc2sGR5laqxhE0pf_ay2rKyB8uBBAt_JFhXGfqJvTpo","level":"info","message":"auth send jwt","requestID":"847c264fdf9f7fbeb7e641bd3a16f57d"}
authentication_1 | {"level":"info","message":"GET /auth 200 5ms","method":"GET","requestID":"847c264fdf9f7fbeb7e641bd3a16f57d","responseTime":5,"status":200,"url":"/auth"}
gateway_1 | {"time_local":"04/Dec/2023:16:04:43 +0000","remote_addr":"127.0.0.1","remote_user":"","request":"POST /callbacks/experiment HTTP/1.1","status": "200","body_bytes_sent":"5","request_time":"0.145","http_referrer":"","http_user_agent":"node-fetch","requestID":"299abe7846c6a13769cdcbc620d47f16"}
experiment_1 | {"level":"info","message":"POST /callbacks/experiment 200 142ms","method":"POST","requestID":"299abe7846c6a13769cdcbc620d47f16","responseTime":142,"status":200,"url":"/callbacks/experiment"}
device_1 | {"data":{"peerconnection":"83ff92d1-07b7-4d7a-b6d3-e6bb58db9ed4","statusDeviceA":"connecting","statusDeviceB":"connecting"},"level":"info","message":"peerconnection devices status info"}
experiment_1 | {"data":{"experimentUrl":"http://localhost/experiments/b18f2bfb-90be-45d6-b421-90c6eff91255"},"level":"info","message":"Successfully created peerconnections for experiment"}
experiment_1 | {"level":"info","message":"Handling DELETE request on endpoint /experiments/b18f2bfb-90be-45d6-b421-90c6eff91255"}
authorization_1 | {"client_addr":"127.0.0.1:54572","level":"info","msg":"Received request.","req_id":70,"req_method":"POST","req_path":"/v1/data/crosslab","subsystem":"opa","time":"2023-12-04T16:04:44Z"}
authorization_1 | {"client_addr":"127.0.0.1:54572","level":"info","msg":"Sent response.","req_id":70,"req_method":"POST","req_path":"/v1/data/crosslab","resp_bytes":459,"resp_duration":1.10943,"resp_status":200,"subsystem":"opa","time":"2023-12-04T16:04:44Z"}
authorization_1 | {"action":"delete","level":"info","message":"opa_check","object":"experiment:http://localhost/experiments/b18f2bfb-90be-45d6-b421-90c6eff91255","openfga":{"authorization_model_id":"01HGTRPDRAREZVVDD5Z5RZ7EA5","store":"01HGTRPDQAQB7YS9HP4QN497YP"},"response":{"result":{"allow":true,"enc":"user:fd163d1c-5bd6-4c42-9a73-0de4c25ae933","object":"experiment:http://localhost/experiments/b18f2bfb-90be-45d6-b421-90c6eff91255","object_type":"experiment","payload":{"admin":true,"iat":1701705883,"sub":"fd163d1c-5bd6-4c42-9a73-0de4c25ae933"},"rebac_allow":true,"scope_allow":true,"scopes":["read","write","connect"],"subject":"user:fd163d1c-5bd6-4c42-9a73-0de4c25ae933","subject_alt":"fd163d1c-5bd6-4c42-9a73-0de4c25ae933"}},"subject":"eyJhbGciOiJIUzI1NiJ9.eyJzdWIiOiJmZDE2M2QxYy01YmQ2LTRjNDItOWE3My0wZGU0YzI1YWU5MzMiLCJhZG1pbiI6dHJ1ZSwiaWF0IjoxNzAxNzA1ODgzfQ.Hc2sGR5laqxhE0pf_ay2rKyB8uBBAt_JFhXGfqJvTpo"}
authorization_1 | {"level":"info","message":"POST /authorize 200 5ms","meta":{"req":{"headers":{"accept":"*/*","accept-encoding":"gzip, deflate","accept-language":"*","connection":"keep-alive","content-length":"289","content-type":"application/json","host":"127.0.0.1:3010","sec-fetch-mode":"cors","user-agent":"node","x-authorization-psk":"TestPSK"},"httpVersion":"1.1","method":"POST","originalUrl":"/authorize","query":{},"url":"/authorize"},"res":{"statusCode":200},"responseTime":5}}
experiment_1 | {"data":{"experimentUrl":"http://localhost/experiments/b18f2bfb-90be-45d6-b421-90c6eff91255"},"level":"info","message":"Attempting to finish experiment"}
device_1 | {"level":"info","message":"deletePeerconnectionsByPeerconnectionId called"}
authorization_1 | {"client_addr":"127.0.0.1:54572","level":"info","msg":"Received request.","req_id":71,"req_method":"POST","req_path":"/v1/data/crosslab","subsystem":"opa","time":"2023-12-04T16:04:44Z"}
authorization_1 | {"client_addr":"127.0.0.1:54572","level":"info","msg":"Sent response.","req_id":71,"req_method":"POST","req_path":"/v1/data/crosslab","resp_bytes":471,"resp_duration":1.257239,"resp_status":200,"subsystem":"opa","time":"2023-12-04T16:04:44Z"}
authorization_1 | {"action":"delete","level":"info","message":"opa_check","object":"peerconnection:http://localhost/peerconnections/83ff92d1-07b7-4d7a-b6d3-e6bb58db9ed4","openfga":{"authorization_model_id":"01HGTRPDRAREZVVDD5Z5RZ7EA5","store":"01HGTRPDQAQB7YS9HP4QN497YP"},"response":{"result":{"allow":true,"enc":"user:fd163d1c-5bd6-4c42-9a73-0de4c25ae933","object":"peerconnection:http://localhost/peerconnections/83ff92d1-07b7-4d7a-b6d3-e6bb58db9ed4","object_type":"peerconnection","payload":{"admin":true,"iat":1701705883,"sub":"fd163d1c-5bd6-4c42-9a73-0de4c25ae933"},"rebac_allow":true,"scope_allow":true,"scopes":["read","write","connect"],"subject":"user:fd163d1c-5bd6-4c42-9a73-0de4c25ae933","subject_alt":"fd163d1c-5bd6-4c42-9a73-0de4c25ae933"}},"subject":"eyJhbGciOiJIUzI1NiJ9.eyJzdWIiOiJmZDE2M2QxYy01YmQ2LTRjNDItOWE3My0wZGU0YzI1YWU5MzMiLCJhZG1pbiI6dHJ1ZSwiaWF0IjoxNzAxNzA1ODgzfQ.Hc2sGR5laqxhE0pf_ay2rKyB8uBBAt_JFhXGfqJvTpo"}
