authorization_1 | {"level":"info","message":"POST /authorize 200 3ms","meta":{"req":{"headers":{"accept":"*/*","accept-encoding":"gzip, deflate","accept-language":"*","connection":"keep-alive","content-length":"279","content-type":"application/json","host":"127.0.0.1:3010","sec-fetch-mode":"cors","user-agent":"node","x-authorization-psk":"TestPSK"},"httpVersion":"1.1","method":"POST","originalUrl":"/authorize","query":{},"url":"/authorize"},"res":{"statusCode":200},"responseTime":3}}
device_1 | {"level":"info","message":"patchDevicesByDeviceId succeeded"}
gateway_1 | {"time_local":"04/Dec/2023:16:05:12 +0000","remote_addr":"127.0.0.1","remote_user":"","request":"PATCH /devices/81d1e813-767c-4d79-8c6c-a712cad1fa3c HTTP/1.1","status": "200","body_bytes_sent":"792","request_time":"0.244","http_referrer":"","http_user_agent":"Python/3.10 aiohttp/3.9.1","requestID":"03ed197d125ef58d237a4c79f5c7ccfe"}
device_1 | {"level":"info","message":"PATCH /devices/81d1e813-767c-4d79-8c6c-a712cad1fa3c 200 239ms","method":"PATCH","requestID":"03ed197d125ef58d237a4c79f5c7ccfe","responseTime":239,"status":200,"url":"/devices/81d1e813-767c-4d79-8c6c-a712cad1fa3c"}
authentication_1 | {"jwt":"eyJhbGciOiJIUzI1NiJ9.eyJzdWIiOiJmZDE2M2QxYy01YmQ2LTRjNDItOWE3My0wZGU0YzI1YWU5MzMiLCJhZG1pbiI6dHJ1ZSwiaWF0IjoxNzAxNzA1OTEyfQ.ixeXm7crVKNRqS6XNA-IrxD5pGaqiQevOxstDoB482Q","level":"info","message":"auth send jwt","requestID":"4b84888ee9ae7aadaefbc5d5f276c1e3"}
authentication_1 | {"level":"info","message":"GET /auth 200 5ms","method":"GET","requestID":"4b84888ee9ae7aadaefbc5d5f276c1e3","responseTime":5,"status":200,"url":"/auth"}
device_1 | {"level":"info","message":"postDevicesByDeviceIdWebsocket called"}
authorization_1 | {"client_addr":"127.0.0.1:54572","level":"info","msg":"Received request.","req_id":162,"req_method":"POST","req_path":"/v1/data/crosslab","subsystem":"opa","time":"2023-12-04T16:05:12Z"}
authorization_1 | {"client_addr":"127.0.0.1:54572","level":"info","msg":"Sent response.","req_id":162,"req_method":"POST","req_path":"/v1/data/crosslab","resp_bytes":447,"resp_duration":0.789484,"resp_status":200,"subsystem":"opa","time":"2023-12-04T16:05:12Z"}
authorization_1 | {"action":"edit","level":"info","message":"opa_check","object":"device:http://localhost/devices/81d1e813-767c-4d79-8c6c-a712cad1fa3c","openfga":{"authorization_model_id":"01HGTRPDRAREZVVDD5Z5RZ7EA5","store":"01HGTRPDQAQB7YS9HP4QN497YP"},"response":{"result":{"allow":true,"enc":"user:fd163d1c-5bd6-4c42-9a73-0de4c25ae933","object":"device:http://localhost/devices/81d1e813-767c-4d79-8c6c-a712cad1fa3c","object_type":"device","payload":{"admin":true,"iat":1701705912,"sub":"fd163d1c-5bd6-4c42-9a73-0de4c25ae933"},"rebac_allow":true,"scope_allow":true,"scopes":["read","write","connect"],"subject":"user:fd163d1c-5bd6-4c42-9a73-0de4c25ae933","subject_alt":"fd163d1c-5bd6-4c42-9a73-0de4c25ae933"}},"subject":"eyJhbGciOiJIUzI1NiJ9.eyJzdWIiOiJmZDE2M2QxYy01YmQ2LTRjNDItOWE3My0wZGU0YzI1YWU5MzMiLCJhZG1pbiI6dHJ1ZSwiaWF0IjoxNzAxNzA1OTEyfQ.ixeXm7crVKNRqS6XNA-IrxD5pGaqiQevOxstDoB482Q"}
authorization_1 | {"level":"info","message":"POST /authorize 200 4ms","meta":{"req":{"headers":{"accept":"*/*","accept-encoding":"gzip, deflate","accept-language":"*","connection":"keep-alive","content-length":"279","content-type":"application/json","host":"127.0.0.1:3010","sec-fetch-mode":"cors","user-agent":"node","x-authorization-psk":"TestPSK"},"httpVersion":"1.1","method":"POST","originalUrl":"/authorize","query":{},"url":"/authorize"},"res":{"statusCode":200},"responseTime":4}}
device_1 | {"level":"info","message":"postDevicesByDeviceIdWebsocket succeeded"}
gateway_1 | {"time_local":"04/Dec/2023:16:05:12 +0000","remote_addr":"127.0.0.1","remote_user":"","request":"POST /devices/81d1e813-767c-4d79-8c6c-a712cad1fa3c/websocket HTTP/1.1","status": "200","body_bytes_sent":"36","request_time":"0.132","http_referrer":"","http_user_agent":"Python/3.10 aiohttp/3.9.1","requestID":"4b84888ee9ae7aadaefbc5d5f276c1e3"}
device_1 | {"level":"info","message":"POST /devices/81d1e813-767c-4d79-8c6c-a712cad1fa3c/websocket 200 125ms","method":"POST","requestID":"4b84888ee9ae7aadaefbc5d5f276c1e3","responseTime":125,"status":200,"url":"/devices/81d1e813-767c-4d79-8c6c-a712cad1fa3c/websocket"}
device_1 | {"level":"info","message":"device 'http://localhost/devices/81d1e813-767c-4d79-8c6c-a712cad1fa3c' connected"}
authentication_1 | {"level":"info","message":"auth error No token found","requestID":"f42f6b792205be9e5c12b3de6d6e9f8d","stack":"Error: No token found\n at file:///usr/local/lib/node_modules/@crosslab/service-auth/app/auth/index.js:34:19\n at file:///usr/local/lib/node_modules/@crosslab/service-auth/app/generated/validation.js:39:26\n at Layer.handle [as handle_request] (/usr/local/lib/node_modules/@crosslab/service-auth/node_modules/express/lib/router/layer.js:95:5)\n at next (/usr/local/lib/node_modules/@crosslab/service-auth/node_modules/express/lib/router/route.js:144:13)\n at Route.dispatch (/usr/local/lib/node_modules/@crosslab/service-auth/node_modules/express/lib/router/route.js:114:3)\n at Layer.handle [as handle_request] (/usr/local/lib/node_modules/@crosslab/service-auth/node_modules/express/lib/router/layer.js:95:5)\n at /usr/local/lib/node_modules/@crosslab/service-auth/node_modules/express/lib/router/index.js:284:15\n at Function.process_params (/usr/local/lib/node_modules/@crosslab/service-auth/node_modules/express/lib/router/index.js:346:12)\n at next (/usr/local/lib/node_modules/@crosslab/service-auth/node_modules/express/lib/router/index.js:280:10)\n at Function.handle (/usr/local/lib/node_modules/@crosslab/service-auth/node_modules/express/lib/router/index.js:175:3)"}
authentication_1 | {"level":"info","message":"GET /auth 200 1ms","method":"GET","requestID":"f42f6b792205be9e5c12b3de6d6e9f8d","responseTime":1,"status":200,"url":"/auth"}
gateway_1 | {"time_local":"04/Dec/2023:16:05:13 +0000","remote_addr":"127.0.0.1","remote_user":"","request":"OPTIONS /devices/827d1a81-11e8-407c-8539-8b24514f8c3c/websocket HTTP/1.1","status": "200","body_bytes_sent":"4","request_time":"0.004","http_referrer":"","http_user_agent":"Mozilla/5.0 (X11; Linux x86_64) AppleWebKit/537.36 (KHTML, like Gecko) HeadlessChrome/109.0.5414.0 Safari/537.36","requestID":"f42f6b792205be9e5c12b3de6d6e9f8d"}
device_1 | {"level":"info","message":"OPTIONS /devices/827d1a81-11e8-407c-8539-8b24514f8c3c/websocket 200 1ms","method":"OPTIONS","requestID":"f42f6b792205be9e5c12b3de6d6e9f8d","responseTime":1,"status":200,"url":"/devices/827d1a81-11e8-407c-8539-8b24514f8c3c/websocket"}
authentication_1 | {"jwt":"eyJhbGciOiJIUzI1NiJ9.eyJzdWIiOiJmZDE2M2QxYy01YmQ2LTRjNDItOWE3My0wZGU0YzI1YWU5MzMiLCJhZG1pbiI6dHJ1ZSwiaWF0IjoxNzAxNzA1OTEzfQ.dW_qkwPe-FX-r9IFLI-XkT9GIQpXfHnlM3E9LC-SGsQ","level":"info","message":"auth send jwt","requestID":"70855b3888b4a4d9a49dbd7bb63d595c"}
authentication_1 | {"level":"info","message":"GET /auth 200 3ms","method":"GET","requestID":"70855b3888b4a4d9a49dbd7bb63d595c","responseTime":3,"status":200,"url":"/auth"}
device_1 | {"level":"info","message":"postDevicesByDeviceIdWebsocket called"}
authorization_1 | {"client_addr":"127.0.0.1:54572","level":"info","msg":"Received request.","req_id":163,"req_method":"POST","req_path":"/v1/data/crosslab","subsystem":"opa","time":"2023-12-04T16:05:13Z"}
authorization_1 | {"client_addr":"127.0.0.1:54572","level":"info","msg":"Sent response.","req_id":163,"req_method":"POST","req_path":"/v1/data/crosslab","resp_bytes":447,"resp_duration":1.319683,"resp_status":200,"subsystem":"opa","time":"2023-12-04T16:05:13Z"}
authorization_1 | {"action":"edit","level":"info","message":"opa_check","object":"device:http://localhost/devices/827d1a81-11e8-407c-8539-8b24514f8c3c","openfga":{"authorization_model_id":"01HGTRPDRAREZVVDD5Z5RZ7EA5","store":"01HGTRPDQAQB7YS9HP4QN497YP"},"response":{"result":{"allow":true,"enc":"user:fd163d1c-5bd6-4c42-9a73-0de4c25ae933","object":"device:http://localhost/devices/827d1a81-11e8-407c-8539-8b24514f8c3c","object_type":"device","payload":{"admin":true,"iat":1701705913,"sub":"fd163d1c-5bd6-4c42-9a73-0de4c25ae933"},"rebac_allow":true,"scope_allow":true,"scopes":["read","write","connect"],"subject":"user:fd163d1c-5bd6-4c42-9a73-0de4c25ae933","subject_alt":"fd163d1c-5bd6-4c42-9a73-0de4c25ae933"}},"subject":"eyJhbGciOiJIUzI1NiJ9.eyJzdWIiOiJmZDE2M2QxYy01YmQ2LTRjNDItOWE3My0wZGU0YzI1YWU5MzMiLCJhZG1pbiI6dHJ1ZSwiaWF0IjoxNzAxNzA1OTEzfQ.dW_qkwPe-FX-r9IFLI-XkT9GIQpXfHnlM3E9LC-SGsQ"}
authorization_1 | {"level":"info","message":"POST /authorize 200 5ms","meta":{"req":{"headers":{"accept":"*/*","accept-encoding":"gzip, deflate","accept-language":"*","connection":"keep-alive","content-length":"279","content-type":"application/json","host":"127.0.0.1:3010","sec-fetch-mode":"cors","user-agent":"node","x-authorization-psk":"TestPSK"},"httpVersion":"1.1","method":"POST","originalUrl":"/authorize","query":{},"url":"/authorize"},"res":{"statusCode":200},"responseTime":5}}
device_1 | {"level":"info","message":"postDevicesByDeviceIdWebsocket succeeded"}
gateway_1 | {"time_local":"04/Dec/2023:16:05:13 +0000","remote_addr":"127.0.0.1","remote_user":"","request":"POST /devices/827d1a81-11e8-407c-8539-8b24514f8c3c/websocket HTTP/1.1","status": "200","body_bytes_sent":"36","request_time":"0.155","http_referrer":"","http_user_agent":"Mozilla/5.0 (X11; Linux x86_64) AppleWebKit/537.36 (KHTML, like Gecko) HeadlessChrome/109.0.5414.0 Safari/537.36","requestID":"70855b3888b4a4d9a49dbd7bb63d595c"}
device_1 | {"level":"info","message":"POST /devices/827d1a81-11e8-407c-8539-8b24514f8c3c/websocket 200 150ms","method":"POST","requestID":"70855b3888b4a4d9a49dbd7bb63d595c","responseTime":150,"status":200,"url":"/devices/827d1a81-11e8-407c-8539-8b24514f8c3c/websocket"}
device_1 | {"level":"info","message":"device 'http://localhost/devices/827d1a81-11e8-407c-8539-8b24514f8c3c' connected"}
authentication_1 | {"jwt":"eyJhbGciOiJIUzI1NiJ9.eyJzdWIiOiJmZDE2M2QxYy01YmQ2LTRjNDItOWE3My0wZGU0YzI1YWU5MzMiLCJhZG1pbiI6dHJ1ZSwiaWF0IjoxNzAxNzA1OTEzfQ.dW_qkwPe-FX-r9IFLI-XkT9GIQpXfHnlM3E9LC-SGsQ","level":"info","message":"auth send jwt","requestID":"371630f2769f15a4ec84137a8e69035f"}
authentication_1 | {"level":"info","message":"GET /auth 200 4ms","method":"GET","requestID":"371630f2769f15a4ec84137a8e69035f","responseTime":4,"status":200,"url":"/auth"}
device_1 | {"level":"info","message":"getDevicesByDeviceId called"}
authorization_1 | {"client_addr":"127.0.0.1:54572","level":"info","msg":"Received request.","req_id":164,"req_method":"POST","req_path":"/v1/data/crosslab","subsystem":"opa","time":"2023-12-04T16:05:13Z"}
authorization_1 | {"client_addr":"127.0.0.1:54572","level":"info","msg":"Sent response.","req_id":164,"req_method":"POST","req_path":"/v1/data/crosslab","resp_bytes":447,"resp_duration":1.799084,"resp_status":200,"subsystem":"opa","time":"2023-12-04T16:05:13Z"}
authorization_1 | {"action":"view","level":"info","message":"opa_check","object":"device:http://localhost/devices/827d1a81-11e8-407c-8539-8b24514f8c3c","openfga":{"authorization_model_id":"01HGTRPDRAREZVVDD5Z5RZ7EA5","store":"01HGTRPDQAQB7YS9HP4QN497YP"},"response":{"result":{"allow":true,"enc":"user:fd163d1c-5bd6-4c42-9a73-0de4c25ae933","object":"device:http://localhost/devices/827d1a81-11e8-407c-8539-8b24514f8c3c","object_type":"device","payload":{"admin":true,"iat":1701705913,"sub":"fd163d1c-5bd6-4c42-9a73-0de4c25ae933"},"rebac_allow":true,"scope_allow":true,"scopes":["read","write","connect"],"subject":"user:fd163d1c-5bd6-4c42-9a73-0de4c25ae933","subject_alt":"fd163d1c-5bd6-4c42-9a73-0de4c25ae933"}},"subject":"eyJhbGciOiJIUzI1NiJ9.eyJzdWIiOiJmZDE2M2QxYy01YmQ2LTRjNDItOWE3My0wZGU0YzI1YWU5MzMiLCJhZG1pbiI6dHJ1ZSwiaWF0IjoxNzAxNzA1OTEzfQ.dW_qkwPe-FX-r9IFLI-XkT9GIQpXfHnlM3E9LC-SGsQ"}
authorization_1 | {"level":"info","message":"POST /authorize 200 5ms","meta":{"req":{"headers":{"accept":"*/*","accept-encoding":"gzip, deflate","accept-language":"*","connection":"keep-alive","content-length":"279","content-type":"application/json","host":"127.0.0.1:3010","sec-fetch-mode":"cors","user-agent":"node","x-authorization-psk":"TestPSK"},"httpVersion":"1.1","method":"POST","originalUrl":"/authorize","query":{},"url":"/authorize"},"res":{"statusCode":200},"responseTime":5}}
device_1 | {"level":"info","message":"getDevicesByDeviceId succeeded"}
device_1 | {"level":"info","message":"GET /devices/827d1a81-11e8-407c-8539-8b24514f8c3c? 200 12ms","method":"GET","requestID":"371630f2769f15a4ec84137a8e69035f","responseTime":12,"status":200,"url":"/devices/827d1a81-11e8-407c-8539-8b24514f8c3c?"}
gateway_1 | {"time_local":"04/Dec/2023:16:05:13 +0000","remote_addr":"127.0.0.1","remote_user":"","request":"GET /devices/827d1a81-11e8-407c-8539-8b24514f8c3c? HTTP/1.1","status": "200","body_bytes_sent":"252","request_time":"0.018","http_referrer":"","http_user_agent":"node-fetch/1.0 (+https://github.com/bitinn/node-fetch)","requestID":"371630f2769f15a4ec84137a8e69035f"}
authentication_1 | {"jwt":"eyJhbGciOiJIUzI1NiJ9.eyJzdWIiOiJmZDE2M2QxYy01YmQ2LTRjNDItOWE3My0wZGU0YzI1YWU5MzMiLCJhZG1pbiI6dHJ1ZSwiaWF0IjoxNzAxNzA1OTEzfQ.dW_qkwPe-FX-r9IFLI-XkT9GIQpXfHnlM3E9LC-SGsQ","level":"info","message":"auth send jwt","requestID":"4bdb08df88cdb1f97a5015ad64bbb753"}
authentication_1 | {"level":"info","message":"GET /auth 200 4ms","method":"GET","requestID":"4bdb08df88cdb1f97a5015ad64bbb753","responseTime":4,"status":200,"url":"/auth"}
device_1 | {"level":"info","message":"getDevicesByDeviceId called"}
authorization_1 | {"client_addr":"127.0.0.1:54572","level":"info","msg":"Received request.","req_id":165,"req_method":"POST","req_path":"/v1/data/crosslab","subsystem":"opa","time":"2023-12-04T16:05:13Z"}
authorization_1 | {"client_addr":"127.0.0.1:54572","level":"info","msg":"Sent response.","req_id":165,"req_method":"POST","req_path":"/v1/data/crosslab","resp_bytes":447,"resp_duration":0.868965,"resp_status":200,"subsystem":"opa","time":"2023-12-04T16:05:13Z"}
authorization_1 | {"action":"view","level":"info","message":"opa_check","object":"device:http://localhost/devices/81d1e813-767c-4d79-8c6c-a712cad1fa3c","openfga":{"authorization_model_id":"01HGTRPDRAREZVVDD5Z5RZ7EA5","store":"01HGTRPDQAQB7YS9HP4QN497YP"},"response":{"result":{"allow":true,"enc":"user:fd163d1c-5bd6-4c42-9a73-0de4c25ae933","object":"device:http://localhost/devices/81d1e813-767c-4d79-8c6c-a712cad1fa3c","object_type":"device","payload":{"admin":true,"iat":1701705913,"sub":"fd163d1c-5bd6-4c42-9a73-0de4c25ae933"},"rebac_allow":true,"scope_allow":true,"scopes":["read","write","connect"],"subject":"user:fd163d1c-5bd6-4c42-9a73-0de4c25ae933","subject_alt":"fd163d1c-5bd6-4c42-9a73-0de4c25ae933"}},"subject":"eyJhbGciOiJIUzI1NiJ9.eyJzdWIiOiJmZDE2M2QxYy01YmQ2LTRjNDItOWE3My0wZGU0YzI1YWU5MzMiLCJhZG1pbiI6dHJ1ZSwiaWF0IjoxNzAxNzA1OTEzfQ.dW_qkwPe-FX-r9IFLI-XkT9GIQpXfHnlM3E9LC-SGsQ"}
authorization_1 | {"level":"info","message":"POST /authorize 200 5ms","meta":{"req":{"headers":{"accept":"*/*","accept-encoding":"gzip, deflate","accept-language":"*","connection":"keep-alive","content-length":"279","content-type":"application/json","host":"127.0.0.1:3010","sec-fetch-mode":"cors","user-agent":"node","x-authorization-psk":"TestPSK"},"httpVersion":"1.1","method":"POST","originalUrl":"/authorize","query":{},"url":"/authorize"},"res":{"statusCode":200},"responseTime":5}}
device_1 | {"level":"info","message":"getDevicesByDeviceId succeeded"}
device_1 | {"level":"info","message":"GET /devices/81d1e813-767c-4d79-8c6c-a712cad1fa3c? 200 11ms","method":"GET","requestID":"4bdb08df88cdb1f97a5015ad64bbb753","responseTime":11,"status":200,"url":"/devices/81d1e813-767c-4d79-8c6c-a712cad1fa3c?"}
gateway_1 | {"time_local":"04/Dec/2023:16:05:13 +0000","remote_addr":"127.0.0.1","remote_user":"","request":"GET /devices/81d1e813-767c-4d79-8c6c-a712cad1fa3c? HTTP/1.1","status": "200","body_bytes_sent":"791","request_time":"0.016","http_referrer":"","http_user_agent":"node-fetch/1.0 (+https://github.com/bitinn/node-fetch)","requestID":"4bdb08df88cdb1f97a5015ad64bbb753"}
authentication_1 | {"jwt":"eyJhbGciOiJIUzI1NiJ9.eyJzdWIiOiJmZDE2M2QxYy01YmQ2LTRjNDItOWE3My0wZGU0YzI1YWU5MzMiLCJhZG1pbiI6dHJ1ZSwiaWF0IjoxNzAxNzA1OTEzfQ.dW_qkwPe-FX-r9IFLI-XkT9GIQpXfHnlM3E9LC-SGsQ","level":"info","message":"auth send jwt","requestID":"bb6b805ce0472827c29ea51c161d7f47"}
authentication_1 | {"level":"info","message":"GET /auth 200 4ms","method":"GET","requestID":"bb6b805ce0472827c29ea51c161d7f47","responseTime":4,"status":200,"url":"/auth"}
experiment_1 | {"level":"info","message":"Handling POST request on endpoint /experiments"}
authorization_1 | {"client_addr":"127.0.0.1:54572","level":"info","msg":"Received request.","req_id":166,"req_method":"POST","req_path":"/v1/data/crosslab","subsystem":"opa","time":"2023-12-04T16:05:13Z"}
authorization_1 | {"client_addr":"127.0.0.1:54572","level":"info","msg":"Sent response.","req_id":166,"req_method":"POST","req_path":"/v1/data/crosslab","resp_bytes":404,"resp_duration":1.108868,"resp_status":200,"subsystem":"opa","time":"2023-12-04T16:05:13Z"}
authorization_1 | {"action":"create","level":"info","message":"opa_check","object":"experiment:~~~TYPE~~~","openfga":{"authorization_model_id":"01HGTRPDRAREZVVDD5Z5RZ7EA5","store":"01HGTRPDQAQB7YS9HP4QN497YP"},"response":{"result":{"allow":true,"enc":"user:fd163d1c-5bd6-4c42-9a73-0de4c25ae933","object":"experiment:~~~TYPE~~~","object_type":"experiment","payload":{"admin":true,"iat":1701705913,"sub":"fd163d1c-5bd6-4c42-9a73-0de4c25ae933"},"rebac_allow":true,"scope_allow":true,"scopes":["read","write","connect"],"subject":"user:fd163d1c-5bd6-4c42-9a73-0de4c25ae933","subject_alt":"fd163d1c-5bd6-4c42-9a73-0de4c25ae933"}},"subject":"eyJhbGciOiJIUzI1NiJ9.eyJzdWIiOiJmZDE2M2QxYy01YmQ2LTRjNDItOWE3My0wZGU0YzI1YWU5MzMiLCJhZG1pbiI6dHJ1ZSwiaWF0IjoxNzAxNzA1OTEzfQ.dW_qkwPe-FX-r9IFLI-XkT9GIQpXfHnlM3E9LC-SGsQ"}
authorization_1 | {"level":"info","message":"POST /authorize 200 5ms","meta":{"req":{"headers":{"accept":"*/*","accept-encoding":"gzip, deflate","accept-language":"*","connection":"keep-alive","content-length":"223","content-type":"application/json","host":"127.0.0.1:3010","sec-fetch-mode":"cors","user-agent":"node","x-authorization-psk":"TestPSK"},"httpVersion":"1.1","method":"POST","originalUrl":"/authorize","query":{},"url":"/authorize"},"res":{"statusCode":200},"responseTime":5}}
experiment_1 | {"data":{"experimentUrl":"http://localhost/experiments/ae43664c-f641-4233-a2e3-43c5067b3772"},"level":"info","message":"Attempting to run experiment"}
experiment_1 | {"data":{"experimentUrl":"http://localhost/experiments/ae43664c-f641-4233-a2e3-43c5067b3772"},"level":"info","message":"Attempting to book experiment"}
experiment_1 | {"data":{"experimentUrl":"http://localhost/experiments/ae43664c-f641-4233-a2e3-43c5067b3772"},"level":"info","message":"Successfully booked experiment"}
device_1 | {"level":"info","message":"getDevicesByDeviceId called"}
device_1 | {"level":"info","message":"getDevicesByDeviceId called"}
authorization_1 | {"client_addr":"127.0.0.1:54572","level":"info","msg":"Received request.","req_id":167,"req_method":"POST","req_path":"/v1/data/crosslab","subsystem":"opa","time":"2023-12-04T16:05:14Z"}
authorization_1 | {"client_addr":"127.0.0.1:54572","level":"info","msg":"Sent response.","req_id":167,"req_method":"POST","req_path":"/v1/data/crosslab","resp_bytes":447,"resp_duration":1.314591,"resp_status":200,"subsystem":"opa","time":"2023-12-04T16:05:14Z"}
authorization_1 | {"action":"view","level":"info","message":"opa_check","object":"device:http://localhost/devices/827d1a81-11e8-407c-8539-8b24514f8c3c","openfga":{"authorization_model_id":"01HGTRPDRAREZVVDD5Z5RZ7EA5","store":"01HGTRPDQAQB7YS9HP4QN497YP"},"response":{"result":{"allow":true,"enc":"user:fd163d1c-5bd6-4c42-9a73-0de4c25ae933","object":"device:http://localhost/devices/827d1a81-11e8-407c-8539-8b24514f8c3c","object_type":"device","payload":{"admin":true,"iat":1701705913,"sub":"fd163d1c-5bd6-4c42-9a73-0de4c25ae933"},"rebac_allow":true,"scope_allow":true,"scopes":["read","write","connect"],"subject":"user:fd163d1c-5bd6-4c42-9a73-0de4c25ae933","subject_alt":"fd163d1c-5bd6-4c42-9a73-0de4c25ae933"}},"subject":"eyJhbGciOiJIUzI1NiJ9.eyJzdWIiOiJmZDE2M2QxYy01YmQ2LTRjNDItOWE3My0wZGU0YzI1YWU5MzMiLCJhZG1pbiI6dHJ1ZSwiaWF0IjoxNzAxNzA1OTEzfQ.dW_qkwPe-FX-r9IFLI-XkT9GIQpXfHnlM3E9LC-SGsQ"}
authorization_1 | {"level":"info","message":"POST /authorize 200 7ms","meta":{"req":{"headers":{"accept":"*/*","accept-encoding":"gzip, deflate","accept-language":"*","connection":"keep-alive","content-length":"279","content-type":"application/json","host":"127.0.0.1:3010","sec-fetch-mode":"cors","user-agent":"node","x-authorization-psk":"TestPSK"},"httpVersion":"1.1","method":"POST","originalUrl":"/authorize","query":{},"url":"/authorize"},"res":{"statusCode":200},"responseTime":7}}
authorization_1 | {"client_addr":"127.0.0.1:48200","level":"info","msg":"Received request.","req_id":168,"req_method":"POST","req_path":"/v1/data/crosslab","subsystem":"opa","time":"2023-12-04T16:05:14Z"}
authorization_1 | {"client_addr":"127.0.0.1:48200","level":"info","msg":"Sent response.","req_id":168,"req_method":"POST","req_path":"/v1/data/crosslab","resp_bytes":447,"resp_duration":1.294898,"resp_status":200,"subsystem":"opa","time":"2023-12-04T16:05:14Z"}
device_1 | {"level":"info","message":"getDevicesByDeviceId succeeded"}
authorization_1 | {"action":"view","level":"info","message":"opa_check","object":"device:http://localhost/devices/81d1e813-767c-4d79-8c6c-a712cad1fa3c","openfga":{"authorization_model_id":"01HGTRPDRAREZVVDD5Z5RZ7EA5","store":"01HGTRPDQAQB7YS9HP4QN497YP"},"response":{"result":{"allow":true,"enc":"user:fd163d1c-5bd6-4c42-9a73-0de4c25ae933","object":"device:http://localhost/devices/81d1e813-767c-4d79-8c6c-a712cad1fa3c","object_type":"device","payload":{"admin":true,"iat":1701705913,"sub":"fd163d1c-5bd6-4c42-9a73-0de4c25ae933"},"rebac_allow":true,"scope_allow":true,"scopes":["read","write","connect"],"subject":"user:fd163d1c-5bd6-4c42-9a73-0de4c25ae933","subject_alt":"fd163d1c-5bd6-4c42-9a73-0de4c25ae933"}},"subject":"eyJhbGciOiJIUzI1NiJ9.eyJzdWIiOiJmZDE2M2QxYy01YmQ2LTRjNDItOWE3My0wZGU0YzI1YWU5MzMiLCJhZG1pbiI6dHJ1ZSwiaWF0IjoxNzAxNzA1OTEzfQ.dW_qkwPe-FX-r9IFLI-XkT9GIQpXfHnlM3E9LC-SGsQ"}
device_1 | {"level":"info","message":"GET /devices/827d1a81-11e8-407c-8539-8b24514f8c3c? 200 14ms","method":"GET","requestID":"e8bbb000-92be-11ee-b645-7f04f10d7150","responseTime":14,"status":200,"url":"/devices/827d1a81-11e8-407c-8539-8b24514f8c3c?"}
authorization_1 | {"level":"info","message":"POST /authorize 200 10ms","meta":{"req":{"headers":{"accept":"*/*","accept-encoding":"gzip, deflate","accept-language":"*","connection":"keep-alive","content-length":"279","content-type":"application/json","host":"127.0.0.1:3010","sec-fetch-mode":"cors","user-agent":"node","x-authorization-psk":"TestPSK"},"httpVersion":"1.1","method":"POST","originalUrl":"/authorize","query":{},"url":"/authorize"},"res":{"statusCode":200},"responseTime":10}}
device_1 | {"level":"info","message":"getDevicesByDeviceId succeeded"}
device_1 | {"level":"info","message":"GET /devices/81d1e813-767c-4d79-8c6c-a712cad1fa3c? 200 17ms","method":"GET","requestID":"e8bbfe20-92be-11ee-b645-7f04f10d7150","responseTime":17,"status":200,"url":"/devices/81d1e813-767c-4d79-8c6c-a712cad1fa3c?"}
experiment_1 | {"data":{"experimentUrl":"http://localhost/experiments/ae43664c-f641-4233-a2e3-43c5067b3772"},"level":"info","message":"Setting up experiment"}
experiment_1 | {"data":{"experimentUrl":"http://localhost/experiments/ae43664c-f641-4233-a2e3-43c5067b3772"},"level":"info","message":"Attempting to lock booking for experiment"}
experiment_1 | {"data":{"experimentUrl":"http://localhost/experiments/ae43664c-f641-4233-a2e3-43c5067b3772"},"level":"info","message":"Successfully locked booking for experiment"}
experiment_1 | {"data":{"experimentUrl":"http://localhost/experiments/ae43664c-f641-4233-a2e3-43c5067b3772"},"level":"info","message":"Attempting to instantiate devices for experiment"}
experiment_1 | {"data":{"experimentUrl":"http://localhost/experiments/ae43664c-f641-4233-a2e3-43c5067b3772"},"level":"info","message":"Successfully instantiated devices for experiment"}
experiment_1 | {"data":{"experimentUrl":"http://localhost/experiments/ae43664c-f641-4233-a2e3-43c5067b3772"},"level":"info","message":"Attempting to update booking for experiment"}
experiment_1 | {"data":{"experimentUrl":"http://localhost/experiments/ae43664c-f641-4233-a2e3-43c5067b3772"},"level":"info","message":"Successfully updated booking for experiment"}
experiment_1 | {"data":{"experimentUrl":"http://localhost/experiments/ae43664c-f641-4233-a2e3-43c5067b3772"},"level":"info","message":"Successfully set up experiment"}
device_1 | {"level":"info","message":"getDevicesByDeviceId called"}
device_1 | {"level":"info","message":"getDevicesByDeviceId called"}
authorization_1 | {"client_addr":"127.0.0.1:54572","level":"info","msg":"Received request.","req_id":169,"req_method":"POST","req_path":"/v1/data/crosslab","subsystem":"opa","time":"2023-12-04T16:05:14Z"}
authorization_1 | {"client_addr":"127.0.0.1:54572","level":"info","msg":"Sent response.","req_id":169,"req_method":"POST","req_path":"/v1/data/crosslab","resp_bytes":447,"resp_duration":1.48771,"resp_status":200,"subsystem":"opa","time":"2023-12-04T16:05:14Z"}
experiment_1 | {"data":{"experimentUrl":"http://localhost/experiments/ae43664c-f641-4233-a2e3-43c5067b3772"},"level":"info","message":"Successfully running experiment"}
authorization_1 | {"action":"view","level":"info","message":"opa_check","object":"device:http://localhost/devices/827d1a81-11e8-407c-8539-8b24514f8c3c","openfga":{"authorization_model_id":"01HGTRPDRAREZVVDD5Z5RZ7EA5","store":"01HGTRPDQAQB7YS9HP4QN497YP"},"response":{"result":{"allow":true,"enc":"user:fd163d1c-5bd6-4c42-9a73-0de4c25ae933","object":"device:http://localhost/devices/827d1a81-11e8-407c-8539-8b24514f8c3c","object_type":"device","payload":{"admin":true,"iat":1701705913,"sub":"fd163d1c-5bd6-4c42-9a73-0de4c25ae933"},"rebac_allow":true,"scope_allow":true,"scopes":["read","write","connect"],"subject":"user:fd163d1c-5bd6-4c42-9a73-0de4c25ae933","subject_alt":"fd163d1c-5bd6-4c42-9a73-0de4c25ae933"}},"subject":"eyJhbGciOiJIUzI1NiJ9.eyJzdWIiOiJmZDE2M2QxYy01YmQ2LTRjNDItOWE3My0wZGU0YzI1YWU5MzMiLCJhZG1pbiI6dHJ1ZSwiaWF0IjoxNzAxNzA1OTEzfQ.dW_qkwPe-FX-r9IFLI-XkT9GIQpXfHnlM3E9LC-SGsQ"}
authorization_1 | {"level":"info","message":"POST /authorize 200 6ms","meta":{"req":{"headers":{"accept":"*/*","accept-encoding":"gzip, deflate","accept-language":"*","connection":"keep-alive","content-length":"279","content-type":"application/json","host":"127.0.0.1:3010","sec-fetch-mode":"cors","user-agent":"node","x-authorization-psk":"TestPSK"},"httpVersion":"1.1","method":"POST","originalUrl":"/authorize","query":{},"url":"/authorize"},"res":{"statusCode":200},"responseTime":6}}
authorization_1 | {"client_addr":"127.0.0.1:48200","level":"info","msg":"Received request.","req_id":170,"req_method":"POST","req_path":"/v1/data/crosslab","subsystem":"opa","time":"2023-12-04T16:05:14Z"}
authorization_1 | {"client_addr":"127.0.0.1:48200","level":"info","msg":"Sent response.","req_id":170,"req_method":"POST","req_path":"/v1/data/crosslab","resp_bytes":447,"resp_duration":0.875827,"resp_status":200,"subsystem":"opa","time":"2023-12-04T16:05:14Z"}
authorization_1 | {"action":"view","level":"info","message":"opa_check","object":"device:http://localhost/devices/81d1e813-767c-4d79-8c6c-a712cad1fa3c","openfga":{"authorization_model_id":"01HGTRPDRAREZVVDD5Z5RZ7EA5","store":"01HGTRPDQAQB7YS9HP4QN497YP"},"response":{"result":{"allow":true,"enc":"user:fd163d1c-5bd6-4c42-9a73-0de4c25ae933","object":"device:http://localhost/devices/81d1e813-767c-4d79-8c6c-a712cad1fa3c","object_type":"device","payload":{"admin":true,"iat":1701705913,"sub":"fd163d1c-5bd6-4c42-9a73-0de4c25ae933"},"rebac_allow":true,"scope_allow":true,"scopes":["read","write","connect"],"subject":"user:fd163d1c-5bd6-4c42-9a73-0de4c25ae933","subject_alt":"fd163d1c-5bd6-4c42-9a73-0de4c25ae933"}},"subject":"eyJhbGciOiJIUzI1NiJ9.eyJzdWIiOiJmZDE2M2QxYy01YmQ2LTRjNDItOWE3My0wZGU0YzI1YWU5MzMiLCJhZG1pbiI6dHJ1ZSwiaWF0IjoxNzAxNzA1OTEzfQ.dW_qkwPe-FX-r9IFLI-XkT9GIQpXfHnlM3E9LC-SGsQ"}
authorization_1 | {"level":"info","message":"POST /authorize 200 6ms","meta":{"req":{"headers":{"accept":"*/*","accept-encoding":"gzip, deflate","accept-language":"*","connection":"keep-alive","content-length":"279","content-type":"application/json","host":"127.0.0.1:3010","sec-fetch-mode":"cors","user-agent":"node","x-authorization-psk":"TestPSK"},"httpVersion":"1.1","method":"POST","originalUrl":"/authorize","query":{},"url":"/authorize"},"res":{"statusCode":200},"responseTime":6}}
device_1 | {"level":"info","message":"getDevicesByDeviceId succeeded"}
device_1 | {"level":"info","message":"GET /devices/827d1a81-11e8-407c-8539-8b24514f8c3c? 200 14ms","method":"GET","requestID":"e8f5d2d0-92be-11ee-b645-7f04f10d7150","responseTime":14,"status":200,"url":"/devices/827d1a81-11e8-407c-8539-8b24514f8c3c?"}
device_1 | {"level":"info","message":"getDevicesByDeviceId succeeded"}
device_1 | {"level":"info","message":"GET /devices/81d1e813-767c-4d79-8c6c-a712cad1fa3c? 200 13ms","method":"GET","requestID":"e8f64800-92be-11ee-b645-7f04f10d7150","responseTime":13,"status":200,"url":"/devices/81d1e813-767c-4d79-8c6c-a712cad1fa3c?"}
experiment_1 | {"data":{"experimentUrl":"http://localhost/experiments/ae43664c-f641-4233-a2e3-43c5067b3772"},"level":"info","message":"Attempting to create peerconnections for experiment"}
experiment_1 | {"data":{"experimentUrl":"http://localhost/experiments/ae43664c-f641-4233-a2e3-43c5067b3772"},"level":"info","message":"Building connection plan"}
experiment_1 | {"data":{"pairwiseServiceConfigurations":[{"configuration":{},"participants":[{"config":{"interfaces":[{"busId":"gpio1","direction":"out","driver":"device1","interfaceId":1,"interfaceType":"gpio","signals":{"gpio":"gpio1"}},{"busId":"gpio2","direction":"out","driver":"device1","interfaceId":2,"interfaceType":"gpio","signals":{"gpio":"gpio2"}}]},"role":"device1","serviceId":"electrical","uuid":"d8f38d8f-d66e-4b45-a5b0-b74550e8b77e"},{"config":{"interfaces":[{"busId":"gpio1","direction":"in","driver":"device2","interfaceId":1,"interfaceType":"gpio","signals":{"gpio":"gpio1"}},{"busId":"gpio2","direction":"in","driver":"device2","interfaceId":2,"interfaceType":"gpio","signals":{"gpio":"gpio2"}}]},"role":"device2","serviceId":"electrical","uuid":"a915a50e-d89c-4e79-8f7b-5dedcc403994"}],"serviceType":"http://api.goldi-labs.de/serviceTypes/electrical","uuid":"0901203b-85f7-48fd-8c0b-c43020b7504e"}]},"level":"info","message":"Built pairwise service configurations"}
experiment_1 | {"data":{"connectionPlan":[{"devices":[{"config":{"services":[{"interfaces":[{"busId":"gpio1","direction":"in","driver":"device2","interfaceId":1,"interfaceType":"gpio","signals":{"gpio":"gpio1"}},{"busId":"gpio2","direction":"in","driver":"device2","interfaceId":2,"interfaceType":"gpio","signals":{"gpio":"gpio2"}}],"remoteServiceId":"electrical","serviceId":"electrical","serviceType":"http://api.goldi-labs.de/serviceTypes/electrical"}]},"url":"http://localhost/devices/81d1e813-767c-4d79-8c6c-a712cad1fa3c"},{"config":{"services":[{"interfaces":[{"busId":"gpio1","direction":"out","driver":"device1","interfaceId":1,"interfaceType":"gpio","signals":{"gpio":"gpio1"}},{"busId":"gpio2","direction":"out","driver":"device1","interfaceId":2,"interfaceType":"gpio","signals":{"gpio":"gpio2"}}],"remoteServiceId":"electrical","serviceId":"electrical","serviceType":"http://api.goldi-labs.de/serviceTypes/electrical"}]},"url":"http://localhost/devices/827d1a81-11e8-407c-8539-8b24514f8c3c"}],"type":"webrtc"}]},"level":"info","message":"Built connection plan"}
device_1 | {"level":"info","message":"postPeerconnections called"}
authorization_1 | {"client_addr":"127.0.0.1:54572","level":"info","msg":"Received request.","req_id":171,"req_method":"POST","req_path":"/v1/data/crosslab","subsystem":"opa","time":"2023-12-04T16:05:14Z"}
authorization_1 | {"client_addr":"127.0.0.1:54572","level":"info","msg":"Sent response.","req_id":171,"req_method":"POST","req_path":"/v1/data/crosslab","resp_bytes":412,"resp_duration":0.789699,"resp_status":200,"subsystem":"opa","time":"2023-12-04T16:05:14Z"}
authorization_1 | {"action":"create","level":"info","message":"opa_check","object":"peerconnection:~~~TYPE~~~","openfga":{"authorization_model_id":"01HGTRPDRAREZVVDD5Z5RZ7EA5","store":"01HGTRPDQAQB7YS9HP4QN497YP"},"response":{"result":{"allow":true,"enc":"user:fd163d1c-5bd6-4c42-9a73-0de4c25ae933","object":"peerconnection:~~~TYPE~~~","object_type":"peerconnection","payload":{"admin":true,"iat":1701705913,"sub":"fd163d1c-5bd6-4c42-9a73-0de4c25ae933"},"rebac_allow":true,"scope_allow":true,"scopes":["read","write","connect"],"subject":"user:fd163d1c-5bd6-4c42-9a73-0de4c25ae933","subject_alt":"fd163d1c-5bd6-4c42-9a73-0de4c25ae933"}},"subject":"eyJhbGciOiJIUzI1NiJ9.eyJzdWIiOiJmZDE2M2QxYy01YmQ2LTRjNDItOWE3My0wZGU0YzI1YWU5MzMiLCJhZG1pbiI6dHJ1ZSwiaWF0IjoxNzAxNzA1OTEzfQ.dW_qkwPe-FX-r9IFLI-XkT9GIQpXfHnlM3E9LC-SGsQ"}
authorization_1 | {"level":"info","message":"POST /authorize 200 4ms","meta":{"req":{"headers":{"accept":"*/*","accept-encoding":"gzip, deflate","accept-language":"*","connection":"keep-alive","content-length":"227","content-type":"application/json","host":"127.0.0.1:3010","sec-fetch-mode":"cors","user-agent":"node","x-authorization-psk":"TestPSK"},"httpVersion":"1.1","method":"POST","originalUrl":"/authorize","query":{},"url":"/authorize"},"res":{"statusCode":200},"responseTime":4}}
authorization_1 | {"authorization_model_id":"01HGTRPDRAREZVVDD5Z5RZ7EA5","build.commit":"bc6a45ade4ae02d389b2588ae3bb4676fdcf77ec","build.version":"v1.2.0","error":"rpc error: code = Code(2000) desc = Invalid tuple 'experiment:http%3A%2F%2Flocalhost%2Fexperiments%2Fae43664c-f641-4233-a2e3-43c5067b3772#owner@fd163d1c-5bd6-4c42-9a73-0de4c25ae933'. Reason: the 'user' field must be an object (e.g. document:1) or an 'object#relation' or a typed wildcard (e.g. group:*)","grpc_code":2000,"grpc_method":"Write","grpc_service":"openfga.v1.OpenFGAService","grpc_type":"unary","level":"info","message":"grpc_req_complete","peer.address":"127.0.0.1:35894","raw_request":{"authorization_model_id":"01HGTRPDRAREZVVDD5Z5RZ7EA5","deletes":null,"store_id":"01HGTRPDQAQB7YS9HP4QN497YP","writes":{"tuple_keys":[{"object":"experiment:http%3A%2F%2Flocalhost%2Fexperiments%2Fae43664c-f641-4233-a2e3-43c5067b3772","relation":"owner","user":"fd163d1c-5bd6-4c42-9a73-0de4c25ae933"}]}},"raw_response":{},"request_id":"df46de20-f72f-4c40-8b7c-a1a623314780","store_id":"01HGTRPDQAQB7YS9HP4QN497YP","subsystem":"openfga","timestamp":1701705914.6507523}
authorization_1 | {"build.commit":"bc6a45ade4ae02d389b2588ae3bb4676fdcf77ec","build.version":"v1.2.0","grpc_code":0,"grpc_method":"ReadAuthorizationModel","grpc_service":"openfga.v1.OpenFGAService","grpc_type":"unary","level":"info","message":"grpc_req_complete","peer.address":"127.0.0.1:35894","raw_request":{"id":"01HGTRPDRAREZVVDD5Z5RZ7EA5","store_id":"01HGTRPDQAQB7YS9HP4QN497YP"},"raw_response":{"authorization_model":{"id":"01HGTRPDRAREZVVDD5Z5RZ7EA5","schema_version":"1.1","type_definitions":[{"metadata":{"relations":{"viewer":{"directly_related_user_types":[{"type":"user"}]}}},"relations":{"viewer":{"this":{}}},"type":"user"},{"metadata":{"relations":{"owner":{"directly_related_user_types":[{"type":"user"}]},"viewer":{"directly_related_user_types":[{"type":"user"}]}}},"relations":{"owner":{"this":{}},"viewer":{"union":{"child":[{"this":{}},{"computedUserset":{"object":"","relation":"owner"}}]}}},"type":"device"},{"metadata":{"relations":{"owner":{"directly_related_user_types":[{"type":"user"}]},"viewer":{"directly_related_user_types":[{"type":"user"}]}}},"relations":{"owner":{"this":{}},"viewer":{"union":{"child":[{"this":{}},{"computedUserset":{"object":"","relation":"owner"}}]}}},"type":"experiment"},{"metadata":{"relations":{"owner":{"directly_related_user_types":[{"type":"user"}]},"viewer":{"directly_related_user_types":[{"type":"user"}]}}},"relations":{"owner":{"this":{}},"viewer":{"union":{"child":[{"this":{}},{"computedUserset":{"object":"","relation":"owner"}}]}}},"type":"peerconnection"},{"metadata":{"relations":{"owner":{"directly_related_user_types":[{"type":"user"}]},"viewer":{"directly_related_user_types":[{"type":"user"}]}}},"relations":{"owner":{"this":{}},"viewer":{"union":{"child":[{"this":{}},{"computedUserset":{"object":"","relation":"owner"}}]}}},"type":"booking"},{"metadata":{"relations":{"owner":{"directly_related_user_types":[{"type":"user"}]},"viewer":{"directly_related_user_types":[{"type":"user"}]}}},"relations":{"owner":{"this":{}},"viewer":{"union":{"child":[{"this":{}},{"computedUserset":{"object":"","relation":"owner"}}]}}},"type":"federation"}]}},"request_id":"200ae049-d010-44d1-a7c0-e30724f6e9c1","store_id":"01HGTRPDQAQB7YS9HP4QN497YP","subsystem":"openfga","timestamp":1701705914.6509538}
authorization_1 | {"level":"info","message":"POST /relations/update 200 149ms","meta":{"req":{"headers":{"accept":"*/*","accept-encoding":"gzip, deflate","accept-language":"*","connection":"keep-alive","content-length":"179","content-type":"application/json","host":"127.0.0.1:3010","sec-fetch-mode":"cors","user-agent":"node","x-authorization-psk":"TestPSK"},"httpVersion":"1.1","method":"POST","originalUrl":"/relations/update","query":{},"url":"/relations/update"},"res":{"statusCode":200},"responseTime":149}}
authorization_1 | {"authorization_model_id":"01HGTRPDRAREZVVDD5Z5RZ7EA5","build.commit":"bc6a45ade4ae02d389b2588ae3bb4676fdcf77ec","build.version":"v1.2.0","error":"rpc error: code = Code(2000) desc = Invalid tuple 'peerconnection:http%3A%2F%2Flocalhost%2Fpeerconnections%2Fundefined#owner@fd163d1c-5bd6-4c42-9a73-0de4c25ae933'. Reason: the 'user' field must be an object (e.g. document:1) or an 'object#relation' or a typed wildcard (e.g. group:*)","grpc_code":2000,"grpc_method":"Write","grpc_service":"openfga.v1.OpenFGAService","grpc_type":"unary","level":"info","message":"grpc_req_complete","peer.address":"127.0.0.1:35894","raw_request":{"authorization_model_id":"01HGTRPDRAREZVVDD5Z5RZ7EA5","deletes":null,"store_id":"01HGTRPDQAQB7YS9HP4QN497YP","writes":{"tuple_keys":[{"object":"peerconnection:http%3A%2F%2Flocalhost%2Fpeerconnections%2Fundefined","relation":"owner","user":"fd163d1c-5bd6-4c42-9a73-0de4c25ae933"}]}},"raw_response":{},"request_id":"5dd9b2f1-1667-4038-be27-f1c6c8e9e0d9","store_id":"01HGTRPDQAQB7YS9HP4QN497YP","subsystem":"openfga","timestamp":1701705914.6527286}
authorization_1 | {"build.commit":"bc6a45ade4ae02d389b2588ae3bb4676fdcf77ec","build.version":"v1.2.0","grpc_code":0,"grpc_method":"ReadAuthorizationModel","grpc_service":"openfga.v1.OpenFGAService","grpc_type":"unary","level":"info","message":"grpc_req_complete","peer.address":"127.0.0.1:35894","raw_request":{"id":"01HGTRPDRAREZVVDD5Z5RZ7EA5","store_id":"01HGTRPDQAQB7YS9HP4QN497YP"},"raw_response":{"authorization_model":{"id":"01HGTRPDRAREZVVDD5Z5RZ7EA5","schema_version":"1.1","type_definitions":[{"metadata":{"relations":{"viewer":{"directly_related_user_types":[{"type":"user"}]}}},"relations":{"viewer":{"this":{}}},"type":"user"},{"metadata":{"relations":{"owner":{"directly_related_user_types":[{"type":"user"}]},"viewer":{"directly_related_user_types":[{"type":"user"}]}}},"relations":{"owner":{"this":{}},"viewer":{"union":{"child":[{"this":{}},{"computedUserset":{"object":"","relation":"owner"}}]}}},"type":"device"},{"metadata":{"relations":{"owner":{"directly_related_user_types":[{"type":"user"}]},"viewer":{"directly_related_user_types":[{"type":"user"}]}}},"relations":{"owner":{"this":{}},"viewer":{"union":{"child":[{"this":{}},{"computedUserset":{"object":"","relation":"owner"}}]}}},"type":"experiment"},{"metadata":{"relations":{"owner":{"directly_related_user_types":[{"type":"user"}]},"viewer":{"directly_related_user_types":[{"type":"user"}]}}},"relations":{"owner":{"this":{}},"viewer":{"union":{"child":[{"this":{}},{"computedUserset":{"object":"","relation":"owner"}}]}}},"type":"peerconnection"},{"metadata":{"relations":{"owner":{"directly_related_user_types":[{"type":"user"}]},"viewer":{"directly_related_user_types":[{"type":"user"}]}}},"relations":{"owner":{"this":{}},"viewer":{"union":{"child":[{"this":{}},{"computedUserset":{"object":"","relation":"owner"}}]}}},"type":"booking"},{"metadata":{"relations":{"owner":{"directly_related_user_types":[{"type":"user"}]},"viewer":{"directly_related_user_types":[{"type":"user"}]}}},"relations":{"owner":{"this":{}},"viewer":{"union":{"child":[{"this":{}},{"computedUserset":{"object":"","relation":"owner"}}]}}},"type":"federation"}]}},"request_id":"a0997b10-44eb-44b1-9470-dcf31f6f10e6","store_id":"01HGTRPDQAQB7YS9HP4QN497YP","subsystem":"openfga","timestamp":1701705914.6531277}
authorization_1 | {"level":"info","message":"POST /relations/update 200 136ms","meta":{"req":{"headers":{"accept":"*/*","accept-encoding":"gzip, deflate","accept-language":"*","connection":"keep-alive","content-length":"160","content-type":"application/json","host":"127.0.0.1:3010","sec-fetch-mode":"cors","user-agent":"node","x-authorization-psk":"TestPSK"},"httpVersion":"1.1","method":"POST","originalUrl":"/relations/update","query":{},"url":"/relations/update"},"res":{"statusCode":200},"responseTime":136}}
experiment_1 | {"data":{"experiment":"http://localhost/experiments/ae43664c-f641-4233-a2e3-43c5067b3772","user":"fd163d1c-5bd6-4c42-9a73-0de4c25ae933"},"level":"info","message":"Successfully handled POST request on endpoint /experiments"}
experiment_1 | {"level":"info","message":"POST /experiments 201 817ms","method":"POST","requestID":"bb6b805ce0472827c29ea51c161d7f47","responseTime":817,"status":201,"url":"/experiments"}
gateway_1 | {"time_local":"04/Dec/2023:16:05:14 +0000","remote_addr":"127.0.0.1","remote_user":"","request":"POST /experiments HTTP/1.1","status": "201","body_bytes_sent":"1291","request_time":"0.826","http_referrer":"","http_user_agent":"node-fetch/1.0 (+https://github.com/bitinn/node-fetch)","requestID":"bb6b805ce0472827c29ea51c161d7f47"}
authentication_1 | {"jwt":"eyJhbGciOiJIUzI1NiJ9.eyJzdWIiOiJmZDE2M2QxYy01YmQ2LTRjNDItOWE3My0wZGU0YzI1YWU5MzMiLCJhZG1pbiI6dHJ1ZSwiaWF0IjoxNzAxNzA1OTE0fQ.1fY0mZMZmqZOXJ6_n5nbOl2pEkaEmJ6FHJ2mIF6N9RM","level":"info","message":"auth send jwt","requestID":"5149506959f8cf3ad5761b62fda9a001"}
authentication_1 | {"level":"info","message":"GET /auth 200 4ms","method":"GET","requestID":"5149506959f8cf3ad5761b62fda9a001","responseTime":4,"status":200,"url":"/auth"}
device_1 | {"level":"info","message":"getDevicesByDeviceId called"}
authorization_1 | {"client_addr":"127.0.0.1:54572","level":"info","msg":"Received request.","req_id":172,"req_method":"POST","req_path":"/v1/data/crosslab","subsystem":"opa","time":"2023-12-04T16:05:14Z"}
authorization_1 | {"client_addr":"127.0.0.1:54572","level":"info","msg":"Sent response.","req_id":172,"req_method":"POST","req_path":"/v1/data/crosslab","resp_bytes":447,"resp_duration":0.824945,"resp_status":200,"subsystem":"opa","time":"2023-12-04T16:05:14Z"}
authorization_1 | {"action":"view","level":"info","message":"opa_check","object":"device:http://localhost/devices/827d1a81-11e8-407c-8539-8b24514f8c3c","openfga":{"authorization_model_id":"01HGTRPDRAREZVVDD5Z5RZ7EA5","store":"01HGTRPDQAQB7YS9HP4QN497YP"},"response":{"result":{"allow":true,"enc":"user:fd163d1c-5bd6-4c42-9a73-0de4c25ae933","object":"device:http://localhost/devices/827d1a81-11e8-407c-8539-8b24514f8c3c","object_type":"device","payload":{"admin":true,"iat":1701705914,"sub":"fd163d1c-5bd6-4c42-9a73-0de4c25ae933"},"rebac_allow":true,"scope_allow":true,"scopes":["read","write","connect"],"subject":"user:fd163d1c-5bd6-4c42-9a73-0de4c25ae933","subject_alt":"fd163d1c-5bd6-4c42-9a73-0de4c25ae933"}},"subject":"eyJhbGciOiJIUzI1NiJ9.eyJzdWIiOiJmZDE2M2QxYy01YmQ2LTRjNDItOWE3My0wZGU0YzI1YWU5MzMiLCJhZG1pbiI6dHJ1ZSwiaWF0IjoxNzAxNzA1OTE0fQ.1fY0mZMZmqZOXJ6_n5nbOl2pEkaEmJ6FHJ2mIF6N9RM"}
authorization_1 | {"level":"info","message":"POST /authorize 200 4ms","meta":{"req":{"headers":{"accept":"*/*","accept-encoding":"gzip, deflate","accept-language":"*","connection":"keep-alive","content-length":"279","content-type":"application/json","host":"127.0.0.1:3010","sec-fetch-mode":"cors","user-agent":"node","x-authorization-psk":"TestPSK"},"httpVersion":"1.1","method":"POST","originalUrl":"/authorize","query":{},"url":"/authorize"},"res":{"statusCode":200},"responseTime":4}}
device_1 | {"level":"info","message":"postPeerconnections: registering closed-callback for 'http://localhost/callbacks/experiment'"}
device_1 | {"level":"info","message":"postPeerconnections: registering status-changed-callback for 'http://localhost/callbacks/experiment'"}
device_1 | {"level":"info","message":"Trying to create signaling queues for peerconnection 'http://localhost/peerconnections/a4b39790-0689-460f-90c9-8a0612c4eee2'"}
device_1 | {"level":"info","message":"Successfully created signaling queues for peerconnection 'http://localhost/peerconnections/a4b39790-0689-460f-90c9-8a0612c4eee2'"}
device_1 | {"level":"info","message":"postPeerconnections succeeded"}
device_1 | {"level":"info","message":"POST /peerconnections?closedUrl=http%3A%2F%2Flocalhost%2Fcallbacks%2Fexperiment&statusChangedUrl=http%3A%2F%2Flocalhost%2Fcallbacks%2Fexperiment 201 291ms","method":"POST","requestID":"e8f8b900-92be-11ee-b645-7f04f10d7150","responseTime":291,"status":201,"url":"/peerconnections?closedUrl=http%3A%2F%2Flocalhost%2Fcallbacks%2Fexperiment&statusChangedUrl=http%3A%2F%2Flocalhost%2Fcallbacks%2Fexperiment"}
device_1 | {"level":"info","message":"getDevicesByDeviceId succeeded"}
gateway_1 | {"time_local":"04/Dec/2023:16:05:14 +0000","remote_addr":"127.0.0.1","remote_user":"","request":"GET /devices/827d1a81-11e8-407c-8539-8b24514f8c3c? HTTP/1.1","status": "200","body_bytes_sent":"252","request_time":"0.135","http_referrer":"","http_user_agent":"node-fetch/1.0 (+https://github.com/bitinn/node-fetch)","requestID":"5149506959f8cf3ad5761b62fda9a001"}
device_1 | {"level":"info","message":"GET /devices/827d1a81-11e8-407c-8539-8b24514f8c3c? 200 130ms","method":"GET","requestID":"5149506959f8cf3ad5761b62fda9a001","responseTime":130,"status":200,"url":"/devices/827d1a81-11e8-407c-8539-8b24514f8c3c?"}
device_1 | {"level":"info","message":"deviceAHasVideo: false, deviceBHasVideo: false"}
authentication_1 | {"jwt":"eyJhbGciOiJIUzI1NiJ9.eyJzdWIiOiJmZDE2M2QxYy01YmQ2LTRjNDItOWE3My0wZGU0YzI1YWU5MzMiLCJhZG1pbiI6dHJ1ZSwiaWF0IjoxNzAxNzA1OTE0fQ.1fY0mZMZmqZOXJ6_n5nbOl2pEkaEmJ6FHJ2mIF6N9RM","level":"info","message":"auth send jwt","requestID":"8968e41549239aec7c7401e3365261a9"}
authentication_1 | {"level":"info","message":"GET /auth 200 4ms","method":"GET","requestID":"8968e41549239aec7c7401e3365261a9","responseTime":4,"status":200,"url":"/auth"}
device_1 | {"level":"info","message":"getDevicesByDeviceId called"}
authorization_1 | {"client_addr":"127.0.0.1:54572","level":"info","msg":"Received request.","req_id":173,"req_method":"POST","req_path":"/v1/data/crosslab","subsystem":"opa","time":"2023-12-04T16:05:14Z"}
authorization_1 | {"client_addr":"127.0.0.1:54572","level":"info","msg":"Sent response.","req_id":173,"req_method":"POST","req_path":"/v1/data/crosslab","resp_bytes":447,"resp_duration":0.896088,"resp_status":200,"subsystem":"opa","time":"2023-12-04T16:05:14Z"}
authorization_1 | {"action":"view","level":"info","message":"opa_check","object":"device:http://localhost/devices/81d1e813-767c-4d79-8c6c-a712cad1fa3c","openfga":{"authorization_model_id":"01HGTRPDRAREZVVDD5Z5RZ7EA5","store":"01HGTRPDQAQB7YS9HP4QN497YP"},"response":{"result":{"allow":true,"enc":"user:fd163d1c-5bd6-4c42-9a73-0de4c25ae933","object":"device:http://localhost/devices/81d1e813-767c-4d79-8c6c-a712cad1fa3c","object_type":"device","payload":{"admin":true,"iat":1701705914,"sub":"fd163d1c-5bd6-4c42-9a73-0de4c25ae933"},"rebac_allow":true,"scope_allow":true,"scopes":["read","write","connect"],"subject":"user:fd163d1c-5bd6-4c42-9a73-0de4c25ae933","subject_alt":"fd163d1c-5bd6-4c42-9a73-0de4c25ae933"}},"subject":"eyJhbGciOiJIUzI1NiJ9.eyJzdWIiOiJmZDE2M2QxYy01YmQ2LTRjNDItOWE3My0wZGU0YzI1YWU5MzMiLCJhZG1pbiI6dHJ1ZSwiaWF0IjoxNzAxNzA1OTE0fQ.1fY0mZMZmqZOXJ6_n5nbOl2pEkaEmJ6FHJ2mIF6N9RM"}
authorization_1 | {"level":"info","message":"POST /authorize 200 4ms","meta":{"req":{"headers":{"accept":"*/*","accept-encoding":"gzip, deflate","accept-language":"*","connection":"keep-alive","content-length":"279","content-type":"application/json","host":"127.0.0.1:3010","sec-fetch-mode":"cors","user-agent":"node","x-authorization-psk":"TestPSK"},"httpVersion":"1.1","method":"POST","originalUrl":"/authorize","query":{},"url":"/authorize"},"res":{"statusCode":200},"responseTime":4}}
device_1 | {"level":"info","message":"getDevicesByDeviceId succeeded"}
gateway_1 | {"time_local":"04/Dec/2023:16:05:14 +0000","remote_addr":"127.0.0.1","remote_user":"","request":"GET /devices/81d1e813-767c-4d79-8c6c-a712cad1fa3c? HTTP/1.1","status": "200","body_bytes_sent":"791","request_time":"0.015","http_referrer":"","http_user_agent":"node-fetch/1.0 (+https://github.com/bitinn/node-fetch)","requestID":"8968e41549239aec7c7401e3365261a9"}
device_1 | {"level":"info","message":"GET /devices/81d1e813-767c-4d79-8c6c-a712cad1fa3c? 200 8ms","method":"GET","requestID":"8968e41549239aec7c7401e3365261a9","responseTime":8,"status":200,"url":"/devices/81d1e813-767c-4d79-8c6c-a712cad1fa3c?"}
device_1 | {"data":{"peerconnection":"a4b39790-0689-460f-90c9-8a0612c4eee2","statusDeviceA":"new","statusDeviceB":"new"},"level":"info","message":"peerconnection devices status info"}
experiment_1 | {"data":{"experimentUrl":"http://localhost/experiments/ae43664c-f641-4233-a2e3-43c5067b3772"},"level":"info","message":"Successfully created peerconnections for experiment"}
