authorization_1 | {"action":"edit","level":"info","message":"opa_check","object":"device:http://localhost/devices/fa313a36-a262-4d01-840e-ecdd86458aea","openfga":{"authorization_model_id":"01HGTRPDRAREZVVDD5Z5RZ7EA5","store":"01HGTRPDQAQB7YS9HP4QN497YP"},"response":{"result":{"allow":true,"enc":"user:fd163d1c-5bd6-4c42-9a73-0de4c25ae933","object":"device:http://localhost/devices/fa313a36-a262-4d01-840e-ecdd86458aea","object_type":"device","payload":{"admin":true,"iat":1701705964,"sub":"fd163d1c-5bd6-4c42-9a73-0de4c25ae933"},"rebac_allow":true,"scope_allow":true,"scopes":["read","write","connect"],"subject":"user:fd163d1c-5bd6-4c42-9a73-0de4c25ae933","subject_alt":"fd163d1c-5bd6-4c42-9a73-0de4c25ae933"}},"subject":"eyJhbGciOiJIUzI1NiJ9.eyJzdWIiOiJmZDE2M2QxYy01YmQ2LTRjNDItOWE3My0wZGU0YzI1YWU5MzMiLCJhZG1pbiI6dHJ1ZSwiaWF0IjoxNzAxNzA1OTY0fQ.88QTbnkXt6rOBcJvaN_X7Ddq4ZpLLcr15fVxolgyaTM"}
authorization_1 | {"level":"info","message":"POST /authorize 200 5ms","meta":{"req":{"headers":{"accept":"*/*","accept-encoding":"gzip, deflate","accept-language":"*","connection":"keep-alive","content-length":"279","content-type":"application/json","host":"127.0.0.1:3010","sec-fetch-mode":"cors","user-agent":"node","x-authorization-psk":"TestPSK"},"httpVersion":"1.1","method":"POST","originalUrl":"/authorize","query":{},"url":"/authorize"},"res":{"statusCode":200},"responseTime":5}}
device_1 | {"level":"info","message":"postDevicesByDeviceIdWebsocket succeeded"}
gateway_1 | {"time_local":"04/Dec/2023:16:06:04 +0000","remote_addr":"127.0.0.1","remote_user":"","request":"POST /devices/fa313a36-a262-4d01-840e-ecdd86458aea/websocket HTTP/1.1","status": "200","body_bytes_sent":"36","request_time":"0.131","http_referrer":"","http_user_agent":"Python/3.10 aiohttp/3.9.1","requestID":"e5de2fce1a559b8537ffd852c6b4745b"}
device_1 | {"level":"info","message":"POST /devices/fa313a36-a262-4d01-840e-ecdd86458aea/websocket 200 126ms","method":"POST","requestID":"e5de2fce1a559b8537ffd852c6b4745b","responseTime":126,"status":200,"url":"/devices/fa313a36-a262-4d01-840e-ecdd86458aea/websocket"}
device_1 | {"level":"info","message":"device 'http://localhost/devices/fa313a36-a262-4d01-840e-ecdd86458aea' connected"}
authentication_1 | {"level":"info","message":"auth error No token found","requestID":"f07cfd9f43a7268355a2ca7d7bbeff4b","stack":"Error: No token found\n at file:///usr/local/lib/node_modules/@crosslab/service-auth/app/auth/index.js:34:19\n at file:///usr/local/lib/node_modules/@crosslab/service-auth/app/generated/validation.js:39:26\n at Layer.handle [as handle_request] (/usr/local/lib/node_modules/@crosslab/service-auth/node_modules/express/lib/router/layer.js:95:5)\n at next (/usr/local/lib/node_modules/@crosslab/service-auth/node_modules/express/lib/router/route.js:144:13)\n at Route.dispatch (/usr/local/lib/node_modules/@crosslab/service-auth/node_modules/express/lib/router/route.js:114:3)\n at Layer.handle [as handle_request] (/usr/local/lib/node_modules/@crosslab/service-auth/node_modules/express/lib/router/layer.js:95:5)\n at /usr/local/lib/node_modules/@crosslab/service-auth/node_modules/express/lib/router/index.js:284:15\n at Function.process_params (/usr/local/lib/node_modules/@crosslab/service-auth/node_modules/express/lib/router/index.js:346:12)\n at next (/usr/local/lib/node_modules/@crosslab/service-auth/node_modules/express/lib/router/index.js:280:10)\n at Function.handle (/usr/local/lib/node_modules/@crosslab/service-auth/node_modules/express/lib/router/index.js:175:3)"}
authentication_1 | {"level":"info","message":"GET /auth 200 2ms","method":"GET","requestID":"f07cfd9f43a7268355a2ca7d7bbeff4b","responseTime":2,"status":200,"url":"/auth"}
gateway_1 | {"time_local":"04/Dec/2023:16:06:05 +0000","remote_addr":"127.0.0.1","remote_user":"","request":"OPTIONS /devices/1f5dfe4c-668f-49a2-9cac-9ae310c4bed5/websocket HTTP/1.1","status": "200","body_bytes_sent":"4","request_time":"0.004","http_referrer":"","http_user_agent":"Mozilla/5.0 (X11; Linux x86_64) AppleWebKit/537.36 (KHTML, like Gecko) HeadlessChrome/109.0.5414.0 Safari/537.36","requestID":"f07cfd9f43a7268355a2ca7d7bbeff4b"}
device_1 | {"level":"info","message":"OPTIONS /devices/1f5dfe4c-668f-49a2-9cac-9ae310c4bed5/websocket 200 1ms","method":"OPTIONS","requestID":"f07cfd9f43a7268355a2ca7d7bbeff4b","responseTime":1,"status":200,"url":"/devices/1f5dfe4c-668f-49a2-9cac-9ae310c4bed5/websocket"}
authentication_1 | {"jwt":"eyJhbGciOiJIUzI1NiJ9.eyJzdWIiOiJmZDE2M2QxYy01YmQ2LTRjNDItOWE3My0wZGU0YzI1YWU5MzMiLCJhZG1pbiI6dHJ1ZSwiaWF0IjoxNzAxNzA1OTY1fQ.kcxz4kS4gOO1d6-_CpYhlHM5BmBMbrsG_VOtlRsXHDY","level":"info","message":"auth send jwt","requestID":"db75a35c89a2c4682277f95abc1eeda1"}
authentication_1 | {"level":"info","message":"GET /auth 200 4ms","method":"GET","requestID":"db75a35c89a2c4682277f95abc1eeda1","responseTime":4,"status":200,"url":"/auth"}
device_1 | {"level":"info","message":"postDevicesByDeviceIdWebsocket called"}
authorization_1 | {"client_addr":"127.0.0.1:54572","level":"info","msg":"Received request.","req_id":319,"req_method":"POST","req_path":"/v1/data/crosslab","subsystem":"opa","time":"2023-12-04T16:06:05Z"}
authorization_1 | {"client_addr":"127.0.0.1:54572","level":"info","msg":"Sent response.","req_id":319,"req_method":"POST","req_path":"/v1/data/crosslab","resp_bytes":447,"resp_duration":1.232879,"resp_status":200,"subsystem":"opa","time":"2023-12-04T16:06:05Z"}
authorization_1 | {"action":"edit","level":"info","message":"opa_check","object":"device:http://localhost/devices/1f5dfe4c-668f-49a2-9cac-9ae310c4bed5","openfga":{"authorization_model_id":"01HGTRPDRAREZVVDD5Z5RZ7EA5","store":"01HGTRPDQAQB7YS9HP4QN497YP"},"response":{"result":{"allow":true,"enc":"user:fd163d1c-5bd6-4c42-9a73-0de4c25ae933","object":"device:http://localhost/devices/1f5dfe4c-668f-49a2-9cac-9ae310c4bed5","object_type":"device","payload":{"admin":true,"iat":1701705965,"sub":"fd163d1c-5bd6-4c42-9a73-0de4c25ae933"},"rebac_allow":true,"scope_allow":true,"scopes":["read","write","connect"],"subject":"user:fd163d1c-5bd6-4c42-9a73-0de4c25ae933","subject_alt":"fd163d1c-5bd6-4c42-9a73-0de4c25ae933"}},"subject":"eyJhbGciOiJIUzI1NiJ9.eyJzdWIiOiJmZDE2M2QxYy01YmQ2LTRjNDItOWE3My0wZGU0YzI1YWU5MzMiLCJhZG1pbiI6dHJ1ZSwiaWF0IjoxNzAxNzA1OTY1fQ.kcxz4kS4gOO1d6-_CpYhlHM5BmBMbrsG_VOtlRsXHDY"}
authorization_1 | {"level":"info","message":"POST /authorize 200 8ms","meta":{"req":{"headers":{"accept":"*/*","accept-encoding":"gzip, deflate","accept-language":"*","connection":"keep-alive","content-length":"279","content-type":"application/json","host":"127.0.0.1:3010","sec-fetch-mode":"cors","user-agent":"node","x-authorization-psk":"TestPSK"},"httpVersion":"1.1","method":"POST","originalUrl":"/authorize","query":{},"url":"/authorize"},"res":{"statusCode":200},"responseTime":8}}
device_1 | {"level":"info","message":"postDevicesByDeviceIdWebsocket succeeded"}
gateway_1 | {"time_local":"04/Dec/2023:16:06:05 +0000","remote_addr":"127.0.0.1","remote_user":"","request":"POST /devices/1f5dfe4c-668f-49a2-9cac-9ae310c4bed5/websocket HTTP/1.1","status": "200","body_bytes_sent":"36","request_time":"0.143","http_referrer":"","http_user_agent":"Mozilla/5.0 (X11; Linux x86_64) AppleWebKit/537.36 (KHTML, like Gecko) HeadlessChrome/109.0.5414.0 Safari/537.36","requestID":"db75a35c89a2c4682277f95abc1eeda1"}
device_1 | {"level":"info","message":"POST /devices/1f5dfe4c-668f-49a2-9cac-9ae310c4bed5/websocket 200 137ms","method":"POST","requestID":"db75a35c89a2c4682277f95abc1eeda1","responseTime":137,"status":200,"url":"/devices/1f5dfe4c-668f-49a2-9cac-9ae310c4bed5/websocket"}
device_1 | {"level":"info","message":"device 'http://localhost/devices/1f5dfe4c-668f-49a2-9cac-9ae310c4bed5' connected"}
authentication_1 | {"jwt":"eyJhbGciOiJIUzI1NiJ9.eyJzdWIiOiJmZDE2M2QxYy01YmQ2LTRjNDItOWE3My0wZGU0YzI1YWU5MzMiLCJhZG1pbiI6dHJ1ZSwiaWF0IjoxNzAxNzA1OTY1fQ.kcxz4kS4gOO1d6-_CpYhlHM5BmBMbrsG_VOtlRsXHDY","level":"info","message":"auth send jwt","requestID":"cc39ddb2f52db4c3e07410ddc8c5b9c0"}
authentication_1 | {"level":"info","message":"GET /auth 200 4ms","method":"GET","requestID":"cc39ddb2f52db4c3e07410ddc8c5b9c0","responseTime":4,"status":200,"url":"/auth"}
device_1 | {"level":"info","message":"getDevicesByDeviceId called"}
authorization_1 | {"client_addr":"127.0.0.1:54572","level":"info","msg":"Received request.","req_id":320,"req_method":"POST","req_path":"/v1/data/crosslab","subsystem":"opa","time":"2023-12-04T16:06:05Z"}
authorization_1 | {"client_addr":"127.0.0.1:54572","level":"info","msg":"Sent response.","req_id":320,"req_method":"POST","req_path":"/v1/data/crosslab","resp_bytes":447,"resp_duration":1.114377,"resp_status":200,"subsystem":"opa","time":"2023-12-04T16:06:05Z"}
authorization_1 | {"action":"view","level":"info","message":"opa_check","object":"device:http://localhost/devices/fa313a36-a262-4d01-840e-ecdd86458aea","openfga":{"authorization_model_id":"01HGTRPDRAREZVVDD5Z5RZ7EA5","store":"01HGTRPDQAQB7YS9HP4QN497YP"},"response":{"result":{"allow":true,"enc":"user:fd163d1c-5bd6-4c42-9a73-0de4c25ae933","object":"device:http://localhost/devices/fa313a36-a262-4d01-840e-ecdd86458aea","object_type":"device","payload":{"admin":true,"iat":1701705965,"sub":"fd163d1c-5bd6-4c42-9a73-0de4c25ae933"},"rebac_allow":true,"scope_allow":true,"scopes":["read","write","connect"],"subject":"user:fd163d1c-5bd6-4c42-9a73-0de4c25ae933","subject_alt":"fd163d1c-5bd6-4c42-9a73-0de4c25ae933"}},"subject":"eyJhbGciOiJIUzI1NiJ9.eyJzdWIiOiJmZDE2M2QxYy01YmQ2LTRjNDItOWE3My0wZGU0YzI1YWU5MzMiLCJhZG1pbiI6dHJ1ZSwiaWF0IjoxNzAxNzA1OTY1fQ.kcxz4kS4gOO1d6-_CpYhlHM5BmBMbrsG_VOtlRsXHDY"}
authorization_1 | {"level":"info","message":"POST /authorize 200 5ms","meta":{"req":{"headers":{"accept":"*/*","accept-encoding":"gzip, deflate","accept-language":"*","connection":"keep-alive","content-length":"279","content-type":"application/json","host":"127.0.0.1:3010","sec-fetch-mode":"cors","user-agent":"node","x-authorization-psk":"TestPSK"},"httpVersion":"1.1","method":"POST","originalUrl":"/authorize","query":{},"url":"/authorize"},"res":{"statusCode":200},"responseTime":5}}
device_1 | {"level":"info","message":"getDevicesByDeviceId succeeded"}
gateway_1 | {"time_local":"04/Dec/2023:16:06:05 +0000","remote_addr":"127.0.0.1","remote_user":"","request":"GET /devices/fa313a36-a262-4d01-840e-ecdd86458aea? HTTP/1.1","status": "200","body_bytes_sent":"791","request_time":"0.018","http_referrer":"","http_user_agent":"node-fetch/1.0 (+https://github.com/bitinn/node-fetch)","requestID":"cc39ddb2f52db4c3e07410ddc8c5b9c0"}
device_1 | {"level":"info","message":"GET /devices/fa313a36-a262-4d01-840e-ecdd86458aea? 200 12ms","method":"GET","requestID":"cc39ddb2f52db4c3e07410ddc8c5b9c0","responseTime":12,"status":200,"url":"/devices/fa313a36-a262-4d01-840e-ecdd86458aea?"}
authentication_1 | {"jwt":"eyJhbGciOiJIUzI1NiJ9.eyJzdWIiOiJmZDE2M2QxYy01YmQ2LTRjNDItOWE3My0wZGU0YzI1YWU5MzMiLCJhZG1pbiI6dHJ1ZSwiaWF0IjoxNzAxNzA1OTY1fQ.kcxz4kS4gOO1d6-_CpYhlHM5BmBMbrsG_VOtlRsXHDY","level":"info","message":"auth send jwt","requestID":"4452a4c4266e27663a06c2e7bc3aaf2d"}
authentication_1 | {"level":"info","message":"GET /auth 200 3ms","method":"GET","requestID":"4452a4c4266e27663a06c2e7bc3aaf2d","responseTime":3,"status":200,"url":"/auth"}
device_1 | {"level":"info","message":"getDevicesByDeviceId called"}
authorization_1 | {"client_addr":"127.0.0.1:54572","level":"info","msg":"Received request.","req_id":321,"req_method":"POST","req_path":"/v1/data/crosslab","subsystem":"opa","time":"2023-12-04T16:06:05Z"}
authorization_1 | {"client_addr":"127.0.0.1:54572","level":"info","msg":"Sent response.","req_id":321,"req_method":"POST","req_path":"/v1/data/crosslab","resp_bytes":447,"resp_duration":1.197614,"resp_status":200,"subsystem":"opa","time":"2023-12-04T16:06:05Z"}
authorization_1 | {"action":"view","level":"info","message":"opa_check","object":"device:http://localhost/devices/1f5dfe4c-668f-49a2-9cac-9ae310c4bed5","openfga":{"authorization_model_id":"01HGTRPDRAREZVVDD5Z5RZ7EA5","store":"01HGTRPDQAQB7YS9HP4QN497YP"},"response":{"result":{"allow":true,"enc":"user:fd163d1c-5bd6-4c42-9a73-0de4c25ae933","object":"device:http://localhost/devices/1f5dfe4c-668f-49a2-9cac-9ae310c4bed5","object_type":"device","payload":{"admin":true,"iat":1701705965,"sub":"fd163d1c-5bd6-4c42-9a73-0de4c25ae933"},"rebac_allow":true,"scope_allow":true,"scopes":["read","write","connect"],"subject":"user:fd163d1c-5bd6-4c42-9a73-0de4c25ae933","subject_alt":"fd163d1c-5bd6-4c42-9a73-0de4c25ae933"}},"subject":"eyJhbGciOiJIUzI1NiJ9.eyJzdWIiOiJmZDE2M2QxYy01YmQ2LTRjNDItOWE3My0wZGU0YzI1YWU5MzMiLCJhZG1pbiI6dHJ1ZSwiaWF0IjoxNzAxNzA1OTY1fQ.kcxz4kS4gOO1d6-_CpYhlHM5BmBMbrsG_VOtlRsXHDY"}
authorization_1 | {"level":"info","message":"POST /authorize 200 5ms","meta":{"req":{"headers":{"accept":"*/*","accept-encoding":"gzip, deflate","accept-language":"*","connection":"keep-alive","content-length":"279","content-type":"application/json","host":"127.0.0.1:3010","sec-fetch-mode":"cors","user-agent":"node","x-authorization-psk":"TestPSK"},"httpVersion":"1.1","method":"POST","originalUrl":"/authorize","query":{},"url":"/authorize"},"res":{"statusCode":200},"responseTime":5}}
device_1 | {"level":"info","message":"getDevicesByDeviceId succeeded"}
device_1 | {"level":"info","message":"GET /devices/1f5dfe4c-668f-49a2-9cac-9ae310c4bed5? 200 10ms","method":"GET","requestID":"4452a4c4266e27663a06c2e7bc3aaf2d","responseTime":10,"status":200,"url":"/devices/1f5dfe4c-668f-49a2-9cac-9ae310c4bed5?"}
gateway_1 | {"time_local":"04/Dec/2023:16:06:05 +0000","remote_addr":"127.0.0.1","remote_user":"","request":"GET /devices/1f5dfe4c-668f-49a2-9cac-9ae310c4bed5? HTTP/1.1","status": "200","body_bytes_sent":"252","request_time":"0.015","http_referrer":"","http_user_agent":"node-fetch/1.0 (+https://github.com/bitinn/node-fetch)","requestID":"4452a4c4266e27663a06c2e7bc3aaf2d"}
authentication_1 | {"jwt":"eyJhbGciOiJIUzI1NiJ9.eyJzdWIiOiJmZDE2M2QxYy01YmQ2LTRjNDItOWE3My0wZGU0YzI1YWU5MzMiLCJhZG1pbiI6dHJ1ZSwiaWF0IjoxNzAxNzA1OTY1fQ.kcxz4kS4gOO1d6-_CpYhlHM5BmBMbrsG_VOtlRsXHDY","level":"info","message":"auth send jwt","requestID":"868fab10db1a276a9e3e1707ccc40fcd"}
authentication_1 | {"level":"info","message":"GET /auth 200 3ms","method":"GET","requestID":"868fab10db1a276a9e3e1707ccc40fcd","responseTime":3,"status":200,"url":"/auth"}
experiment_1 | {"level":"info","message":"Handling POST request on endpoint /experiments"}
authorization_1 | {"client_addr":"127.0.0.1:54572","level":"info","msg":"Received request.","req_id":322,"req_method":"POST","req_path":"/v1/data/crosslab","subsystem":"opa","time":"2023-12-04T16:06:05Z"}
authorization_1 | {"client_addr":"127.0.0.1:54572","level":"info","msg":"Sent response.","req_id":322,"req_method":"POST","req_path":"/v1/data/crosslab","resp_bytes":404,"resp_duration":1.00069,"resp_status":200,"subsystem":"opa","time":"2023-12-04T16:06:05Z"}
authorization_1 | {"action":"create","level":"info","message":"opa_check","object":"experiment:~~~TYPE~~~","openfga":{"authorization_model_id":"01HGTRPDRAREZVVDD5Z5RZ7EA5","store":"01HGTRPDQAQB7YS9HP4QN497YP"},"response":{"result":{"allow":true,"enc":"user:fd163d1c-5bd6-4c42-9a73-0de4c25ae933","object":"experiment:~~~TYPE~~~","object_type":"experiment","payload":{"admin":true,"iat":1701705965,"sub":"fd163d1c-5bd6-4c42-9a73-0de4c25ae933"},"rebac_allow":true,"scope_allow":true,"scopes":["read","write","connect"],"subject":"user:fd163d1c-5bd6-4c42-9a73-0de4c25ae933","subject_alt":"fd163d1c-5bd6-4c42-9a73-0de4c25ae933"}},"subject":"eyJhbGciOiJIUzI1NiJ9.eyJzdWIiOiJmZDE2M2QxYy01YmQ2LTRjNDItOWE3My0wZGU0YzI1YWU5MzMiLCJhZG1pbiI6dHJ1ZSwiaWF0IjoxNzAxNzA1OTY1fQ.kcxz4kS4gOO1d6-_CpYhlHM5BmBMbrsG_VOtlRsXHDY"}
authorization_1 | {"level":"info","message":"POST /authorize 200 4ms","meta":{"req":{"headers":{"accept":"*/*","accept-encoding":"gzip, deflate","accept-language":"*","connection":"keep-alive","content-length":"223","content-type":"application/json","host":"127.0.0.1:3010","sec-fetch-mode":"cors","user-agent":"node","x-authorization-psk":"TestPSK"},"httpVersion":"1.1","method":"POST","originalUrl":"/authorize","query":{},"url":"/authorize"},"res":{"statusCode":200},"responseTime":4}}
experiment_1 | {"data":{"experimentUrl":"http://localhost/experiments/18fa5ac8-6bfb-4607-a5a3-ac51e082632e"},"level":"info","message":"Attempting to run experiment"}
experiment_1 | {"data":{"experimentUrl":"http://localhost/experiments/18fa5ac8-6bfb-4607-a5a3-ac51e082632e"},"level":"info","message":"Attempting to book experiment"}
experiment_1 | {"data":{"experimentUrl":"http://localhost/experiments/18fa5ac8-6bfb-4607-a5a3-ac51e082632e"},"level":"info","message":"Successfully booked experiment"}
device_1 | {"level":"info","message":"getDevicesByDeviceId called"}
device_1 | {"level":"info","message":"getDevicesByDeviceId called"}
authorization_1 | {"client_addr":"127.0.0.1:54572","level":"info","msg":"Received request.","req_id":323,"req_method":"POST","req_path":"/v1/data/crosslab","subsystem":"opa","time":"2023-12-04T16:06:06Z"}
authorization_1 | {"client_addr":"127.0.0.1:54572","level":"info","msg":"Sent response.","req_id":323,"req_method":"POST","req_path":"/v1/data/crosslab","resp_bytes":447,"resp_duration":0.761872,"resp_status":200,"subsystem":"opa","time":"2023-12-04T16:06:06Z"}
authorization_1 | {"action":"view","level":"info","message":"opa_check","object":"device:http://localhost/devices/fa313a36-a262-4d01-840e-ecdd86458aea","openfga":{"authorization_model_id":"01HGTRPDRAREZVVDD5Z5RZ7EA5","store":"01HGTRPDQAQB7YS9HP4QN497YP"},"response":{"result":{"allow":true,"enc":"user:fd163d1c-5bd6-4c42-9a73-0de4c25ae933","object":"device:http://localhost/devices/fa313a36-a262-4d01-840e-ecdd86458aea","object_type":"device","payload":{"admin":true,"iat":1701705965,"sub":"fd163d1c-5bd6-4c42-9a73-0de4c25ae933"},"rebac_allow":true,"scope_allow":true,"scopes":["read","write","connect"],"subject":"user:fd163d1c-5bd6-4c42-9a73-0de4c25ae933","subject_alt":"fd163d1c-5bd6-4c42-9a73-0de4c25ae933"}},"subject":"eyJhbGciOiJIUzI1NiJ9.eyJzdWIiOiJmZDE2M2QxYy01YmQ2LTRjNDItOWE3My0wZGU0YzI1YWU5MzMiLCJhZG1pbiI6dHJ1ZSwiaWF0IjoxNzAxNzA1OTY1fQ.kcxz4kS4gOO1d6-_CpYhlHM5BmBMbrsG_VOtlRsXHDY"}
authorization_1 | {"level":"info","message":"POST /authorize 200 10ms","meta":{"req":{"headers":{"accept":"*/*","accept-encoding":"gzip, deflate","accept-language":"*","connection":"keep-alive","content-length":"279","content-type":"application/json","host":"127.0.0.1:3010","sec-fetch-mode":"cors","user-agent":"node","x-authorization-psk":"TestPSK"},"httpVersion":"1.1","method":"POST","originalUrl":"/authorize","query":{},"url":"/authorize"},"res":{"statusCode":200},"responseTime":10}}
authorization_1 | {"client_addr":"127.0.0.1:45432","level":"info","msg":"Received request.","req_id":324,"req_method":"POST","req_path":"/v1/data/crosslab","subsystem":"opa","time":"2023-12-04T16:06:06Z"}
authorization_1 | {"client_addr":"127.0.0.1:45432","level":"info","msg":"Sent response.","req_id":324,"req_method":"POST","req_path":"/v1/data/crosslab","resp_bytes":447,"resp_duration":1.388325,"resp_status":200,"subsystem":"opa","time":"2023-12-04T16:06:06Z"}
device_1 | {"level":"info","message":"getDevicesByDeviceId succeeded"}
authorization_1 | {"action":"view","level":"info","message":"opa_check","object":"device:http://localhost/devices/1f5dfe4c-668f-49a2-9cac-9ae310c4bed5","openfga":{"authorization_model_id":"01HGTRPDRAREZVVDD5Z5RZ7EA5","store":"01HGTRPDQAQB7YS9HP4QN497YP"},"response":{"result":{"allow":true,"enc":"user:fd163d1c-5bd6-4c42-9a73-0de4c25ae933","object":"device:http://localhost/devices/1f5dfe4c-668f-49a2-9cac-9ae310c4bed5","object_type":"device","payload":{"admin":true,"iat":1701705965,"sub":"fd163d1c-5bd6-4c42-9a73-0de4c25ae933"},"rebac_allow":true,"scope_allow":true,"scopes":["read","write","connect"],"subject":"user:fd163d1c-5bd6-4c42-9a73-0de4c25ae933","subject_alt":"fd163d1c-5bd6-4c42-9a73-0de4c25ae933"}},"subject":"eyJhbGciOiJIUzI1NiJ9.eyJzdWIiOiJmZDE2M2QxYy01YmQ2LTRjNDItOWE3My0wZGU0YzI1YWU5MzMiLCJhZG1pbiI6dHJ1ZSwiaWF0IjoxNzAxNzA1OTY1fQ.kcxz4kS4gOO1d6-_CpYhlHM5BmBMbrsG_VOtlRsXHDY"}
device_1 | {"level":"info","message":"GET /devices/fa313a36-a262-4d01-840e-ecdd86458aea? 200 18ms","method":"GET","requestID":"07b0cc20-92bf-11ee-b645-7f04f10d7150","responseTime":18,"status":200,"url":"/devices/fa313a36-a262-4d01-840e-ecdd86458aea?"}
authorization_1 | {"level":"info","message":"POST /authorize 200 11ms","meta":{"req":{"headers":{"accept":"*/*","accept-encoding":"gzip, deflate","accept-language":"*","connection":"keep-alive","content-length":"279","content-type":"application/json","host":"127.0.0.1:3010","sec-fetch-mode":"cors","user-agent":"node","x-authorization-psk":"TestPSK"},"httpVersion":"1.1","method":"POST","originalUrl":"/authorize","query":{},"url":"/authorize"},"res":{"statusCode":200},"responseTime":11}}
device_1 | {"level":"info","message":"getDevicesByDeviceId succeeded"}
device_1 | {"level":"info","message":"GET /devices/1f5dfe4c-668f-49a2-9cac-9ae310c4bed5? 200 20ms","method":"GET","requestID":"07b14150-92bf-11ee-b645-7f04f10d7150","responseTime":20,"status":200,"url":"/devices/1f5dfe4c-668f-49a2-9cac-9ae310c4bed5?"}
experiment_1 | {"data":{"experimentUrl":"http://localhost/experiments/18fa5ac8-6bfb-4607-a5a3-ac51e082632e"},"level":"info","message":"Setting up experiment"}
experiment_1 | {"data":{"experimentUrl":"http://localhost/experiments/18fa5ac8-6bfb-4607-a5a3-ac51e082632e"},"level":"info","message":"Attempting to lock booking for experiment"}
experiment_1 | {"data":{"experimentUrl":"http://localhost/experiments/18fa5ac8-6bfb-4607-a5a3-ac51e082632e"},"level":"info","message":"Successfully locked booking for experiment"}
experiment_1 | {"data":{"experimentUrl":"http://localhost/experiments/18fa5ac8-6bfb-4607-a5a3-ac51e082632e"},"level":"info","message":"Attempting to instantiate devices for experiment"}
experiment_1 | {"data":{"experimentUrl":"http://localhost/experiments/18fa5ac8-6bfb-4607-a5a3-ac51e082632e"},"level":"info","message":"Successfully instantiated devices for experiment"}
experiment_1 | {"data":{"experimentUrl":"http://localhost/experiments/18fa5ac8-6bfb-4607-a5a3-ac51e082632e"},"level":"info","message":"Attempting to update booking for experiment"}
experiment_1 | {"data":{"experimentUrl":"http://localhost/experiments/18fa5ac8-6bfb-4607-a5a3-ac51e082632e"},"level":"info","message":"Successfully updated booking for experiment"}
experiment_1 | {"data":{"experimentUrl":"http://localhost/experiments/18fa5ac8-6bfb-4607-a5a3-ac51e082632e"},"level":"info","message":"Successfully set up experiment"}
device_1 | {"level":"info","message":"getDevicesByDeviceId called"}
device_1 | {"level":"info","message":"getDevicesByDeviceId called"}
experiment_1 | {"data":{"experimentUrl":"http://localhost/experiments/18fa5ac8-6bfb-4607-a5a3-ac51e082632e"},"level":"info","message":"Successfully running experiment"}
authorization_1 | {"client_addr":"127.0.0.1:54572","level":"info","msg":"Received request.","req_id":325,"req_method":"POST","req_path":"/v1/data/crosslab","subsystem":"opa","time":"2023-12-04T16:06:06Z"}
authorization_1 | {"client_addr":"127.0.0.1:54572","level":"info","msg":"Sent response.","req_id":325,"req_method":"POST","req_path":"/v1/data/crosslab","resp_bytes":447,"resp_duration":1.033933,"resp_status":200,"subsystem":"opa","time":"2023-12-04T16:06:06Z"}
authorization_1 | {"client_addr":"127.0.0.1:45432","level":"info","msg":"Received request.","req_id":326,"req_method":"POST","req_path":"/v1/data/crosslab","subsystem":"opa","time":"2023-12-04T16:06:06Z"}
authorization_1 | {"action":"view","level":"info","message":"opa_check","object":"device:http://localhost/devices/fa313a36-a262-4d01-840e-ecdd86458aea","openfga":{"authorization_model_id":"01HGTRPDRAREZVVDD5Z5RZ7EA5","store":"01HGTRPDQAQB7YS9HP4QN497YP"},"response":{"result":{"allow":true,"enc":"user:fd163d1c-5bd6-4c42-9a73-0de4c25ae933","object":"device:http://localhost/devices/fa313a36-a262-4d01-840e-ecdd86458aea","object_type":"device","payload":{"admin":true,"iat":1701705965,"sub":"fd163d1c-5bd6-4c42-9a73-0de4c25ae933"},"rebac_allow":true,"scope_allow":true,"scopes":["read","write","connect"],"subject":"user:fd163d1c-5bd6-4c42-9a73-0de4c25ae933","subject_alt":"fd163d1c-5bd6-4c42-9a73-0de4c25ae933"}},"subject":"eyJhbGciOiJIUzI1NiJ9.eyJzdWIiOiJmZDE2M2QxYy01YmQ2LTRjNDItOWE3My0wZGU0YzI1YWU5MzMiLCJhZG1pbiI6dHJ1ZSwiaWF0IjoxNzAxNzA1OTY1fQ.kcxz4kS4gOO1d6-_CpYhlHM5BmBMbrsG_VOtlRsXHDY"}
authorization_1 | {"level":"info","message":"POST /authorize 200 7ms","meta":{"req":{"headers":{"accept":"*/*","accept-encoding":"gzip, deflate","accept-language":"*","connection":"keep-alive","content-length":"279","content-type":"application/json","host":"127.0.0.1:3010","sec-fetch-mode":"cors","user-agent":"node","x-authorization-psk":"TestPSK"},"httpVersion":"1.1","method":"POST","originalUrl":"/authorize","query":{},"url":"/authorize"},"res":{"statusCode":200},"responseTime":7}}
authorization_1 | {"client_addr":"127.0.0.1:45432","level":"info","msg":"Sent response.","req_id":326,"req_method":"POST","req_path":"/v1/data/crosslab","resp_bytes":447,"resp_duration":1.131322,"resp_status":200,"subsystem":"opa","time":"2023-12-04T16:06:06Z"}
device_1 | {"level":"info","message":"getDevicesByDeviceId succeeded"}
device_1 | {"level":"info","message":"GET /devices/fa313a36-a262-4d01-840e-ecdd86458aea? 200 15ms","method":"GET","requestID":"07ec0060-92bf-11ee-b645-7f04f10d7150","responseTime":15,"status":200,"url":"/devices/fa313a36-a262-4d01-840e-ecdd86458aea?"}
authorization_1 | {"action":"view","level":"info","message":"opa_check","object":"device:http://localhost/devices/1f5dfe4c-668f-49a2-9cac-9ae310c4bed5","openfga":{"authorization_model_id":"01HGTRPDRAREZVVDD5Z5RZ7EA5","store":"01HGTRPDQAQB7YS9HP4QN497YP"},"response":{"result":{"allow":true,"enc":"user:fd163d1c-5bd6-4c42-9a73-0de4c25ae933","object":"device:http://localhost/devices/1f5dfe4c-668f-49a2-9cac-9ae310c4bed5","object_type":"device","payload":{"admin":true,"iat":1701705965,"sub":"fd163d1c-5bd6-4c42-9a73-0de4c25ae933"},"rebac_allow":true,"scope_allow":true,"scopes":["read","write","connect"],"subject":"user:fd163d1c-5bd6-4c42-9a73-0de4c25ae933","subject_alt":"fd163d1c-5bd6-4c42-9a73-0de4c25ae933"}},"subject":"eyJhbGciOiJIUzI1NiJ9.eyJzdWIiOiJmZDE2M2QxYy01YmQ2LTRjNDItOWE3My0wZGU0YzI1YWU5MzMiLCJhZG1pbiI6dHJ1ZSwiaWF0IjoxNzAxNzA1OTY1fQ.kcxz4kS4gOO1d6-_CpYhlHM5BmBMbrsG_VOtlRsXHDY"}
authorization_1 | {"level":"info","message":"POST /authorize 200 10ms","meta":{"req":{"headers":{"accept":"*/*","accept-encoding":"gzip, deflate","accept-language":"*","connection":"keep-alive","content-length":"279","content-type":"application/json","host":"127.0.0.1:3010","sec-fetch-mode":"cors","user-agent":"node","x-authorization-psk":"TestPSK"},"httpVersion":"1.1","method":"POST","originalUrl":"/authorize","query":{},"url":"/authorize"},"res":{"statusCode":200},"responseTime":10}}
device_1 | {"level":"info","message":"getDevicesByDeviceId succeeded"}
device_1 | {"level":"info","message":"GET /devices/1f5dfe4c-668f-49a2-9cac-9ae310c4bed5? 200 17ms","method":"GET","requestID":"07ec4e80-92bf-11ee-b645-7f04f10d7150","responseTime":17,"status":200,"url":"/devices/1f5dfe4c-668f-49a2-9cac-9ae310c4bed5?"}
experiment_1 | {"data":{"experimentUrl":"http://localhost/experiments/18fa5ac8-6bfb-4607-a5a3-ac51e082632e"},"level":"info","message":"Attempting to create peerconnections for experiment"}
experiment_1 | {"data":{"experimentUrl":"http://localhost/experiments/18fa5ac8-6bfb-4607-a5a3-ac51e082632e"},"level":"info","message":"Building connection plan"}
experiment_1 | {"data":{"pairwiseServiceConfigurations":[{"configuration":{},"participants":[{"config":{"interfaces":[{"busId":"gpio1","direction":"out","interfaceId":1,"interfaceType":"gpio","signals":{"gpio":"gpio1"}},{"busId":"gpio2","direction":"out","interfaceId":2,"interfaceType":"gpio","signals":{"gpio":"gpio2"}}]},"role":"device1","serviceId":"electrical","uuid":"fdc03475-b729-4da3-a66e-fe622298077c"},{"config":{"interfaces":[{"busId":"gpio1","direction":"in","interfaceId":1,"interfaceType":"gpio","signals":{"gpio":"gpio1"}},{"busId":"gpio2","direction":"in","interfaceId":2,"interfaceType":"gpio","signals":{"gpio":"gpio2"}}]},"role":"device2","serviceId":"electrical","uuid":"b83c3ec2-831a-4e65-93a6-912622e58cec"}],"serviceType":"http://api.goldi-labs.de/serviceTypes/electrical","uuid":"15b71736-2527-43d8-b30e-37e362c1cff9"}]},"level":"info","message":"Built pairwise service configurations"}
experiment_1 | {"data":{"connectionPlan":[{"devices":[{"config":{"services":[{"interfaces":[{"busId":"gpio1","direction":"in","interfaceId":1,"interfaceType":"gpio","signals":{"gpio":"gpio1"}},{"busId":"gpio2","direction":"in","interfaceId":2,"interfaceType":"gpio","signals":{"gpio":"gpio2"}}],"remoteServiceId":"electrical","serviceId":"electrical","serviceType":"http://api.goldi-labs.de/serviceTypes/electrical"}]},"url":"http://localhost/devices/1f5dfe4c-668f-49a2-9cac-9ae310c4bed5"},{"config":{"services":[{"interfaces":[{"busId":"gpio1","direction":"out","interfaceId":1,"interfaceType":"gpio","signals":{"gpio":"gpio1"}},{"busId":"gpio2","direction":"out","interfaceId":2,"interfaceType":"gpio","signals":{"gpio":"gpio2"}}],"remoteServiceId":"electrical","serviceId":"electrical","serviceType":"http://api.goldi-labs.de/serviceTypes/electrical"}]},"url":"http://localhost/devices/fa313a36-a262-4d01-840e-ecdd86458aea"}],"type":"webrtc"}]},"level":"info","message":"Built connection plan"}
device_1 | {"level":"info","message":"postPeerconnections called"}
authorization_1 | {"client_addr":"127.0.0.1:54572","level":"info","msg":"Received request.","req_id":327,"req_method":"POST","req_path":"/v1/data/crosslab","subsystem":"opa","time":"2023-12-04T16:06:06Z"}
authorization_1 | {"client_addr":"127.0.0.1:54572","level":"info","msg":"Sent response.","req_id":327,"req_method":"POST","req_path":"/v1/data/crosslab","resp_bytes":412,"resp_duration":0.981263,"resp_status":200,"subsystem":"opa","time":"2023-12-04T16:06:06Z"}
authorization_1 | {"action":"create","level":"info","message":"opa_check","object":"peerconnection:~~~TYPE~~~","openfga":{"authorization_model_id":"01HGTRPDRAREZVVDD5Z5RZ7EA5","store":"01HGTRPDQAQB7YS9HP4QN497YP"},"response":{"result":{"allow":true,"enc":"user:fd163d1c-5bd6-4c42-9a73-0de4c25ae933","object":"peerconnection:~~~TYPE~~~","object_type":"peerconnection","payload":{"admin":true,"iat":1701705965,"sub":"fd163d1c-5bd6-4c42-9a73-0de4c25ae933"},"rebac_allow":true,"scope_allow":true,"scopes":["read","write","connect"],"subject":"user:fd163d1c-5bd6-4c42-9a73-0de4c25ae933","subject_alt":"fd163d1c-5bd6-4c42-9a73-0de4c25ae933"}},"subject":"eyJhbGciOiJIUzI1NiJ9.eyJzdWIiOiJmZDE2M2QxYy01YmQ2LTRjNDItOWE3My0wZGU0YzI1YWU5MzMiLCJhZG1pbiI6dHJ1ZSwiaWF0IjoxNzAxNzA1OTY1fQ.kcxz4kS4gOO1d6-_CpYhlHM5BmBMbrsG_VOtlRsXHDY"}
authorization_1 | {"level":"info","message":"POST /authorize 200 4ms","meta":{"req":{"headers":{"accept":"*/*","accept-encoding":"gzip, deflate","accept-language":"*","connection":"keep-alive","content-length":"227","content-type":"application/json","host":"127.0.0.1:3010","sec-fetch-mode":"cors","user-agent":"node","x-authorization-psk":"TestPSK"},"httpVersion":"1.1","method":"POST","originalUrl":"/authorize","query":{},"url":"/authorize"},"res":{"statusCode":200},"responseTime":4}}
authorization_1 | {"authorization_model_id":"01HGTRPDRAREZVVDD5Z5RZ7EA5","build.commit":"bc6a45ade4ae02d389b2588ae3bb4676fdcf77ec","build.version":"v1.2.0","error":"rpc error: code = Code(2000) desc = Invalid tuple 'experiment:http%3A%2F%2Flocalhost%2Fexperiments%2F18fa5ac8-6bfb-4607-a5a3-ac51e082632e#owner@fd163d1c-5bd6-4c42-9a73-0de4c25ae933'. Reason: the 'user' field must be an object (e.g. document:1) or an 'object#relation' or a typed wildcard (e.g. group:*)","grpc_code":2000,"grpc_method":"Write","grpc_service":"openfga.v1.OpenFGAService","grpc_type":"unary","level":"info","message":"grpc_req_complete","peer.address":"127.0.0.1:35894","raw_request":{"authorization_model_id":"01HGTRPDRAREZVVDD5Z5RZ7EA5","deletes":null,"store_id":"01HGTRPDQAQB7YS9HP4QN497YP","writes":{"tuple_keys":[{"object":"experiment:http%3A%2F%2Flocalhost%2Fexperiments%2F18fa5ac8-6bfb-4607-a5a3-ac51e082632e","relation":"owner","user":"fd163d1c-5bd6-4c42-9a73-0de4c25ae933"}]}},"raw_response":{},"request_id":"7ac9d2b4-9cb1-4a4a-8182-df7365af84aa","store_id":"01HGTRPDQAQB7YS9HP4QN497YP","subsystem":"openfga","timestamp":1701705966.5834043}
authorization_1 | {"build.commit":"bc6a45ade4ae02d389b2588ae3bb4676fdcf77ec","build.version":"v1.2.0","grpc_code":0,"grpc_method":"ReadAuthorizationModel","grpc_service":"openfga.v1.OpenFGAService","grpc_type":"unary","level":"info","message":"grpc_req_complete","peer.address":"127.0.0.1:35894","raw_request":{"id":"01HGTRPDRAREZVVDD5Z5RZ7EA5","store_id":"01HGTRPDQAQB7YS9HP4QN497YP"},"raw_response":{"authorization_model":{"id":"01HGTRPDRAREZVVDD5Z5RZ7EA5","schema_version":"1.1","type_definitions":[{"metadata":{"relations":{"viewer":{"directly_related_user_types":[{"type":"user"}]}}},"relations":{"viewer":{"this":{}}},"type":"user"},{"metadata":{"relations":{"owner":{"directly_related_user_types":[{"type":"user"}]},"viewer":{"directly_related_user_types":[{"type":"user"}]}}},"relations":{"owner":{"this":{}},"viewer":{"union":{"child":[{"this":{}},{"computedUserset":{"object":"","relation":"owner"}}]}}},"type":"device"},{"metadata":{"relations":{"owner":{"directly_related_user_types":[{"type":"user"}]},"viewer":{"directly_related_user_types":[{"type":"user"}]}}},"relations":{"owner":{"this":{}},"viewer":{"union":{"child":[{"this":{}},{"computedUserset":{"object":"","relation":"owner"}}]}}},"type":"experiment"},{"metadata":{"relations":{"owner":{"directly_related_user_types":[{"type":"user"}]},"viewer":{"directly_related_user_types":[{"type":"user"}]}}},"relations":{"owner":{"this":{}},"viewer":{"union":{"child":[{"this":{}},{"computedUserset":{"object":"","relation":"owner"}}]}}},"type":"peerconnection"},{"metadata":{"relations":{"owner":{"directly_related_user_types":[{"type":"user"}]},"viewer":{"directly_related_user_types":[{"type":"user"}]}}},"relations":{"owner":{"this":{}},"viewer":{"union":{"child":[{"this":{}},{"computedUserset":{"object":"","relation":"owner"}}]}}},"type":"booking"},{"metadata":{"relations":{"owner":{"directly_related_user_types":[{"type":"user"}]},"viewer":{"directly_related_user_types":[{"type":"user"}]}}},"relations":{"owner":{"this":{}},"viewer":{"union":{"child":[{"this":{}},{"computedUserset":{"object":"","relation":"owner"}}]}}},"type":"federation"}]}},"request_id":"f245fa25-199a-481f-8977-b0725cc5a533","store_id":"01HGTRPDQAQB7YS9HP4QN497YP","subsystem":"openfga","timestamp":1701705966.583682}
authorization_1 | {"level":"info","message":"POST /relations/update 200 139ms","meta":{"req":{"headers":{"accept":"*/*","accept-encoding":"gzip, deflate","accept-language":"*","connection":"keep-alive","content-length":"179","content-type":"application/json","host":"127.0.0.1:3010","sec-fetch-mode":"cors","user-agent":"node","x-authorization-psk":"TestPSK"},"httpVersion":"1.1","method":"POST","originalUrl":"/relations/update","query":{},"url":"/relations/update"},"res":{"statusCode":200},"responseTime":139}}
authorization_1 | {"authorization_model_id":"01HGTRPDRAREZVVDD5Z5RZ7EA5","build.commit":"bc6a45ade4ae02d389b2588ae3bb4676fdcf77ec","build.version":"v1.2.0","error":"rpc error: code = Code(2000) desc = Invalid tuple 'peerconnection:http%3A%2F%2Flocalhost%2Fpeerconnections%2Fundefined#owner@fd163d1c-5bd6-4c42-9a73-0de4c25ae933'. Reason: the 'user' field must be an object (e.g. document:1) or an 'object#relation' or a typed wildcard (e.g. group:*)","grpc_code":2000,"grpc_method":"Write","grpc_service":"openfga.v1.OpenFGAService","grpc_type":"unary","level":"info","message":"grpc_req_complete","peer.address":"127.0.0.1:35894","raw_request":{"authorization_model_id":"01HGTRPDRAREZVVDD5Z5RZ7EA5","deletes":null,"store_id":"01HGTRPDQAQB7YS9HP4QN497YP","writes":{"tuple_keys":[{"object":"peerconnection:http%3A%2F%2Flocalhost%2Fpeerconnections%2Fundefined","relation":"owner","user":"fd163d1c-5bd6-4c42-9a73-0de4c25ae933"}]}},"raw_response":{},"request_id":"110daa11-3462-4c09-8b2d-2448798a6137","store_id":"01HGTRPDQAQB7YS9HP4QN497YP","subsystem":"openfga","timestamp":1701705966.5856612}
authorization_1 | {"build.commit":"bc6a45ade4ae02d389b2588ae3bb4676fdcf77ec","build.version":"v1.2.0","grpc_code":0,"grpc_method":"ReadAuthorizationModel","grpc_service":"openfga.v1.OpenFGAService","grpc_type":"unary","level":"info","message":"grpc_req_complete","peer.address":"127.0.0.1:35894","raw_request":{"id":"01HGTRPDRAREZVVDD5Z5RZ7EA5","store_id":"01HGTRPDQAQB7YS9HP4QN497YP"},"raw_response":{"authorization_model":{"id":"01HGTRPDRAREZVVDD5Z5RZ7EA5","schema_version":"1.1","type_definitions":[{"metadata":{"relations":{"viewer":{"directly_related_user_types":[{"type":"user"}]}}},"relations":{"viewer":{"this":{}}},"type":"user"},{"metadata":{"relations":{"owner":{"directly_related_user_types":[{"type":"user"}]},"viewer":{"directly_related_user_types":[{"type":"user"}]}}},"relations":{"owner":{"this":{}},"viewer":{"union":{"child":[{"this":{}},{"computedUserset":{"object":"","relation":"owner"}}]}}},"type":"device"},{"metadata":{"relations":{"owner":{"directly_related_user_types":[{"type":"user"}]},"viewer":{"directly_related_user_types":[{"type":"user"}]}}},"relations":{"owner":{"this":{}},"viewer":{"union":{"child":[{"this":{}},{"computedUserset":{"object":"","relation":"owner"}}]}}},"type":"experiment"},{"metadata":{"relations":{"owner":{"directly_related_user_types":[{"type":"user"}]},"viewer":{"directly_related_user_types":[{"type":"user"}]}}},"relations":{"owner":{"this":{}},"viewer":{"union":{"child":[{"this":{}},{"computedUserset":{"object":"","relation":"owner"}}]}}},"type":"peerconnection"},{"metadata":{"relations":{"owner":{"directly_related_user_types":[{"type":"user"}]},"viewer":{"directly_related_user_types":[{"type":"user"}]}}},"relations":{"owner":{"this":{}},"viewer":{"union":{"child":[{"this":{}},{"computedUserset":{"object":"","relation":"owner"}}]}}},"type":"booking"},{"metadata":{"relations":{"owner":{"directly_related_user_types":[{"type":"user"}]},"viewer":{"directly_related_user_types":[{"type":"user"}]}}},"relations":{"owner":{"this":{}},"viewer":{"union":{"child":[{"this":{}},{"computedUserset":{"object":"","relation":"owner"}}]}}},"type":"federation"}]}},"request_id":"77d3ebba-5c07-40bc-b58e-7bf0d11f815d","store_id":"01HGTRPDQAQB7YS9HP4QN497YP","subsystem":"openfga","timestamp":1701705966.5861104}
authorization_1 | {"level":"info","message":"POST /relations/update 200 121ms","meta":{"req":{"headers":{"accept":"*/*","accept-encoding":"gzip, deflate","accept-language":"*","connection":"keep-alive","content-length":"160","content-type":"application/json","host":"127.0.0.1:3010","sec-fetch-mode":"cors","user-agent":"node","x-authorization-psk":"TestPSK"},"httpVersion":"1.1","method":"POST","originalUrl":"/relations/update","query":{},"url":"/relations/update"},"res":{"statusCode":200},"responseTime":121}}
experiment_1 | {"data":{"experiment":"http://localhost/experiments/18fa5ac8-6bfb-4607-a5a3-ac51e082632e","user":"fd163d1c-5bd6-4c42-9a73-0de4c25ae933"},"level":"info","message":"Successfully handled POST request on endpoint /experiments"}
experiment_1 | {"level":"info","message":"POST /experiments 201 811ms","method":"POST","requestID":"868fab10db1a276a9e3e1707ccc40fcd","responseTime":811,"status":201,"url":"/experiments"}
gateway_1 | {"time_local":"04/Dec/2023:16:06:06 +0000","remote_addr":"127.0.0.1","remote_user":"","request":"POST /experiments HTTP/1.1","status": "201","body_bytes_sent":"1215","request_time":"0.819","http_referrer":"","http_user_agent":"node-fetch/1.0 (+https://github.com/bitinn/node-fetch)","requestID":"868fab10db1a276a9e3e1707ccc40fcd"}
authentication_1 | {"jwt":"eyJhbGciOiJIUzI1NiJ9.eyJzdWIiOiJmZDE2M2QxYy01YmQ2LTRjNDItOWE3My0wZGU0YzI1YWU5MzMiLCJhZG1pbiI6dHJ1ZSwiaWF0IjoxNzAxNzA1OTY2fQ.FHGCD3Dp77I0jiigEDdbMVq3Ni8NPkdpjUnN-RXMxyg","level":"info","message":"auth send jwt","requestID":"c8fbd7acedf17a033a5027181245cce4"}
authentication_1 | {"level":"info","message":"GET /auth 200 4ms","method":"GET","requestID":"c8fbd7acedf17a033a5027181245cce4","responseTime":4,"status":200,"url":"/auth"}
device_1 | {"level":"info","message":"getDevicesByDeviceId called"}
authorization_1 | {"client_addr":"127.0.0.1:54572","level":"info","msg":"Received request.","req_id":328,"req_method":"POST","req_path":"/v1/data/crosslab","subsystem":"opa","time":"2023-12-04T16:06:06Z"}
authorization_1 | {"client_addr":"127.0.0.1:54572","level":"info","msg":"Sent response.","req_id":328,"req_method":"POST","req_path":"/v1/data/crosslab","resp_bytes":447,"resp_duration":1.858327,"resp_status":200,"subsystem":"opa","time":"2023-12-04T16:06:06Z"}
authorization_1 | {"action":"view","level":"info","message":"opa_check","object":"device:http://localhost/devices/fa313a36-a262-4d01-840e-ecdd86458aea","openfga":{"authorization_model_id":"01HGTRPDRAREZVVDD5Z5RZ7EA5","store":"01HGTRPDQAQB7YS9HP4QN497YP"},"response":{"result":{"allow":true,"enc":"user:fd163d1c-5bd6-4c42-9a73-0de4c25ae933","object":"device:http://localhost/devices/fa313a36-a262-4d01-840e-ecdd86458aea","object_type":"device","payload":{"admin":true,"iat":1701705966,"sub":"fd163d1c-5bd6-4c42-9a73-0de4c25ae933"},"rebac_allow":true,"scope_allow":true,"scopes":["read","write","connect"],"subject":"user:fd163d1c-5bd6-4c42-9a73-0de4c25ae933","subject_alt":"fd163d1c-5bd6-4c42-9a73-0de4c25ae933"}},"subject":"eyJhbGciOiJIUzI1NiJ9.eyJzdWIiOiJmZDE2M2QxYy01YmQ2LTRjNDItOWE3My0wZGU0YzI1YWU5MzMiLCJhZG1pbiI6dHJ1ZSwiaWF0IjoxNzAxNzA1OTY2fQ.FHGCD3Dp77I0jiigEDdbMVq3Ni8NPkdpjUnN-RXMxyg"}
authorization_1 | {"level":"info","message":"POST /authorize 200 5ms","meta":{"req":{"headers":{"accept":"*/*","accept-encoding":"gzip, deflate","accept-language":"*","connection":"keep-alive","content-length":"279","content-type":"application/json","host":"127.0.0.1:3010","sec-fetch-mode":"cors","user-agent":"node","x-authorization-psk":"TestPSK"},"httpVersion":"1.1","method":"POST","originalUrl":"/authorize","query":{},"url":"/authorize"},"res":{"statusCode":200},"responseTime":5}}
device_1 | {"level":"info","message":"postPeerconnections: registering closed-callback for 'http://localhost/callbacks/experiment'"}
device_1 | {"level":"info","message":"postPeerconnections: registering status-changed-callback for 'http://localhost/callbacks/experiment'"}
device_1 | {"level":"info","message":"Trying to create signaling queues for peerconnection 'http://localhost/peerconnections/23d39e72-e808-4235-8fa5-0030ef4d8037'"}
device_1 | {"level":"info","message":"Successfully created signaling queues for peerconnection 'http://localhost/peerconnections/23d39e72-e808-4235-8fa5-0030ef4d8037'"}
device_1 | {"level":"info","message":"postPeerconnections succeeded"}
device_1 | {"level":"info","message":"POST /peerconnections?closedUrl=http%3A%2F%2Flocalhost%2Fcallbacks%2Fexperiment&statusChangedUrl=http%3A%2F%2Flocalhost%2Fcallbacks%2Fexperiment 201 265ms","method":"POST","requestID":"07ef5bc0-92bf-11ee-b645-7f04f10d7150","responseTime":265,"status":201,"url":"/peerconnections?closedUrl=http%3A%2F%2Flocalhost%2Fcallbacks%2Fexperiment&statusChangedUrl=http%3A%2F%2Flocalhost%2Fcallbacks%2Fexperiment"}
device_1 | {"level":"info","message":"getDevicesByDeviceId succeeded"}
gateway_1 | {"time_local":"04/Dec/2023:16:06:06 +0000","remote_addr":"127.0.0.1","remote_user":"","request":"GET /devices/fa313a36-a262-4d01-840e-ecdd86458aea? HTTP/1.1","status": "200","body_bytes_sent":"791","request_time":"0.126","http_referrer":"","http_user_agent":"node-fetch/1.0 (+https://github.com/bitinn/node-fetch)","requestID":"c8fbd7acedf17a033a5027181245cce4"}
device_1 | {"level":"info","message":"GET /devices/fa313a36-a262-4d01-840e-ecdd86458aea? 200 119ms","method":"GET","requestID":"c8fbd7acedf17a033a5027181245cce4","responseTime":119,"status":200,"url":"/devices/fa313a36-a262-4d01-840e-ecdd86458aea?"}
device_1 | {"level":"info","message":"deviceAHasVideo: false, deviceBHasVideo: false"}
authentication_1 | {"jwt":"eyJhbGciOiJIUzI1NiJ9.eyJzdWIiOiJmZDE2M2QxYy01YmQ2LTRjNDItOWE3My0wZGU0YzI1YWU5MzMiLCJhZG1pbiI6dHJ1ZSwiaWF0IjoxNzAxNzA1OTY2fQ.FHGCD3Dp77I0jiigEDdbMVq3Ni8NPkdpjUnN-RXMxyg","level":"info","message":"auth send jwt","requestID":"1fc205fb01e3dedea4d41a1d61c7f654"}
authentication_1 | {"level":"info","message":"GET /auth 200 4ms","method":"GET","requestID":"1fc205fb01e3dedea4d41a1d61c7f654","responseTime":4,"status":200,"url":"/auth"}
device_1 | {"level":"info","message":"getDevicesByDeviceId called"}
authorization_1 | {"client_addr":"127.0.0.1:54572","level":"info","msg":"Received request.","req_id":329,"req_method":"POST","req_path":"/v1/data/crosslab","subsystem":"opa","time":"2023-12-04T16:06:06Z"}
authorization_1 | {"client_addr":"127.0.0.1:54572","level":"info","msg":"Sent response.","req_id":329,"req_method":"POST","req_path":"/v1/data/crosslab","resp_bytes":447,"resp_duration":0.948775,"resp_status":200,"subsystem":"opa","time":"2023-12-04T16:06:06Z"}
authorization_1 | {"action":"view","level":"info","message":"opa_check","object":"device:http://localhost/devices/1f5dfe4c-668f-49a2-9cac-9ae310c4bed5","openfga":{"authorization_model_id":"01HGTRPDRAREZVVDD5Z5RZ7EA5","store":"01HGTRPDQAQB7YS9HP4QN497YP"},"response":{"result":{"allow":true,"enc":"user:fd163d1c-5bd6-4c42-9a73-0de4c25ae933","object":"device:http://localhost/devices/1f5dfe4c-668f-49a2-9cac-9ae310c4bed5","object_type":"device","payload":{"admin":true,"iat":1701705966,"sub":"fd163d1c-5bd6-4c42-9a73-0de4c25ae933"},"rebac_allow":true,"scope_allow":true,"scopes":["read","write","connect"],"subject":"user:fd163d1c-5bd6-4c42-9a73-0de4c25ae933","subject_alt":"fd163d1c-5bd6-4c42-9a73-0de4c25ae933"}},"subject":"eyJhbGciOiJIUzI1NiJ9.eyJzdWIiOiJmZDE2M2QxYy01YmQ2LTRjNDItOWE3My0wZGU0YzI1YWU5MzMiLCJhZG1pbiI6dHJ1ZSwiaWF0IjoxNzAxNzA1OTY2fQ.FHGCD3Dp77I0jiigEDdbMVq3Ni8NPkdpjUnN-RXMxyg"}
authorization_1 | {"level":"info","message":"POST /authorize 200 4ms","meta":{"req":{"headers":{"accept":"*/*","accept-encoding":"gzip, deflate","accept-language":"*","connection":"keep-alive","content-length":"279","content-type":"application/json","host":"127.0.0.1:3010","sec-fetch-mode":"cors","user-agent":"node","x-authorization-psk":"TestPSK"},"httpVersion":"1.1","method":"POST","originalUrl":"/authorize","query":{},"url":"/authorize"},"res":{"statusCode":200},"responseTime":4}}
device_1 | {"level":"info","message":"getDevicesByDeviceId succeeded"}
gateway_1 | {"time_local":"04/Dec/2023:16:06:06 +0000","remote_addr":"127.0.0.1","remote_user":"","request":"GET /devices/1f5dfe4c-668f-49a2-9cac-9ae310c4bed5? HTTP/1.1","status": "200","body_bytes_sent":"252","request_time":"0.015","http_referrer":"","http_user_agent":"node-fetch/1.0 (+https://github.com/bitinn/node-fetch)","requestID":"1fc205fb01e3dedea4d41a1d61c7f654"}
device_1 | {"level":"info","message":"GET /devices/1f5dfe4c-668f-49a2-9cac-9ae310c4bed5? 200 9ms","method":"GET","requestID":"1fc205fb01e3dedea4d41a1d61c7f654","responseTime":9,"status":200,"url":"/devices/1f5dfe4c-668f-49a2-9cac-9ae310c4bed5?"}
device_1 | {"data":{"peerconnection":"23d39e72-e808-4235-8fa5-0030ef4d8037","statusDeviceA":"new","statusDeviceB":"new"},"level":"info","message":"peerconnection devices status info"}
device_1 | {"level":"info","message":"Sending status-changed-callback for peerconnection 'http://localhost/peerconnections/23d39e72-e808-4235-8fa5-0030ef4d8037' to 'http://localhost/callbacks/experiment'"}
device_1 | {"data":{"peerconnection":"23d39e72-e808-4235-8fa5-0030ef4d8037","statusDeviceA":"connecting","statusDeviceB":"new"},"level":"info","message":"peerconnection devices status info"}
authentication_1 | {"level":"info","message":"auth error No token found","requestID":"0e3684cc1c3346d15a9a313d54cb48f7","stack":"Error: No token found\n at file:///usr/local/lib/node_modules/@crosslab/service-auth/app/auth/index.js:34:19\n at file:///usr/local/lib/node_modules/@crosslab/service-auth/app/generated/validation.js:39:26\n at Layer.handle [as handle_request] (/usr/local/lib/node_modules/@crosslab/service-auth/node_modules/express/lib/router/layer.js:95:5)\n at next (/usr/local/lib/node_modules/@crosslab/service-auth/node_modules/express/lib/router/route.js:144:13)\n at Route.dispatch (/usr/local/lib/node_modules/@crosslab/service-auth/node_modules/express/lib/router/route.js:114:3)\n at Layer.handle [as handle_request] (/usr/local/lib/node_modules/@crosslab/service-auth/node_modules/express/lib/router/layer.js:95:5)\n at /usr/local/lib/node_modules/@crosslab/service-auth/node_modules/express/lib/router/index.js:284:15\n at Function.process_params (/usr/local/lib/node_modules/@crosslab/service-auth/node_modules/express/lib/router/index.js:346:12)\n at next (/usr/local/lib/node_modules/@crosslab/service-auth/node_modules/express/lib/router/index.js:280:10)\n at Function.handle (/usr/local/lib/node_modules/@crosslab/service-auth/node_modules/express/lib/router/index.js:175:3)"}
authentication_1 | {"level":"info","message":"GET /auth 200 1ms","method":"GET","requestID":"0e3684cc1c3346d15a9a313d54cb48f7","responseTime":1,"status":200,"url":"/auth"}
