authorization_1 | {"level":"info","message":"POST /authorize 200 5ms","meta":{"req":{"headers":{"accept":"*/*","accept-encoding":"gzip, deflate","accept-language":"*","connection":"keep-alive","content-length":"279","content-type":"application/json","host":"127.0.0.1:3010","sec-fetch-mode":"cors","user-agent":"node","x-authorization-psk":"TestPSK"},"httpVersion":"1.1","method":"POST","originalUrl":"/authorize","query":{},"url":"/authorize"},"res":{"statusCode":200},"responseTime":5}}
authentication_1 | {"level":"info","message":"auth error No token found","requestID":"51e62a1a0ca3686c32341293e7a8b36a","stack":"Error: No token found\n at file:///usr/local/lib/node_modules/@crosslab/service-auth/app/auth/index.js:34:19\n at file:///usr/local/lib/node_modules/@crosslab/service-auth/app/generated/validation.js:39:26\n at Layer.handle [as handle_request] (/usr/local/lib/node_modules/@crosslab/service-auth/node_modules/express/lib/router/layer.js:95:5)\n at next (/usr/local/lib/node_modules/@crosslab/service-auth/node_modules/express/lib/router/route.js:144:13)\n at Route.dispatch (/usr/local/lib/node_modules/@crosslab/service-auth/node_modules/express/lib/router/route.js:114:3)\n at Layer.handle [as handle_request] (/usr/local/lib/node_modules/@crosslab/service-auth/node_modules/express/lib/router/layer.js:95:5)\n at /usr/local/lib/node_modules/@crosslab/service-auth/node_modules/express/lib/router/index.js:284:15\n at Function.process_params (/usr/local/lib/node_modules/@crosslab/service-auth/node_modules/express/lib/router/index.js:346:12)\n at next (/usr/local/lib/node_modules/@crosslab/service-auth/node_modules/express/lib/router/index.js:280:10)\n at Function.handle (/usr/local/lib/node_modules/@crosslab/service-auth/node_modules/express/lib/router/index.js:175:3)"}
authentication_1 | {"level":"info","message":"GET /auth 200 1ms","method":"GET","requestID":"51e62a1a0ca3686c32341293e7a8b36a","responseTime":1,"status":200,"url":"/auth"}
gateway_1 | {"time_local":"04/Dec/2023:16:04:50 +0000","remote_addr":"127.0.0.1","remote_user":"","request":"OPTIONS /devices/c729c85f-d9a0-4685-b859-d93ac993dc1a/websocket HTTP/1.1","status": "200","body_bytes_sent":"4","request_time":"0.004","http_referrer":"","http_user_agent":"Mozilla/5.0 (X11; Linux x86_64) AppleWebKit/537.36 (KHTML, like Gecko) HeadlessChrome/109.0.5414.0 Safari/537.36","requestID":"51e62a1a0ca3686c32341293e7a8b36a"}
device_1 | {"level":"info","message":"OPTIONS /devices/c729c85f-d9a0-4685-b859-d93ac993dc1a/websocket 200 1ms","method":"OPTIONS","requestID":"51e62a1a0ca3686c32341293e7a8b36a","responseTime":1,"status":200,"url":"/devices/c729c85f-d9a0-4685-b859-d93ac993dc1a/websocket"}
authentication_1 | {"jwt":"eyJhbGciOiJIUzI1NiJ9.eyJzdWIiOiJmZDE2M2QxYy01YmQ2LTRjNDItOWE3My0wZGU0YzI1YWU5MzMiLCJhZG1pbiI6dHJ1ZSwiaWF0IjoxNzAxNzA1ODkwfQ.VIWb28P9q1mz572dbqyv4QFs2ua3iWH8GXlnEx73mkk","level":"info","message":"auth send jwt","requestID":"63aa3e17c91bb5f0e585f60895fb295b"}
authentication_1 | {"level":"info","message":"GET /auth 200 4ms","method":"GET","requestID":"63aa3e17c91bb5f0e585f60895fb295b","responseTime":4,"status":200,"url":"/auth"}
device_1 | {"level":"info","message":"postDevicesByDeviceIdWebsocket called"}
authorization_1 | {"client_addr":"127.0.0.1:54572","level":"info","msg":"Received request.","req_id":96,"req_method":"POST","req_path":"/v1/data/crosslab","subsystem":"opa","time":"2023-12-04T16:04:50Z"}
authorization_1 | {"client_addr":"127.0.0.1:54572","level":"info","msg":"Sent response.","req_id":96,"req_method":"POST","req_path":"/v1/data/crosslab","resp_bytes":447,"resp_duration":1.027818,"resp_status":200,"subsystem":"opa","time":"2023-12-04T16:04:50Z"}
authorization_1 | {"action":"edit","level":"info","message":"opa_check","object":"device:http://localhost/devices/c729c85f-d9a0-4685-b859-d93ac993dc1a","openfga":{"authorization_model_id":"01HGTRPDRAREZVVDD5Z5RZ7EA5","store":"01HGTRPDQAQB7YS9HP4QN497YP"},"response":{"result":{"allow":true,"enc":"user:fd163d1c-5bd6-4c42-9a73-0de4c25ae933","object":"device:http://localhost/devices/c729c85f-d9a0-4685-b859-d93ac993dc1a","object_type":"device","payload":{"admin":true,"iat":1701705890,"sub":"fd163d1c-5bd6-4c42-9a73-0de4c25ae933"},"rebac_allow":true,"scope_allow":true,"scopes":["read","write","connect"],"subject":"user:fd163d1c-5bd6-4c42-9a73-0de4c25ae933","subject_alt":"fd163d1c-5bd6-4c42-9a73-0de4c25ae933"}},"subject":"eyJhbGciOiJIUzI1NiJ9.eyJzdWIiOiJmZDE2M2QxYy01YmQ2LTRjNDItOWE3My0wZGU0YzI1YWU5MzMiLCJhZG1pbiI6dHJ1ZSwiaWF0IjoxNzAxNzA1ODkwfQ.VIWb28P9q1mz572dbqyv4QFs2ua3iWH8GXlnEx73mkk"}
authorization_1 | {"level":"info","message":"POST /authorize 200 4ms","meta":{"req":{"headers":{"accept":"*/*","accept-encoding":"gzip, deflate","accept-language":"*","connection":"keep-alive","content-length":"279","content-type":"application/json","host":"127.0.0.1:3010","sec-fetch-mode":"cors","user-agent":"node","x-authorization-psk":"TestPSK"},"httpVersion":"1.1","method":"POST","originalUrl":"/authorize","query":{},"url":"/authorize"},"res":{"statusCode":200},"responseTime":4}}
device_1 | {"level":"info","message":"postDevicesByDeviceIdWebsocket succeeded"}
gateway_1 | {"time_local":"04/Dec/2023:16:04:50 +0000","remote_addr":"127.0.0.1","remote_user":"","request":"POST /devices/1219da84-073c-4867-9f58-76ba9a3d4e34/websocket HTTP/1.1","status": "200","body_bytes_sent":"36","request_time":"0.170","http_referrer":"","http_user_agent":"Mozilla/5.0 (X11; Linux x86_64) AppleWebKit/537.36 (KHTML, like Gecko) HeadlessChrome/109.0.5414.0 Safari/537.36","requestID":"d3cd015e156a814f12031ee391eba0fb"}
device_1 | {"level":"info","message":"POST /devices/1219da84-073c-4867-9f58-76ba9a3d4e34/websocket 200 165ms","method":"POST","requestID":"d3cd015e156a814f12031ee391eba0fb","responseTime":165,"status":200,"url":"/devices/1219da84-073c-4867-9f58-76ba9a3d4e34/websocket"}
device_1 | {"level":"info","message":"postDevicesByDeviceIdWebsocket succeeded"}
gateway_1 | {"time_local":"04/Dec/2023:16:04:50 +0000","remote_addr":"127.0.0.1","remote_user":"","request":"POST /devices/c729c85f-d9a0-4685-b859-d93ac993dc1a/websocket HTTP/1.1","status": "200","body_bytes_sent":"36","request_time":"0.284","http_referrer":"","http_user_agent":"Mozilla/5.0 (X11; Linux x86_64) AppleWebKit/537.36 (KHTML, like Gecko) HeadlessChrome/109.0.5414.0 Safari/537.36","requestID":"63aa3e17c91bb5f0e585f60895fb295b"}
device_1 | {"level":"info","message":"POST /devices/c729c85f-d9a0-4685-b859-d93ac993dc1a/websocket 200 278ms","method":"POST","requestID":"63aa3e17c91bb5f0e585f60895fb295b","responseTime":278,"status":200,"url":"/devices/c729c85f-d9a0-4685-b859-d93ac993dc1a/websocket"}
device_1 | {"level":"info","message":"device 'http://localhost/devices/1219da84-073c-4867-9f58-76ba9a3d4e34' connected"}
device_1 | {"level":"info","message":"device 'http://localhost/devices/c729c85f-d9a0-4685-b859-d93ac993dc1a' connected"}
authentication_1 | {"jwt":"eyJhbGciOiJIUzI1NiJ9.eyJzdWIiOiJmZDE2M2QxYy01YmQ2LTRjNDItOWE3My0wZGU0YzI1YWU5MzMiLCJhZG1pbiI6dHJ1ZSwiaWF0IjoxNzAxNzA1ODkxfQ.NLrbCkMZLrq_chig1hvlNdsGM7MgOiHvkbFSayYOKvo","level":"info","message":"auth send jwt","requestID":"ee21c4bf891760ebbb079d3a18e56a21"}
authentication_1 | {"level":"info","message":"GET /auth 200 5ms","method":"GET","requestID":"ee21c4bf891760ebbb079d3a18e56a21","responseTime":5,"status":200,"url":"/auth"}
device_1 | {"level":"info","message":"getDevicesByDeviceId called"}
authorization_1 | {"client_addr":"127.0.0.1:54572","level":"info","msg":"Received request.","req_id":97,"req_method":"POST","req_path":"/v1/data/crosslab","subsystem":"opa","time":"2023-12-04T16:04:51Z"}
authorization_1 | {"client_addr":"127.0.0.1:54572","level":"info","msg":"Sent response.","req_id":97,"req_method":"POST","req_path":"/v1/data/crosslab","resp_bytes":447,"resp_duration":1.25988,"resp_status":200,"subsystem":"opa","time":"2023-12-04T16:04:51Z"}
authorization_1 | {"action":"view","level":"info","message":"opa_check","object":"device:http://localhost/devices/c729c85f-d9a0-4685-b859-d93ac993dc1a","openfga":{"authorization_model_id":"01HGTRPDRAREZVVDD5Z5RZ7EA5","store":"01HGTRPDQAQB7YS9HP4QN497YP"},"response":{"result":{"allow":true,"enc":"user:fd163d1c-5bd6-4c42-9a73-0de4c25ae933","object":"device:http://localhost/devices/c729c85f-d9a0-4685-b859-d93ac993dc1a","object_type":"device","payload":{"admin":true,"iat":1701705891,"sub":"fd163d1c-5bd6-4c42-9a73-0de4c25ae933"},"rebac_allow":true,"scope_allow":true,"scopes":["read","write","connect"],"subject":"user:fd163d1c-5bd6-4c42-9a73-0de4c25ae933","subject_alt":"fd163d1c-5bd6-4c42-9a73-0de4c25ae933"}},"subject":"eyJhbGciOiJIUzI1NiJ9.eyJzdWIiOiJmZDE2M2QxYy01YmQ2LTRjNDItOWE3My0wZGU0YzI1YWU5MzMiLCJhZG1pbiI6dHJ1ZSwiaWF0IjoxNzAxNzA1ODkxfQ.NLrbCkMZLrq_chig1hvlNdsGM7MgOiHvkbFSayYOKvo"}
authorization_1 | {"level":"info","message":"POST /authorize 200 5ms","meta":{"req":{"headers":{"accept":"*/*","accept-encoding":"gzip, deflate","accept-language":"*","connection":"keep-alive","content-length":"279","content-type":"application/json","host":"127.0.0.1:3010","sec-fetch-mode":"cors","user-agent":"node","x-authorization-psk":"TestPSK"},"httpVersion":"1.1","method":"POST","originalUrl":"/authorize","query":{},"url":"/authorize"},"res":{"statusCode":200},"responseTime":5}}
device_1 | {"level":"info","message":"getDevicesByDeviceId succeeded"}
gateway_1 | {"time_local":"04/Dec/2023:16:04:51 +0000","remote_addr":"127.0.0.1","remote_user":"","request":"GET /devices/c729c85f-d9a0-4685-b859-d93ac993dc1a? HTTP/1.1","status": "200","body_bytes_sent":"252","request_time":"0.020","http_referrer":"","http_user_agent":"node-fetch/1.0 (+https://github.com/bitinn/node-fetch)","requestID":"ee21c4bf891760ebbb079d3a18e56a21"}
device_1 | {"level":"info","message":"GET /devices/c729c85f-d9a0-4685-b859-d93ac993dc1a? 200 13ms","method":"GET","requestID":"ee21c4bf891760ebbb079d3a18e56a21","responseTime":13,"status":200,"url":"/devices/c729c85f-d9a0-4685-b859-d93ac993dc1a?"}
authentication_1 | {"jwt":"eyJhbGciOiJIUzI1NiJ9.eyJzdWIiOiJmZDE2M2QxYy01YmQ2LTRjNDItOWE3My0wZGU0YzI1YWU5MzMiLCJhZG1pbiI6dHJ1ZSwiaWF0IjoxNzAxNzA1ODkxfQ.NLrbCkMZLrq_chig1hvlNdsGM7MgOiHvkbFSayYOKvo","level":"info","message":"auth send jwt","requestID":"7a14258a71024d6d1d8d69a910cc8cec"}
authentication_1 | {"level":"info","message":"GET /auth 200 4ms","method":"GET","requestID":"7a14258a71024d6d1d8d69a910cc8cec","responseTime":4,"status":200,"url":"/auth"}
experiment_1 | {"level":"info","message":"Handling POST request on endpoint /experiments"}
authorization_1 | {"client_addr":"127.0.0.1:54572","level":"info","msg":"Received request.","req_id":98,"req_method":"POST","req_path":"/v1/data/crosslab","subsystem":"opa","time":"2023-12-04T16:04:51Z"}
authorization_1 | {"client_addr":"127.0.0.1:54572","level":"info","msg":"Sent response.","req_id":98,"req_method":"POST","req_path":"/v1/data/crosslab","resp_bytes":404,"resp_duration":1.392758,"resp_status":200,"subsystem":"opa","time":"2023-12-04T16:04:51Z"}
authorization_1 | {"action":"create","level":"info","message":"opa_check","object":"experiment:~~~TYPE~~~","openfga":{"authorization_model_id":"01HGTRPDRAREZVVDD5Z5RZ7EA5","store":"01HGTRPDQAQB7YS9HP4QN497YP"},"response":{"result":{"allow":true,"enc":"user:fd163d1c-5bd6-4c42-9a73-0de4c25ae933","object":"experiment:~~~TYPE~~~","object_type":"experiment","payload":{"admin":true,"iat":1701705891,"sub":"fd163d1c-5bd6-4c42-9a73-0de4c25ae933"},"rebac_allow":true,"scope_allow":true,"scopes":["read","write","connect"],"subject":"user:fd163d1c-5bd6-4c42-9a73-0de4c25ae933","subject_alt":"fd163d1c-5bd6-4c42-9a73-0de4c25ae933"}},"subject":"eyJhbGciOiJIUzI1NiJ9.eyJzdWIiOiJmZDE2M2QxYy01YmQ2LTRjNDItOWE3My0wZGU0YzI1YWU5MzMiLCJhZG1pbiI6dHJ1ZSwiaWF0IjoxNzAxNzA1ODkxfQ.NLrbCkMZLrq_chig1hvlNdsGM7MgOiHvkbFSayYOKvo"}
authorization_1 | {"level":"info","message":"POST /authorize 200 5ms","meta":{"req":{"headers":{"accept":"*/*","accept-encoding":"gzip, deflate","accept-language":"*","connection":"keep-alive","content-length":"223","content-type":"application/json","host":"127.0.0.1:3010","sec-fetch-mode":"cors","user-agent":"node","x-authorization-psk":"TestPSK"},"httpVersion":"1.1","method":"POST","originalUrl":"/authorize","query":{},"url":"/authorize"},"res":{"statusCode":200},"responseTime":5}}
experiment_1 | {"data":{"experimentUrl":"http://localhost/experiments/3e041e06-f720-48c1-8049-cb6938a94fec"},"level":"info","message":"Attempting to run experiment"}
experiment_1 | {"data":{"experimentUrl":"http://localhost/experiments/3e041e06-f720-48c1-8049-cb6938a94fec"},"level":"info","message":"Attempting to book experiment"}
experiment_1 | {"data":{"experimentUrl":"http://localhost/experiments/3e041e06-f720-48c1-8049-cb6938a94fec"},"level":"info","message":"Successfully booked experiment"}
device_1 | {"level":"info","message":"getDevicesByDeviceId called"}
device_1 | {"level":"info","message":"getDevicesByDeviceId called"}
authorization_1 | {"client_addr":"127.0.0.1:54572","level":"info","msg":"Received request.","req_id":99,"req_method":"POST","req_path":"/v1/data/crosslab","subsystem":"opa","time":"2023-12-04T16:04:51Z"}
authorization_1 | {"client_addr":"127.0.0.1:54572","level":"info","msg":"Sent response.","req_id":99,"req_method":"POST","req_path":"/v1/data/crosslab","resp_bytes":447,"resp_duration":1.314714,"resp_status":200,"subsystem":"opa","time":"2023-12-04T16:04:51Z"}
authorization_1 | {"action":"view","level":"info","message":"opa_check","object":"device:http://localhost/devices/23336c4d-d305-4dcf-bfa6-4bf33b3afd8b","openfga":{"authorization_model_id":"01HGTRPDRAREZVVDD5Z5RZ7EA5","store":"01HGTRPDQAQB7YS9HP4QN497YP"},"response":{"result":{"allow":true,"enc":"user:fd163d1c-5bd6-4c42-9a73-0de4c25ae933","object":"device:http://localhost/devices/23336c4d-d305-4dcf-bfa6-4bf33b3afd8b","object_type":"device","payload":{"admin":true,"iat":1701705891,"sub":"fd163d1c-5bd6-4c42-9a73-0de4c25ae933"},"rebac_allow":true,"scope_allow":true,"scopes":["read","write","connect"],"subject":"user:fd163d1c-5bd6-4c42-9a73-0de4c25ae933","subject_alt":"fd163d1c-5bd6-4c42-9a73-0de4c25ae933"}},"subject":"eyJhbGciOiJIUzI1NiJ9.eyJzdWIiOiJmZDE2M2QxYy01YmQ2LTRjNDItOWE3My0wZGU0YzI1YWU5MzMiLCJhZG1pbiI6dHJ1ZSwiaWF0IjoxNzAxNzA1ODkxfQ.NLrbCkMZLrq_chig1hvlNdsGM7MgOiHvkbFSayYOKvo"}
authorization_1 | {"level":"info","message":"POST /authorize 200 6ms","meta":{"req":{"headers":{"accept":"*/*","accept-encoding":"gzip, deflate","accept-language":"*","connection":"keep-alive","content-length":"279","content-type":"application/json","host":"127.0.0.1:3010","sec-fetch-mode":"cors","user-agent":"node","x-authorization-psk":"TestPSK"},"httpVersion":"1.1","method":"POST","originalUrl":"/authorize","query":{},"url":"/authorize"},"res":{"statusCode":200},"responseTime":6}}
authorization_1 | {"client_addr":"127.0.0.1:41310","level":"info","msg":"Received request.","req_id":100,"req_method":"POST","req_path":"/v1/data/crosslab","subsystem":"opa","time":"2023-12-04T16:04:51Z"}
authorization_1 | {"client_addr":"127.0.0.1:41310","level":"info","msg":"Sent response.","req_id":100,"req_method":"POST","req_path":"/v1/data/crosslab","resp_bytes":447,"resp_duration":1.069485,"resp_status":200,"subsystem":"opa","time":"2023-12-04T16:04:51Z"}
authorization_1 | {"action":"view","level":"info","message":"opa_check","object":"device:http://localhost/devices/c729c85f-d9a0-4685-b859-d93ac993dc1a","openfga":{"authorization_model_id":"01HGTRPDRAREZVVDD5Z5RZ7EA5","store":"01HGTRPDQAQB7YS9HP4QN497YP"},"response":{"result":{"allow":true,"enc":"user:fd163d1c-5bd6-4c42-9a73-0de4c25ae933","object":"device:http://localhost/devices/c729c85f-d9a0-4685-b859-d93ac993dc1a","object_type":"device","payload":{"admin":true,"iat":1701705891,"sub":"fd163d1c-5bd6-4c42-9a73-0de4c25ae933"},"rebac_allow":true,"scope_allow":true,"scopes":["read","write","connect"],"subject":"user:fd163d1c-5bd6-4c42-9a73-0de4c25ae933","subject_alt":"fd163d1c-5bd6-4c42-9a73-0de4c25ae933"}},"subject":"eyJhbGciOiJIUzI1NiJ9.eyJzdWIiOiJmZDE2M2QxYy01YmQ2LTRjNDItOWE3My0wZGU0YzI1YWU5MzMiLCJhZG1pbiI6dHJ1ZSwiaWF0IjoxNzAxNzA1ODkxfQ.NLrbCkMZLrq_chig1hvlNdsGM7MgOiHvkbFSayYOKvo"}
device_1 | {"level":"info","message":"getDevicesByDeviceId succeeded"}
authorization_1 | {"level":"info","message":"POST /authorize 200 7ms","meta":{"req":{"headers":{"accept":"*/*","accept-encoding":"gzip, deflate","accept-language":"*","connection":"keep-alive","content-length":"279","content-type":"application/json","host":"127.0.0.1:3010","sec-fetch-mode":"cors","user-agent":"node","x-authorization-psk":"TestPSK"},"httpVersion":"1.1","method":"POST","originalUrl":"/authorize","query":{},"url":"/authorize"},"res":{"statusCode":200},"responseTime":7}}
device_1 | {"level":"info","message":"GET /devices/23336c4d-d305-4dcf-bfa6-4bf33b3afd8b? 200 12ms","method":"GET","requestID":"db2ff9a0-92be-11ee-b645-7f04f10d7150","responseTime":12,"status":200,"url":"/devices/23336c4d-d305-4dcf-bfa6-4bf33b3afd8b?"}
device_1 | {"level":"info","message":"getDevicesByDeviceId succeeded"}
device_1 | {"level":"info","message":"GET /devices/c729c85f-d9a0-4685-b859-d93ac993dc1a? 200 15ms","method":"GET","requestID":"db3047c0-92be-11ee-b645-7f04f10d7150","responseTime":15,"status":200,"url":"/devices/c729c85f-d9a0-4685-b859-d93ac993dc1a?"}
experiment_1 | {"data":{"experimentUrl":"http://localhost/experiments/3e041e06-f720-48c1-8049-cb6938a94fec"},"level":"info","message":"Setting up experiment"}
experiment_1 | {"data":{"experimentUrl":"http://localhost/experiments/3e041e06-f720-48c1-8049-cb6938a94fec"},"level":"info","message":"Attempting to lock booking for experiment"}
experiment_1 | {"data":{"experimentUrl":"http://localhost/experiments/3e041e06-f720-48c1-8049-cb6938a94fec"},"level":"info","message":"Successfully locked booking for experiment"}
experiment_1 | {"data":{"experimentUrl":"http://localhost/experiments/3e041e06-f720-48c1-8049-cb6938a94fec"},"level":"info","message":"Attempting to instantiate devices for experiment"}
experiment_1 | {"data":{"experimentUrl":"http://localhost/experiments/3e041e06-f720-48c1-8049-cb6938a94fec"},"level":"info","message":"Successfully instantiated devices for experiment"}
experiment_1 | {"data":{"experimentUrl":"http://localhost/experiments/3e041e06-f720-48c1-8049-cb6938a94fec"},"level":"info","message":"Attempting to update booking for experiment"}
experiment_1 | {"data":{"experimentUrl":"http://localhost/experiments/3e041e06-f720-48c1-8049-cb6938a94fec"},"level":"info","message":"Successfully updated booking for experiment"}
experiment_1 | {"data":{"experimentUrl":"http://localhost/experiments/3e041e06-f720-48c1-8049-cb6938a94fec"},"level":"info","message":"Successfully set up experiment"}
device_1 | {"level":"info","message":"getDevicesByDeviceId called"}
device_1 | {"level":"info","message":"getDevicesByDeviceId called"}
authorization_1 | {"client_addr":"127.0.0.1:54572","level":"info","msg":"Received request.","req_id":101,"req_method":"POST","req_path":"/v1/data/crosslab","subsystem":"opa","time":"2023-12-04T16:04:51Z"}
experiment_1 | {"data":{"experimentUrl":"http://localhost/experiments/3e041e06-f720-48c1-8049-cb6938a94fec"},"level":"info","message":"Successfully running experiment"}
authorization_1 | {"client_addr":"127.0.0.1:54572","level":"info","msg":"Sent response.","req_id":101,"req_method":"POST","req_path":"/v1/data/crosslab","resp_bytes":447,"resp_duration":0.848642,"resp_status":200,"subsystem":"opa","time":"2023-12-04T16:04:51Z"}
authorization_1 | {"action":"view","level":"info","message":"opa_check","object":"device:http://localhost/devices/1219da84-073c-4867-9f58-76ba9a3d4e34","openfga":{"authorization_model_id":"01HGTRPDRAREZVVDD5Z5RZ7EA5","store":"01HGTRPDQAQB7YS9HP4QN497YP"},"response":{"result":{"allow":true,"enc":"user:fd163d1c-5bd6-4c42-9a73-0de4c25ae933","object":"device:http://localhost/devices/1219da84-073c-4867-9f58-76ba9a3d4e34","object_type":"device","payload":{"admin":true,"iat":1701705891,"sub":"fd163d1c-5bd6-4c42-9a73-0de4c25ae933"},"rebac_allow":true,"scope_allow":true,"scopes":["read","write","connect"],"subject":"user:fd163d1c-5bd6-4c42-9a73-0de4c25ae933","subject_alt":"fd163d1c-5bd6-4c42-9a73-0de4c25ae933"}},"subject":"eyJhbGciOiJIUzI1NiJ9.eyJzdWIiOiJmZDE2M2QxYy01YmQ2LTRjNDItOWE3My0wZGU0YzI1YWU5MzMiLCJhZG1pbiI6dHJ1ZSwiaWF0IjoxNzAxNzA1ODkxfQ.NLrbCkMZLrq_chig1hvlNdsGM7MgOiHvkbFSayYOKvo"}
authorization_1 | {"level":"info","message":"POST /authorize 200 5ms","meta":{"req":{"headers":{"accept":"*/*","accept-encoding":"gzip, deflate","accept-language":"*","connection":"keep-alive","content-length":"279","content-type":"application/json","host":"127.0.0.1:3010","sec-fetch-mode":"cors","user-agent":"node","x-authorization-psk":"TestPSK"},"httpVersion":"1.1","method":"POST","originalUrl":"/authorize","query":{},"url":"/authorize"},"res":{"statusCode":200},"responseTime":5}}
authorization_1 | {"client_addr":"127.0.0.1:41310","level":"info","msg":"Received request.","req_id":102,"req_method":"POST","req_path":"/v1/data/crosslab","subsystem":"opa","time":"2023-12-04T16:04:51Z"}
authorization_1 | {"client_addr":"127.0.0.1:41310","level":"info","msg":"Sent response.","req_id":102,"req_method":"POST","req_path":"/v1/data/crosslab","resp_bytes":447,"resp_duration":0.891772,"resp_status":200,"subsystem":"opa","time":"2023-12-04T16:04:51Z"}
authorization_1 | {"action":"view","level":"info","message":"opa_check","object":"device:http://localhost/devices/c729c85f-d9a0-4685-b859-d93ac993dc1a","openfga":{"authorization_model_id":"01HGTRPDRAREZVVDD5Z5RZ7EA5","store":"01HGTRPDQAQB7YS9HP4QN497YP"},"response":{"result":{"allow":true,"enc":"user:fd163d1c-5bd6-4c42-9a73-0de4c25ae933","object":"device:http://localhost/devices/c729c85f-d9a0-4685-b859-d93ac993dc1a","object_type":"device","payload":{"admin":true,"iat":1701705891,"sub":"fd163d1c-5bd6-4c42-9a73-0de4c25ae933"},"rebac_allow":true,"scope_allow":true,"scopes":["read","write","connect"],"subject":"user:fd163d1c-5bd6-4c42-9a73-0de4c25ae933","subject_alt":"fd163d1c-5bd6-4c42-9a73-0de4c25ae933"}},"subject":"eyJhbGciOiJIUzI1NiJ9.eyJzdWIiOiJmZDE2M2QxYy01YmQ2LTRjNDItOWE3My0wZGU0YzI1YWU5MzMiLCJhZG1pbiI6dHJ1ZSwiaWF0IjoxNzAxNzA1ODkxfQ.NLrbCkMZLrq_chig1hvlNdsGM7MgOiHvkbFSayYOKvo"}
authorization_1 | {"level":"info","message":"POST /authorize 200 6ms","meta":{"req":{"headers":{"accept":"*/*","accept-encoding":"gzip, deflate","accept-language":"*","connection":"keep-alive","content-length":"279","content-type":"application/json","host":"127.0.0.1:3010","sec-fetch-mode":"cors","user-agent":"node","x-authorization-psk":"TestPSK"},"httpVersion":"1.1","method":"POST","originalUrl":"/authorize","query":{},"url":"/authorize"},"res":{"statusCode":200},"responseTime":6}}
device_1 | {"level":"info","message":"getDevicesByDeviceId succeeded"}
device_1 | {"level":"info","message":"GET /devices/1219da84-073c-4867-9f58-76ba9a3d4e34? 200 14ms","method":"GET","requestID":"db720bb0-92be-11ee-b645-7f04f10d7150","responseTime":14,"status":200,"url":"/devices/1219da84-073c-4867-9f58-76ba9a3d4e34?"}
device_1 | {"level":"info","message":"getDevicesByDeviceId succeeded"}
device_1 | {"level":"info","message":"GET /devices/c729c85f-d9a0-4685-b859-d93ac993dc1a? 200 13ms","method":"GET","requestID":"db7259d0-92be-11ee-b645-7f04f10d7150","responseTime":13,"status":200,"url":"/devices/c729c85f-d9a0-4685-b859-d93ac993dc1a?"}
experiment_1 | {"data":{"experimentUrl":"http://localhost/experiments/3e041e06-f720-48c1-8049-cb6938a94fec"},"level":"info","message":"Attempting to create peerconnections for experiment"}
experiment_1 | {"data":{"experimentUrl":"http://localhost/experiments/3e041e06-f720-48c1-8049-cb6938a94fec"},"level":"info","message":"Building connection plan"}
experiment_1 | {"data":{"pairwiseServiceConfigurations":[{"configuration":{},"participants":[{"config":{"interfaces":[]},"role":"device1","serviceId":"electrical","uuid":"63174bbf-2103-4670-be0d-d9f3ca1a57a0"},{"config":{"interfaces":[]},"role":"device2","serviceId":"electrical","uuid":"c89e3904-e487-4b89-93a9-3d7c78e351a6"}],"serviceType":"http://api.goldi-labs.de/serviceTypes/electrical","uuid":"6c15e7c7-16dd-4bf7-afb6-d20c00d2718c"}]},"level":"info","message":"Built pairwise service configurations"}
experiment_1 | {"data":{"connectionPlan":[{"devices":[{"config":{"services":[{"interfaces":[],"remoteServiceId":"electrical","serviceId":"electrical","serviceType":"http://api.goldi-labs.de/serviceTypes/electrical"}]},"url":"http://localhost/devices/1219da84-073c-4867-9f58-76ba9a3d4e34"},{"config":{"services":[{"interfaces":[],"remoteServiceId":"electrical","serviceId":"electrical","serviceType":"http://api.goldi-labs.de/serviceTypes/electrical"}]},"url":"http://localhost/devices/c729c85f-d9a0-4685-b859-d93ac993dc1a"}],"type":"webrtc"}]},"level":"info","message":"Built connection plan"}
device_1 | {"level":"info","message":"postPeerconnections called"}
authorization_1 | {"client_addr":"127.0.0.1:54572","level":"info","msg":"Received request.","req_id":103,"req_method":"POST","req_path":"/v1/data/crosslab","subsystem":"opa","time":"2023-12-04T16:04:51Z"}
authorization_1 | {"client_addr":"127.0.0.1:54572","level":"info","msg":"Sent response.","req_id":103,"req_method":"POST","req_path":"/v1/data/crosslab","resp_bytes":412,"resp_duration":0.927848,"resp_status":200,"subsystem":"opa","time":"2023-12-04T16:04:51Z"}
authorization_1 | {"action":"create","level":"info","message":"opa_check","object":"peerconnection:~~~TYPE~~~","openfga":{"authorization_model_id":"01HGTRPDRAREZVVDD5Z5RZ7EA5","store":"01HGTRPDQAQB7YS9HP4QN497YP"},"response":{"result":{"allow":true,"enc":"user:fd163d1c-5bd6-4c42-9a73-0de4c25ae933","object":"peerconnection:~~~TYPE~~~","object_type":"peerconnection","payload":{"admin":true,"iat":1701705891,"sub":"fd163d1c-5bd6-4c42-9a73-0de4c25ae933"},"rebac_allow":true,"scope_allow":true,"scopes":["read","write","connect"],"subject":"user:fd163d1c-5bd6-4c42-9a73-0de4c25ae933","subject_alt":"fd163d1c-5bd6-4c42-9a73-0de4c25ae933"}},"subject":"eyJhbGciOiJIUzI1NiJ9.eyJzdWIiOiJmZDE2M2QxYy01YmQ2LTRjNDItOWE3My0wZGU0YzI1YWU5MzMiLCJhZG1pbiI6dHJ1ZSwiaWF0IjoxNzAxNzA1ODkxfQ.NLrbCkMZLrq_chig1hvlNdsGM7MgOiHvkbFSayYOKvo"}
authorization_1 | {"level":"info","message":"POST /authorize 200 4ms","meta":{"req":{"headers":{"accept":"*/*","accept-encoding":"gzip, deflate","accept-language":"*","connection":"keep-alive","content-length":"227","content-type":"application/json","host":"127.0.0.1:3010","sec-fetch-mode":"cors","user-agent":"node","x-authorization-psk":"TestPSK"},"httpVersion":"1.1","method":"POST","originalUrl":"/authorize","query":{},"url":"/authorize"},"res":{"statusCode":200},"responseTime":4}}
authorization_1 | {"authorization_model_id":"01HGTRPDRAREZVVDD5Z5RZ7EA5","build.commit":"bc6a45ade4ae02d389b2588ae3bb4676fdcf77ec","build.version":"v1.2.0","error":"rpc error: code = Code(2000) desc = Invalid tuple 'experiment:http%3A%2F%2Flocalhost%2Fexperiments%2F3e041e06-f720-48c1-8049-cb6938a94fec#owner@fd163d1c-5bd6-4c42-9a73-0de4c25ae933'. Reason: the 'user' field must be an object (e.g. document:1) or an 'object#relation' or a typed wildcard (e.g. group:*)","grpc_code":2000,"grpc_method":"Write","grpc_service":"openfga.v1.OpenFGAService","grpc_type":"unary","level":"info","message":"grpc_req_complete","peer.address":"127.0.0.1:35894","raw_request":{"authorization_model_id":"01HGTRPDRAREZVVDD5Z5RZ7EA5","deletes":null,"store_id":"01HGTRPDQAQB7YS9HP4QN497YP","writes":{"tuple_keys":[{"object":"experiment:http%3A%2F%2Flocalhost%2Fexperiments%2F3e041e06-f720-48c1-8049-cb6938a94fec","relation":"owner","user":"fd163d1c-5bd6-4c42-9a73-0de4c25ae933"}]}},"raw_response":{},"request_id":"318b1c71-dcea-46ae-a173-f9945e143962","store_id":"01HGTRPDQAQB7YS9HP4QN497YP","subsystem":"openfga","timestamp":1701705891.95766}
authorization_1 | {"build.commit":"bc6a45ade4ae02d389b2588ae3bb4676fdcf77ec","build.version":"v1.2.0","grpc_code":0,"grpc_method":"ReadAuthorizationModel","grpc_service":"openfga.v1.OpenFGAService","grpc_type":"unary","level":"info","message":"grpc_req_complete","peer.address":"127.0.0.1:35894","raw_request":{"id":"01HGTRPDRAREZVVDD5Z5RZ7EA5","store_id":"01HGTRPDQAQB7YS9HP4QN497YP"},"raw_response":{"authorization_model":{"id":"01HGTRPDRAREZVVDD5Z5RZ7EA5","schema_version":"1.1","type_definitions":[{"metadata":{"relations":{"viewer":{"directly_related_user_types":[{"type":"user"}]}}},"relations":{"viewer":{"this":{}}},"type":"user"},{"metadata":{"relations":{"owner":{"directly_related_user_types":[{"type":"user"}]},"viewer":{"directly_related_user_types":[{"type":"user"}]}}},"relations":{"owner":{"this":{}},"viewer":{"union":{"child":[{"this":{}},{"computedUserset":{"object":"","relation":"owner"}}]}}},"type":"device"},{"metadata":{"relations":{"owner":{"directly_related_user_types":[{"type":"user"}]},"viewer":{"directly_related_user_types":[{"type":"user"}]}}},"relations":{"owner":{"this":{}},"viewer":{"union":{"child":[{"this":{}},{"computedUserset":{"object":"","relation":"owner"}}]}}},"type":"experiment"},{"metadata":{"relations":{"owner":{"directly_related_user_types":[{"type":"user"}]},"viewer":{"directly_related_user_types":[{"type":"user"}]}}},"relations":{"owner":{"this":{}},"viewer":{"union":{"child":[{"this":{}},{"computedUserset":{"object":"","relation":"owner"}}]}}},"type":"peerconnection"},{"metadata":{"relations":{"owner":{"directly_related_user_types":[{"type":"user"}]},"viewer":{"directly_related_user_types":[{"type":"user"}]}}},"relations":{"owner":{"this":{}},"viewer":{"union":{"child":[{"this":{}},{"computedUserset":{"object":"","relation":"owner"}}]}}},"type":"booking"},{"metadata":{"relations":{"owner":{"directly_related_user_types":[{"type":"user"}]},"viewer":{"directly_related_user_types":[{"type":"user"}]}}},"relations":{"owner":{"this":{}},"viewer":{"union":{"child":[{"this":{}},{"computedUserset":{"object":"","relation":"owner"}}]}}},"type":"federation"}]}},"request_id":"53c0b676-4268-4c90-9bee-6ff525e84e43","store_id":"01HGTRPDQAQB7YS9HP4QN497YP","subsystem":"openfga","timestamp":1701705891.9578216}
authorization_1 | {"level":"info","message":"POST /relations/update 200 133ms","meta":{"req":{"headers":{"accept":"*/*","accept-encoding":"gzip, deflate","accept-language":"*","connection":"keep-alive","content-length":"179","content-type":"application/json","host":"127.0.0.1:3010","sec-fetch-mode":"cors","user-agent":"node","x-authorization-psk":"TestPSK"},"httpVersion":"1.1","method":"POST","originalUrl":"/relations/update","query":{},"url":"/relations/update"},"res":{"statusCode":200},"responseTime":133}}
authorization_1 | {"authorization_model_id":"01HGTRPDRAREZVVDD5Z5RZ7EA5","build.commit":"bc6a45ade4ae02d389b2588ae3bb4676fdcf77ec","build.version":"v1.2.0","error":"rpc error: code = Code(2000) desc = Invalid tuple 'peerconnection:http%3A%2F%2Flocalhost%2Fpeerconnections%2Fundefined#owner@fd163d1c-5bd6-4c42-9a73-0de4c25ae933'. Reason: the 'user' field must be an object (e.g. document:1) or an 'object#relation' or a typed wildcard (e.g. group:*)","grpc_code":2000,"grpc_method":"Write","grpc_service":"openfga.v1.OpenFGAService","grpc_type":"unary","level":"info","message":"grpc_req_complete","peer.address":"127.0.0.1:35894","raw_request":{"authorization_model_id":"01HGTRPDRAREZVVDD5Z5RZ7EA5","deletes":null,"store_id":"01HGTRPDQAQB7YS9HP4QN497YP","writes":{"tuple_keys":[{"object":"peerconnection:http%3A%2F%2Flocalhost%2Fpeerconnections%2Fundefined","relation":"owner","user":"fd163d1c-5bd6-4c42-9a73-0de4c25ae933"}]}},"raw_response":{},"request_id":"107917ae-db97-43de-9ac6-35bc33a18d30","store_id":"01HGTRPDQAQB7YS9HP4QN497YP","subsystem":"openfga","timestamp":1701705891.960544}
authorization_1 | {"build.commit":"bc6a45ade4ae02d389b2588ae3bb4676fdcf77ec","build.version":"v1.2.0","grpc_code":0,"grpc_method":"ReadAuthorizationModel","grpc_service":"openfga.v1.OpenFGAService","grpc_type":"unary","level":"info","message":"grpc_req_complete","peer.address":"127.0.0.1:35894","raw_request":{"id":"01HGTRPDRAREZVVDD5Z5RZ7EA5","store_id":"01HGTRPDQAQB7YS9HP4QN497YP"},"raw_response":{"authorization_model":{"id":"01HGTRPDRAREZVVDD5Z5RZ7EA5","schema_version":"1.1","type_definitions":[{"metadata":{"relations":{"viewer":{"directly_related_user_types":[{"type":"user"}]}}},"relations":{"viewer":{"this":{}}},"type":"user"},{"metadata":{"relations":{"owner":{"directly_related_user_types":[{"type":"user"}]},"viewer":{"directly_related_user_types":[{"type":"user"}]}}},"relations":{"owner":{"this":{}},"viewer":{"union":{"child":[{"this":{}},{"computedUserset":{"object":"","relation":"owner"}}]}}},"type":"device"},{"metadata":{"relations":{"owner":{"directly_related_user_types":[{"type":"user"}]},"viewer":{"directly_related_user_types":[{"type":"user"}]}}},"relations":{"owner":{"this":{}},"viewer":{"union":{"child":[{"this":{}},{"computedUserset":{"object":"","relation":"owner"}}]}}},"type":"experiment"},{"metadata":{"relations":{"owner":{"directly_related_user_types":[{"type":"user"}]},"viewer":{"directly_related_user_types":[{"type":"user"}]}}},"relations":{"owner":{"this":{}},"viewer":{"union":{"child":[{"this":{}},{"computedUserset":{"object":"","relation":"owner"}}]}}},"type":"peerconnection"},{"metadata":{"relations":{"owner":{"directly_related_user_types":[{"type":"user"}]},"viewer":{"directly_related_user_types":[{"type":"user"}]}}},"relations":{"owner":{"this":{}},"viewer":{"union":{"child":[{"this":{}},{"computedUserset":{"object":"","relation":"owner"}}]}}},"type":"booking"},{"metadata":{"relations":{"owner":{"directly_related_user_types":[{"type":"user"}]},"viewer":{"directly_related_user_types":[{"type":"user"}]}}},"relations":{"owner":{"this":{}},"viewer":{"union":{"child":[{"this":{}},{"computedUserset":{"object":"","relation":"owner"}}]}}},"type":"federation"}]}},"request_id":"5b17f077-996d-4cb8-9dc1-1514bbb6f5d4","store_id":"01HGTRPDQAQB7YS9HP4QN497YP","subsystem":"openfga","timestamp":1701705891.960939}
authorization_1 | {"level":"info","message":"POST /relations/update 200 113ms","meta":{"req":{"headers":{"accept":"*/*","accept-encoding":"gzip, deflate","accept-language":"*","connection":"keep-alive","content-length":"160","content-type":"application/json","host":"127.0.0.1:3010","sec-fetch-mode":"cors","user-agent":"node","x-authorization-psk":"TestPSK"},"httpVersion":"1.1","method":"POST","originalUrl":"/relations/update","query":{},"url":"/relations/update"},"res":{"statusCode":200},"responseTime":113}}
experiment_1 | {"data":{"experiment":"http://localhost/experiments/3e041e06-f720-48c1-8049-cb6938a94fec","user":"fd163d1c-5bd6-4c42-9a73-0de4c25ae933"},"level":"info","message":"Successfully handled POST request on endpoint /experiments"}
experiment_1 | {"level":"info","message":"POST /experiments 201 831ms","method":"POST","requestID":"7a14258a71024d6d1d8d69a910cc8cec","responseTime":831,"status":201,"url":"/experiments"}
gateway_1 | {"time_local":"04/Dec/2023:16:04:51 +0000","remote_addr":"127.0.0.1","remote_user":"","request":"POST /experiments HTTP/1.1","status": "201","body_bytes_sent":"807","request_time":"0.840","http_referrer":"","http_user_agent":"node-fetch/1.0 (+https://github.com/bitinn/node-fetch)","requestID":"7a14258a71024d6d1d8d69a910cc8cec"}
authentication_1 | {"jwt":"eyJhbGciOiJIUzI1NiJ9.eyJzdWIiOiJmZDE2M2QxYy01YmQ2LTRjNDItOWE3My0wZGU0YzI1YWU5MzMiLCJhZG1pbiI6dHJ1ZSwiaWF0IjoxNzAxNzA1ODkxfQ.NLrbCkMZLrq_chig1hvlNdsGM7MgOiHvkbFSayYOKvo","level":"info","message":"auth send jwt","requestID":"4854c35b237d32add05ff0bbbc4f6a76"}
authentication_1 | {"level":"info","message":"GET /auth 200 4ms","method":"GET","requestID":"4854c35b237d32add05ff0bbbc4f6a76","responseTime":4,"status":200,"url":"/auth"}
device_1 | {"level":"info","message":"getDevicesByDeviceId called"}
authorization_1 | {"client_addr":"127.0.0.1:54572","level":"info","msg":"Received request.","req_id":104,"req_method":"POST","req_path":"/v1/data/crosslab","subsystem":"opa","time":"2023-12-04T16:04:51Z"}
authorization_1 | {"client_addr":"127.0.0.1:54572","level":"info","msg":"Sent response.","req_id":104,"req_method":"POST","req_path":"/v1/data/crosslab","resp_bytes":447,"resp_duration":0.950347,"resp_status":200,"subsystem":"opa","time":"2023-12-04T16:04:51Z"}
authorization_1 | {"action":"view","level":"info","message":"opa_check","object":"device:http://localhost/devices/1219da84-073c-4867-9f58-76ba9a3d4e34","openfga":{"authorization_model_id":"01HGTRPDRAREZVVDD5Z5RZ7EA5","store":"01HGTRPDQAQB7YS9HP4QN497YP"},"response":{"result":{"allow":true,"enc":"user:fd163d1c-5bd6-4c42-9a73-0de4c25ae933","object":"device:http://localhost/devices/1219da84-073c-4867-9f58-76ba9a3d4e34","object_type":"device","payload":{"admin":true,"iat":1701705891,"sub":"fd163d1c-5bd6-4c42-9a73-0de4c25ae933"},"rebac_allow":true,"scope_allow":true,"scopes":["read","write","connect"],"subject":"user:fd163d1c-5bd6-4c42-9a73-0de4c25ae933","subject_alt":"fd163d1c-5bd6-4c42-9a73-0de4c25ae933"}},"subject":"eyJhbGciOiJIUzI1NiJ9.eyJzdWIiOiJmZDE2M2QxYy01YmQ2LTRjNDItOWE3My0wZGU0YzI1YWU5MzMiLCJhZG1pbiI6dHJ1ZSwiaWF0IjoxNzAxNzA1ODkxfQ.NLrbCkMZLrq_chig1hvlNdsGM7MgOiHvkbFSayYOKvo"}
authorization_1 | {"level":"info","message":"POST /authorize 200 4ms","meta":{"req":{"headers":{"accept":"*/*","accept-encoding":"gzip, deflate","accept-language":"*","connection":"keep-alive","content-length":"279","content-type":"application/json","host":"127.0.0.1:3010","sec-fetch-mode":"cors","user-agent":"node","x-authorization-psk":"TestPSK"},"httpVersion":"1.1","method":"POST","originalUrl":"/authorize","query":{},"url":"/authorize"},"res":{"statusCode":200},"responseTime":4}}
device_1 | {"level":"info","message":"postPeerconnections: registering closed-callback for 'http://localhost/callbacks/experiment'"}
device_1 | {"level":"info","message":"postPeerconnections: registering status-changed-callback for 'http://localhost/callbacks/experiment'"}
device_1 | {"level":"info","message":"Trying to create signaling queues for peerconnection 'http://localhost/peerconnections/3b308669-85b2-4e1f-b075-5f0bb68efb69'"}
device_1 | {"level":"info","message":"Successfully created signaling queues for peerconnection 'http://localhost/peerconnections/3b308669-85b2-4e1f-b075-5f0bb68efb69'"}
device_1 | {"level":"info","message":"postPeerconnections succeeded"}
device_1 | {"level":"info","message":"POST /peerconnections?closedUrl=http%3A%2F%2Flocalhost%2Fcallbacks%2Fexperiment&statusChangedUrl=http%3A%2F%2Flocalhost%2Fcallbacks%2Fexperiment 201 264ms","method":"POST","requestID":"db74f1e0-92be-11ee-b645-7f04f10d7150","responseTime":264,"status":201,"url":"/peerconnections?closedUrl=http%3A%2F%2Flocalhost%2Fcallbacks%2Fexperiment&statusChangedUrl=http%3A%2F%2Flocalhost%2Fcallbacks%2Fexperiment"}
device_1 | {"level":"info","message":"getDevicesByDeviceId succeeded"}
gateway_1 | {"time_local":"04/Dec/2023:16:04:52 +0000","remote_addr":"127.0.0.1","remote_user":"","request":"GET /devices/1219da84-073c-4867-9f58-76ba9a3d4e34? HTTP/1.1","status": "200","body_bytes_sent":"228","request_time":"0.129","http_referrer":"","http_user_agent":"node-fetch/1.0 (+https://github.com/bitinn/node-fetch)","requestID":"4854c35b237d32add05ff0bbbc4f6a76"}
device_1 | {"level":"info","message":"GET /devices/1219da84-073c-4867-9f58-76ba9a3d4e34? 200 124ms","method":"GET","requestID":"4854c35b237d32add05ff0bbbc4f6a76","responseTime":124,"status":200,"url":"/devices/1219da84-073c-4867-9f58-76ba9a3d4e34?"}
device_1 | {"level":"info","message":"deviceAHasVideo: false, deviceBHasVideo: false"}
authentication_1 | {"jwt":"eyJhbGciOiJIUzI1NiJ9.eyJzdWIiOiJmZDE2M2QxYy01YmQ2LTRjNDItOWE3My0wZGU0YzI1YWU5MzMiLCJhZG1pbiI6dHJ1ZSwiaWF0IjoxNzAxNzA1ODkyfQ.p_iTme8NS6X09Ep35F41Da1BC0CKiRmW2o-KrBOChIk","level":"info","message":"auth send jwt","requestID":"51b563e9d8535d61a7aeef69177b62f0"}
authentication_1 | {"level":"info","message":"GET /auth 200 3ms","method":"GET","requestID":"51b563e9d8535d61a7aeef69177b62f0","responseTime":3,"status":200,"url":"/auth"}
device_1 | {"level":"info","message":"getDevicesByDeviceId called"}
authorization_1 | {"client_addr":"127.0.0.1:54572","level":"info","msg":"Received request.","req_id":105,"req_method":"POST","req_path":"/v1/data/crosslab","subsystem":"opa","time":"2023-12-04T16:04:52Z"}
authorization_1 | {"client_addr":"127.0.0.1:54572","level":"info","msg":"Sent response.","req_id":105,"req_method":"POST","req_path":"/v1/data/crosslab","resp_bytes":447,"resp_duration":0.675067,"resp_status":200,"subsystem":"opa","time":"2023-12-04T16:04:52Z"}
authorization_1 | {"action":"view","level":"info","message":"opa_check","object":"device:http://localhost/devices/c729c85f-d9a0-4685-b859-d93ac993dc1a","openfga":{"authorization_model_id":"01HGTRPDRAREZVVDD5Z5RZ7EA5","store":"01HGTRPDQAQB7YS9HP4QN497YP"},"response":{"result":{"allow":true,"enc":"user:fd163d1c-5bd6-4c42-9a73-0de4c25ae933","object":"device:http://localhost/devices/c729c85f-d9a0-4685-b859-d93ac993dc1a","object_type":"device","payload":{"admin":true,"iat":1701705892,"sub":"fd163d1c-5bd6-4c42-9a73-0de4c25ae933"},"rebac_allow":true,"scope_allow":true,"scopes":["read","write","connect"],"subject":"user:fd163d1c-5bd6-4c42-9a73-0de4c25ae933","subject_alt":"fd163d1c-5bd6-4c42-9a73-0de4c25ae933"}},"subject":"eyJhbGciOiJIUzI1NiJ9.eyJzdWIiOiJmZDE2M2QxYy01YmQ2LTRjNDItOWE3My0wZGU0YzI1YWU5MzMiLCJhZG1pbiI6dHJ1ZSwiaWF0IjoxNzAxNzA1ODkyfQ.p_iTme8NS6X09Ep35F41Da1BC0CKiRmW2o-KrBOChIk"}
authorization_1 | {"level":"info","message":"POST /authorize 200 4ms","meta":{"req":{"headers":{"accept":"*/*","accept-encoding":"gzip, deflate","accept-language":"*","connection":"keep-alive","content-length":"279","content-type":"application/json","host":"127.0.0.1:3010","sec-fetch-mode":"cors","user-agent":"node","x-authorization-psk":"TestPSK"},"httpVersion":"1.1","method":"POST","originalUrl":"/authorize","query":{},"url":"/authorize"},"res":{"statusCode":200},"responseTime":4}}
device_1 | {"level":"info","message":"getDevicesByDeviceId succeeded"}
gateway_1 | {"time_local":"04/Dec/2023:16:04:52 +0000","remote_addr":"127.0.0.1","remote_user":"","request":"GET /devices/c729c85f-d9a0-4685-b859-d93ac993dc1a? HTTP/1.1","status": "200","body_bytes_sent":"252","request_time":"0.015","http_referrer":"","http_user_agent":"node-fetch/1.0 (+https://github.com/bitinn/node-fetch)","requestID":"51b563e9d8535d61a7aeef69177b62f0"}
device_1 | {"level":"info","message":"GET /devices/c729c85f-d9a0-4685-b859-d93ac993dc1a? 200 9ms","method":"GET","requestID":"51b563e9d8535d61a7aeef69177b62f0","responseTime":9,"status":200,"url":"/devices/c729c85f-d9a0-4685-b859-d93ac993dc1a?"}
device_1 | {"level":"info","message":"Sending status-changed-callback for peerconnection 'http://localhost/peerconnections/3b308669-85b2-4e1f-b075-5f0bb68efb69' to 'http://localhost/callbacks/experiment'"}
device_1 | {"data":{"peerconnection":"3b308669-85b2-4e1f-b075-5f0bb68efb69","statusDeviceA":"connecting","statusDeviceB":"new"},"level":"info","message":"peerconnection devices status info"}
authentication_1 | {"level":"info","message":"auth error No token found","requestID":"ab13dbd6ec861e10817399fa9f823d3c","stack":"Error: No token found\n at file:///usr/local/lib/node_modules/@crosslab/service-auth/app/auth/index.js:34:19\n at file:///usr/local/lib/node_modules/@crosslab/service-auth/app/generated/validation.js:39:26\n at Layer.handle [as handle_request] (/usr/local/lib/node_modules/@crosslab/service-auth/node_modules/express/lib/router/layer.js:95:5)\n at next (/usr/local/lib/node_modules/@crosslab/service-auth/node_modules/express/lib/router/route.js:144:13)\n at Route.dispatch (/usr/local/lib/node_modules/@crosslab/service-auth/node_modules/express/lib/router/route.js:114:3)\n at Layer.handle [as handle_request] (/usr/local/lib/node_modules/@crosslab/service-auth/node_modules/express/lib/router/layer.js:95:5)\n at /usr/local/lib/node_modules/@crosslab/service-auth/node_modules/express/lib/router/index.js:284:15\n at Function.process_params (/usr/local/lib/node_modules/@crosslab/service-auth/node_modules/express/lib/router/index.js:346:12)\n at next (/usr/local/lib/node_modules/@crosslab/service-auth/node_modules/express/lib/router/index.js:280:10)\n at Function.handle (/usr/local/lib/node_modules/@crosslab/service-auth/node_modules/express/lib/router/index.js:175:3)"}
authentication_1 | {"level":"info","message":"GET /auth 200 1ms","method":"GET","requestID":"ab13dbd6ec861e10817399fa9f823d3c","responseTime":1,"status":200,"url":"/auth"}
experiment_1 | {"data":{"callback":{"callbackType":"event","eventType":"peerconnection-status-changed","peerconnection":{"devices":[{"config":{"services":[{"interfaces":[],"remoteServiceId":"electrical","serviceId":"electrical","serviceType":"http://api.goldi-labs.de/serviceTypes/electrical"}]},"status":"connecting","url":"http://localhost/devices/1219da84-073c-4867-9f58-76ba9a3d4e34"},{"config":{"services":[{"interfaces":[],"remoteServiceId":"electrical","serviceId":"electrical","serviceType":"http://api.goldi-labs.de/serviceTypes/electrical"}]},"status":"new","url":"http://localhost/devices/c729c85f-d9a0-4685-b859-d93ac993dc1a"}],"status":"connecting","type":"webrtc","url":"http://localhost/peerconnections/3b308669-85b2-4e1f-b075-5f0bb68efb69"}}},"level":"info","message":"received a callback"}
authentication_1 | {"jwt":"eyJhbGciOiJIUzI1NiJ9.eyJzdWIiOiJmZDE2M2QxYy01YmQ2LTRjNDItOWE3My0wZGU0YzI1YWU5MzMiLCJhZG1pbiI6dHJ1ZSwiaWF0IjoxNzAxNzA1ODkyfQ.p_iTme8NS6X09Ep35F41Da1BC0CKiRmW2o-KrBOChIk","level":"info","message":"auth send jwt","requestID":"af0bb45c6d7a997d272f3488b84541ec"}
authentication_1 | {"level":"info","message":"GET /auth 200 3ms","method":"GET","requestID":"af0bb45c6d7a997d272f3488b84541ec","responseTime":3,"status":200,"url":"/auth"}
experiment_1 | {"data":{"experimentUrl":"http://localhost/experiments/3e041e06-f720-48c1-8049-cb6938a94fec"},"level":"info","message":"Successfully created peerconnections for experiment"}
experiment_1 | {"level":"info","message":"Handling DELETE request on endpoint /experiments/3e041e06-f720-48c1-8049-cb6938a94fec"}
authorization_1 | {"client_addr":"127.0.0.1:54572","level":"info","msg":"Received request.","req_id":106,"req_method":"POST","req_path":"/v1/data/crosslab","subsystem":"opa","time":"2023-12-04T16:04:52Z"}
experiment_1 | {"level":"info","message":"POST /callbacks/experiment 200 92ms","method":"POST","requestID":"ab13dbd6ec861e10817399fa9f823d3c","responseTime":92,"status":200,"url":"/callbacks/experiment"}
gateway_1 | {"time_local":"04/Dec/2023:16:04:52 +0000","remote_addr":"127.0.0.1","remote_user":"","request":"POST /callbacks/experiment HTTP/1.1","status": "200","body_bytes_sent":"5","request_time":"0.096","http_referrer":"","http_user_agent":"node-fetch","requestID":"ab13dbd6ec861e10817399fa9f823d3c"}
authorization_1 | {"client_addr":"127.0.0.1:54572","level":"info","msg":"Sent response.","req_id":106,"req_method":"POST","req_path":"/v1/data/crosslab","resp_bytes":459,"resp_duration":3.108555,"resp_status":200,"subsystem":"opa","time":"2023-12-04T16:04:52Z"}
authorization_1 | {"action":"delete","level":"info","message":"opa_check","object":"experiment:http://localhost/experiments/3e041e06-f720-48c1-8049-cb6938a94fec","openfga":{"authorization_model_id":"01HGTRPDRAREZVVDD5Z5RZ7EA5","store":"01HGTRPDQAQB7YS9HP4QN497YP"},"response":{"result":{"allow":true,"enc":"user:fd163d1c-5bd6-4c42-9a73-0de4c25ae933","object":"experiment:http://localhost/experiments/3e041e06-f720-48c1-8049-cb6938a94fec","object_type":"experiment","payload":{"admin":true,"iat":1701705892,"sub":"fd163d1c-5bd6-4c42-9a73-0de4c25ae933"},"rebac_allow":true,"scope_allow":true,"scopes":["read","write","connect"],"subject":"user:fd163d1c-5bd6-4c42-9a73-0de4c25ae933","subject_alt":"fd163d1c-5bd6-4c42-9a73-0de4c25ae933"}},"subject":"eyJhbGciOiJIUzI1NiJ9.eyJzdWIiOiJmZDE2M2QxYy01YmQ2LTRjNDItOWE3My0wZGU0YzI1YWU5MzMiLCJhZG1pbiI6dHJ1ZSwiaWF0IjoxNzAxNzA1ODkyfQ.p_iTme8NS6X09Ep35F41Da1BC0CKiRmW2o-KrBOChIk"}
authorization_1 | {"level":"info","message":"POST /authorize 200 7ms","meta":{"req":{"headers":{"accept":"*/*","accept-encoding":"gzip, deflate","accept-language":"*","connection":"keep-alive","content-length":"289","content-type":"application/json","host":"127.0.0.1:3010","sec-fetch-mode":"cors","user-agent":"node","x-authorization-psk":"TestPSK"},"httpVersion":"1.1","method":"POST","originalUrl":"/authorize","query":{},"url":"/authorize"},"res":{"statusCode":200},"responseTime":7}}
experiment_1 | {"data":{"experimentUrl":"http://localhost/experiments/3e041e06-f720-48c1-8049-cb6938a94fec"},"level":"info","message":"Attempting to finish experiment"}
device_1 | {"level":"info","message":"deletePeerconnectionsByPeerconnectionId called"}
authorization_1 | {"client_addr":"127.0.0.1:54572","level":"info","msg":"Received request.","req_id":107,"req_method":"POST","req_path":"/v1/data/crosslab","subsystem":"opa","time":"2023-12-04T16:04:52Z"}
authorization_1 | {"client_addr":"127.0.0.1:54572","level":"info","msg":"Sent response.","req_id":107,"req_method":"POST","req_path":"/v1/data/crosslab","resp_bytes":471,"resp_duration":1.236434,"resp_status":200,"subsystem":"opa","time":"2023-12-04T16:04:52Z"}
