authorization_1 | {"action":"edit","level":"info","message":"opa_check","object":"device:http://localhost/devices/810ead67-d84e-4d09-9bcc-b96f6944cdd8","openfga":{"authorization_model_id":"01HGTRPDRAREZVVDD5Z5RZ7EA5","store":"01HGTRPDQAQB7YS9HP4QN497YP"},"response":{"result":{"allow":true,"enc":"user:fd163d1c-5bd6-4c42-9a73-0de4c25ae933","object":"device:http://localhost/devices/810ead67-d84e-4d09-9bcc-b96f6944cdd8","object_type":"device","payload":{"admin":true,"iat":1701705935,"sub":"fd163d1c-5bd6-4c42-9a73-0de4c25ae933"},"rebac_allow":true,"scope_allow":true,"scopes":["read","write","connect"],"subject":"user:fd163d1c-5bd6-4c42-9a73-0de4c25ae933","subject_alt":"fd163d1c-5bd6-4c42-9a73-0de4c25ae933"}},"subject":"eyJhbGciOiJIUzI1NiJ9.eyJzdWIiOiJmZDE2M2QxYy01YmQ2LTRjNDItOWE3My0wZGU0YzI1YWU5MzMiLCJhZG1pbiI6dHJ1ZSwiaWF0IjoxNzAxNzA1OTM1fQ.5flbOXUC93ZMo3Fu1oXr683NYY9IQ22exZGgCRMYRkA"}
device_1 | {"level":"info","message":"patchDevicesByDeviceId called"}
authorization_1 | {"level":"info","message":"POST /authorize 200 4ms","meta":{"req":{"headers":{"accept":"*/*","accept-encoding":"gzip, deflate","accept-language":"*","connection":"keep-alive","content-length":"279","content-type":"application/json","host":"127.0.0.1:3010","sec-fetch-mode":"cors","user-agent":"node","x-authorization-psk":"TestPSK"},"httpVersion":"1.1","method":"POST","originalUrl":"/authorize","query":{},"url":"/authorize"},"res":{"statusCode":200},"responseTime":4}}
authorization_1 | {"client_addr":"127.0.0.1:54572","level":"info","msg":"Received request.","req_id":232,"req_method":"POST","req_path":"/v1/data/crosslab","subsystem":"opa","time":"2023-12-04T16:05:35Z"}
authorization_1 | {"client_addr":"127.0.0.1:54572","level":"info","msg":"Sent response.","req_id":232,"req_method":"POST","req_path":"/v1/data/crosslab","resp_bytes":447,"resp_duration":0.935296,"resp_status":200,"subsystem":"opa","time":"2023-12-04T16:05:35Z"}
authorization_1 | {"action":"edit","level":"info","message":"opa_check","object":"device:http://localhost/devices/bafe992d-1dbd-4471-8849-8ccb6dc6c576","openfga":{"authorization_model_id":"01HGTRPDRAREZVVDD5Z5RZ7EA5","store":"01HGTRPDQAQB7YS9HP4QN497YP"},"response":{"result":{"allow":true,"enc":"user:fd163d1c-5bd6-4c42-9a73-0de4c25ae933","object":"device:http://localhost/devices/bafe992d-1dbd-4471-8849-8ccb6dc6c576","object_type":"device","payload":{"admin":true,"iat":1701705935,"sub":"fd163d1c-5bd6-4c42-9a73-0de4c25ae933"},"rebac_allow":true,"scope_allow":true,"scopes":["read","write","connect"],"subject":"user:fd163d1c-5bd6-4c42-9a73-0de4c25ae933","subject_alt":"fd163d1c-5bd6-4c42-9a73-0de4c25ae933"}},"subject":"eyJhbGciOiJIUzI1NiJ9.eyJzdWIiOiJmZDE2M2QxYy01YmQ2LTRjNDItOWE3My0wZGU0YzI1YWU5MzMiLCJhZG1pbiI6dHJ1ZSwiaWF0IjoxNzAxNzA1OTM1fQ.5flbOXUC93ZMo3Fu1oXr683NYY9IQ22exZGgCRMYRkA"}
authorization_1 | {"level":"info","message":"POST /authorize 200 3ms","meta":{"req":{"headers":{"accept":"*/*","accept-encoding":"gzip, deflate","accept-language":"*","connection":"keep-alive","content-length":"279","content-type":"application/json","host":"127.0.0.1:3010","sec-fetch-mode":"cors","user-agent":"node","x-authorization-psk":"TestPSK"},"httpVersion":"1.1","method":"POST","originalUrl":"/authorize","query":{},"url":"/authorize"},"res":{"statusCode":200},"responseTime":3}}
device_1 | {"level":"info","message":"patchDevicesByDeviceId succeeded"}
gateway_1 | {"time_local":"04/Dec/2023:16:05:35 +0000","remote_addr":"127.0.0.1","remote_user":"","request":"PATCH /devices/810ead67-d84e-4d09-9bcc-b96f6944cdd8 HTTP/1.1","status": "200","body_bytes_sent":"792","request_time":"0.145","http_referrer":"","http_user_agent":"Python/3.10 aiohttp/3.9.1","requestID":"596c69ef321cde7708ff5d24083a4c1e"}
device_1 | {"level":"info","message":"PATCH /devices/810ead67-d84e-4d09-9bcc-b96f6944cdd8 200 142ms","method":"PATCH","requestID":"596c69ef321cde7708ff5d24083a4c1e","responseTime":142,"status":200,"url":"/devices/810ead67-d84e-4d09-9bcc-b96f6944cdd8"}
authentication_1 | {"jwt":"eyJhbGciOiJIUzI1NiJ9.eyJzdWIiOiJmZDE2M2QxYy01YmQ2LTRjNDItOWE3My0wZGU0YzI1YWU5MzMiLCJhZG1pbiI6dHJ1ZSwiaWF0IjoxNzAxNzA1OTM1fQ.5flbOXUC93ZMo3Fu1oXr683NYY9IQ22exZGgCRMYRkA","level":"info","message":"auth send jwt","requestID":"98e82b633da1571fc3e290a4d75eccfa"}
authentication_1 | {"level":"info","message":"GET /auth 200 4ms","method":"GET","requestID":"98e82b633da1571fc3e290a4d75eccfa","responseTime":4,"status":200,"url":"/auth"}
device_1 | {"level":"info","message":"postDevicesByDeviceIdWebsocket called"}
authorization_1 | {"client_addr":"127.0.0.1:54572","level":"info","msg":"Received request.","req_id":233,"req_method":"POST","req_path":"/v1/data/crosslab","subsystem":"opa","time":"2023-12-04T16:05:35Z"}
authorization_1 | {"client_addr":"127.0.0.1:54572","level":"info","msg":"Sent response.","req_id":233,"req_method":"POST","req_path":"/v1/data/crosslab","resp_bytes":447,"resp_duration":0.724335,"resp_status":200,"subsystem":"opa","time":"2023-12-04T16:05:35Z"}
authorization_1 | {"action":"edit","level":"info","message":"opa_check","object":"device:http://localhost/devices/810ead67-d84e-4d09-9bcc-b96f6944cdd8","openfga":{"authorization_model_id":"01HGTRPDRAREZVVDD5Z5RZ7EA5","store":"01HGTRPDQAQB7YS9HP4QN497YP"},"response":{"result":{"allow":true,"enc":"user:fd163d1c-5bd6-4c42-9a73-0de4c25ae933","object":"device:http://localhost/devices/810ead67-d84e-4d09-9bcc-b96f6944cdd8","object_type":"device","payload":{"admin":true,"iat":1701705935,"sub":"fd163d1c-5bd6-4c42-9a73-0de4c25ae933"},"rebac_allow":true,"scope_allow":true,"scopes":["read","write","connect"],"subject":"user:fd163d1c-5bd6-4c42-9a73-0de4c25ae933","subject_alt":"fd163d1c-5bd6-4c42-9a73-0de4c25ae933"}},"subject":"eyJhbGciOiJIUzI1NiJ9.eyJzdWIiOiJmZDE2M2QxYy01YmQ2LTRjNDItOWE3My0wZGU0YzI1YWU5MzMiLCJhZG1pbiI6dHJ1ZSwiaWF0IjoxNzAxNzA1OTM1fQ.5flbOXUC93ZMo3Fu1oXr683NYY9IQ22exZGgCRMYRkA"}
authorization_1 | {"level":"info","message":"POST /authorize 200 5ms","meta":{"req":{"headers":{"accept":"*/*","accept-encoding":"gzip, deflate","accept-language":"*","connection":"keep-alive","content-length":"279","content-type":"application/json","host":"127.0.0.1:3010","sec-fetch-mode":"cors","user-agent":"node","x-authorization-psk":"TestPSK"},"httpVersion":"1.1","method":"POST","originalUrl":"/authorize","query":{},"url":"/authorize"},"res":{"statusCode":200},"responseTime":5}}
device_1 | {"level":"info","message":"patchDevicesByDeviceId succeeded"}
gateway_1 | {"time_local":"04/Dec/2023:16:05:35 +0000","remote_addr":"127.0.0.1","remote_user":"","request":"PATCH /devices/bafe992d-1dbd-4471-8849-8ccb6dc6c576 HTTP/1.1","status": "200","body_bytes_sent":"792","request_time":"0.292","http_referrer":"","http_user_agent":"Python/3.10 aiohttp/3.9.1","requestID":"9328d5a1637e5bc25ed4aedff6d21c09"}
device_1 | {"level":"info","message":"PATCH /devices/bafe992d-1dbd-4471-8849-8ccb6dc6c576 200 287ms","method":"PATCH","requestID":"9328d5a1637e5bc25ed4aedff6d21c09","responseTime":287,"status":200,"url":"/devices/bafe992d-1dbd-4471-8849-8ccb6dc6c576"}
authentication_1 | {"jwt":"eyJhbGciOiJIUzI1NiJ9.eyJzdWIiOiJmZDE2M2QxYy01YmQ2LTRjNDItOWE3My0wZGU0YzI1YWU5MzMiLCJhZG1pbiI6dHJ1ZSwiaWF0IjoxNzAxNzA1OTM1fQ.5flbOXUC93ZMo3Fu1oXr683NYY9IQ22exZGgCRMYRkA","level":"info","message":"auth send jwt","requestID":"bf5aa73b1636b0d9e9d3d060dbf7ad71"}
authentication_1 | {"level":"info","message":"GET /auth 200 4ms","method":"GET","requestID":"bf5aa73b1636b0d9e9d3d060dbf7ad71","responseTime":4,"status":200,"url":"/auth"}
device_1 | {"level":"info","message":"postDevicesByDeviceIdWebsocket called"}
authorization_1 | {"client_addr":"127.0.0.1:54572","level":"info","msg":"Received request.","req_id":234,"req_method":"POST","req_path":"/v1/data/crosslab","subsystem":"opa","time":"2023-12-04T16:05:35Z"}
authorization_1 | {"client_addr":"127.0.0.1:54572","level":"info","msg":"Sent response.","req_id":234,"req_method":"POST","req_path":"/v1/data/crosslab","resp_bytes":447,"resp_duration":1.160756,"resp_status":200,"subsystem":"opa","time":"2023-12-04T16:05:35Z"}
authorization_1 | {"action":"edit","level":"info","message":"opa_check","object":"device:http://localhost/devices/bafe992d-1dbd-4471-8849-8ccb6dc6c576","openfga":{"authorization_model_id":"01HGTRPDRAREZVVDD5Z5RZ7EA5","store":"01HGTRPDQAQB7YS9HP4QN497YP"},"response":{"result":{"allow":true,"enc":"user:fd163d1c-5bd6-4c42-9a73-0de4c25ae933","object":"device:http://localhost/devices/bafe992d-1dbd-4471-8849-8ccb6dc6c576","object_type":"device","payload":{"admin":true,"iat":1701705935,"sub":"fd163d1c-5bd6-4c42-9a73-0de4c25ae933"},"rebac_allow":true,"scope_allow":true,"scopes":["read","write","connect"],"subject":"user:fd163d1c-5bd6-4c42-9a73-0de4c25ae933","subject_alt":"fd163d1c-5bd6-4c42-9a73-0de4c25ae933"}},"subject":"eyJhbGciOiJIUzI1NiJ9.eyJzdWIiOiJmZDE2M2QxYy01YmQ2LTRjNDItOWE3My0wZGU0YzI1YWU5MzMiLCJhZG1pbiI6dHJ1ZSwiaWF0IjoxNzAxNzA1OTM1fQ.5flbOXUC93ZMo3Fu1oXr683NYY9IQ22exZGgCRMYRkA"}
authorization_1 | {"level":"info","message":"POST /authorize 200 5ms","meta":{"req":{"headers":{"accept":"*/*","accept-encoding":"gzip, deflate","accept-language":"*","connection":"keep-alive","content-length":"279","content-type":"application/json","host":"127.0.0.1:3010","sec-fetch-mode":"cors","user-agent":"node","x-authorization-psk":"TestPSK"},"httpVersion":"1.1","method":"POST","originalUrl":"/authorize","query":{},"url":"/authorize"},"res":{"statusCode":200},"responseTime":5}}
device_1 | {"level":"info","message":"postDevicesByDeviceIdWebsocket succeeded"}
gateway_1 | {"time_local":"04/Dec/2023:16:05:35 +0000","remote_addr":"127.0.0.1","remote_user":"","request":"POST /devices/810ead67-d84e-4d09-9bcc-b96f6944cdd8/websocket HTTP/1.1","status": "200","body_bytes_sent":"36","request_time":"0.299","http_referrer":"","http_user_agent":"Python/3.10 aiohttp/3.9.1","requestID":"98e82b633da1571fc3e290a4d75eccfa"}
device_1 | {"level":"info","message":"POST /devices/810ead67-d84e-4d09-9bcc-b96f6944cdd8/websocket 200 292ms","method":"POST","requestID":"98e82b633da1571fc3e290a4d75eccfa","responseTime":292,"status":200,"url":"/devices/810ead67-d84e-4d09-9bcc-b96f6944cdd8/websocket"}
device_1 | {"level":"info","message":"postDevicesByDeviceIdWebsocket succeeded"}
gateway_1 | {"time_local":"04/Dec/2023:16:05:35 +0000","remote_addr":"127.0.0.1","remote_user":"","request":"POST /devices/bafe992d-1dbd-4471-8849-8ccb6dc6c576/websocket HTTP/1.1","status": "200","body_bytes_sent":"36","request_time":"0.291","http_referrer":"","http_user_agent":"Python/3.10 aiohttp/3.9.1","requestID":"bf5aa73b1636b0d9e9d3d060dbf7ad71"}
device_1 | {"level":"info","message":"POST /devices/bafe992d-1dbd-4471-8849-8ccb6dc6c576/websocket 200 285ms","method":"POST","requestID":"bf5aa73b1636b0d9e9d3d060dbf7ad71","responseTime":285,"status":200,"url":"/devices/bafe992d-1dbd-4471-8849-8ccb6dc6c576/websocket"}
device_1 | {"level":"info","message":"device 'http://localhost/devices/810ead67-d84e-4d09-9bcc-b96f6944cdd8' connected"}
device_1 | {"level":"info","message":"device 'http://localhost/devices/bafe992d-1dbd-4471-8849-8ccb6dc6c576' connected"}
authentication_1 | {"jwt":"eyJhbGciOiJIUzI1NiJ9.eyJzdWIiOiJmZDE2M2QxYy01YmQ2LTRjNDItOWE3My0wZGU0YzI1YWU5MzMiLCJhZG1pbiI6dHJ1ZSwiaWF0IjoxNzAxNzA1OTM2fQ.95uGtOMs7FLOXZlHGOydXWm6wuJoacoj4qol5WDhERk","level":"info","message":"auth send jwt","requestID":"2c86bc0c87685fe1b78b2c94e837a517"}
authentication_1 | {"level":"info","message":"GET /auth 200 4ms","method":"GET","requestID":"2c86bc0c87685fe1b78b2c94e837a517","responseTime":4,"status":200,"url":"/auth"}
device_1 | {"level":"info","message":"getDevicesByDeviceId called"}
authorization_1 | {"client_addr":"127.0.0.1:54572","level":"info","msg":"Received request.","req_id":235,"req_method":"POST","req_path":"/v1/data/crosslab","subsystem":"opa","time":"2023-12-04T16:05:36Z"}
authorization_1 | {"client_addr":"127.0.0.1:54572","level":"info","msg":"Sent response.","req_id":235,"req_method":"POST","req_path":"/v1/data/crosslab","resp_bytes":447,"resp_duration":1.288882,"resp_status":200,"subsystem":"opa","time":"2023-12-04T16:05:36Z"}
authorization_1 | {"action":"view","level":"info","message":"opa_check","object":"device:http://localhost/devices/810ead67-d84e-4d09-9bcc-b96f6944cdd8","openfga":{"authorization_model_id":"01HGTRPDRAREZVVDD5Z5RZ7EA5","store":"01HGTRPDQAQB7YS9HP4QN497YP"},"response":{"result":{"allow":true,"enc":"user:fd163d1c-5bd6-4c42-9a73-0de4c25ae933","object":"device:http://localhost/devices/810ead67-d84e-4d09-9bcc-b96f6944cdd8","object_type":"device","payload":{"admin":true,"iat":1701705936,"sub":"fd163d1c-5bd6-4c42-9a73-0de4c25ae933"},"rebac_allow":true,"scope_allow":true,"scopes":["read","write","connect"],"subject":"user:fd163d1c-5bd6-4c42-9a73-0de4c25ae933","subject_alt":"fd163d1c-5bd6-4c42-9a73-0de4c25ae933"}},"subject":"eyJhbGciOiJIUzI1NiJ9.eyJzdWIiOiJmZDE2M2QxYy01YmQ2LTRjNDItOWE3My0wZGU0YzI1YWU5MzMiLCJhZG1pbiI6dHJ1ZSwiaWF0IjoxNzAxNzA1OTM2fQ.95uGtOMs7FLOXZlHGOydXWm6wuJoacoj4qol5WDhERk"}
authorization_1 | {"level":"info","message":"POST /authorize 200 5ms","meta":{"req":{"headers":{"accept":"*/*","accept-encoding":"gzip, deflate","accept-language":"*","connection":"keep-alive","content-length":"279","content-type":"application/json","host":"127.0.0.1:3010","sec-fetch-mode":"cors","user-agent":"node","x-authorization-psk":"TestPSK"},"httpVersion":"1.1","method":"POST","originalUrl":"/authorize","query":{},"url":"/authorize"},"res":{"statusCode":200},"responseTime":5}}
device_1 | {"level":"info","message":"getDevicesByDeviceId succeeded"}
gateway_1 | {"time_local":"04/Dec/2023:16:05:36 +0000","remote_addr":"127.0.0.1","remote_user":"","request":"GET /devices/810ead67-d84e-4d09-9bcc-b96f6944cdd8? HTTP/1.1","status": "200","body_bytes_sent":"791","request_time":"0.019","http_referrer":"","http_user_agent":"node-fetch/1.0 (+https://github.com/bitinn/node-fetch)","requestID":"2c86bc0c87685fe1b78b2c94e837a517"}
device_1 | {"level":"info","message":"GET /devices/810ead67-d84e-4d09-9bcc-b96f6944cdd8? 200 13ms","method":"GET","requestID":"2c86bc0c87685fe1b78b2c94e837a517","responseTime":13,"status":200,"url":"/devices/810ead67-d84e-4d09-9bcc-b96f6944cdd8?"}
authentication_1 | {"jwt":"eyJhbGciOiJIUzI1NiJ9.eyJzdWIiOiJmZDE2M2QxYy01YmQ2LTRjNDItOWE3My0wZGU0YzI1YWU5MzMiLCJhZG1pbiI6dHJ1ZSwiaWF0IjoxNzAxNzA1OTM2fQ.95uGtOMs7FLOXZlHGOydXWm6wuJoacoj4qol5WDhERk","level":"info","message":"auth send jwt","requestID":"c46d6117a5cd8e54ddc353412f95c712"}
authentication_1 | {"level":"info","message":"GET /auth 200 3ms","method":"GET","requestID":"c46d6117a5cd8e54ddc353412f95c712","responseTime":3,"status":200,"url":"/auth"}
device_1 | {"level":"info","message":"getDevicesByDeviceId called"}
authorization_1 | {"client_addr":"127.0.0.1:54572","level":"info","msg":"Received request.","req_id":236,"req_method":"POST","req_path":"/v1/data/crosslab","subsystem":"opa","time":"2023-12-04T16:05:36Z"}
authorization_1 | {"client_addr":"127.0.0.1:54572","level":"info","msg":"Sent response.","req_id":236,"req_method":"POST","req_path":"/v1/data/crosslab","resp_bytes":447,"resp_duration":0.954957,"resp_status":200,"subsystem":"opa","time":"2023-12-04T16:05:36Z"}
authorization_1 | {"action":"view","level":"info","message":"opa_check","object":"device:http://localhost/devices/bafe992d-1dbd-4471-8849-8ccb6dc6c576","openfga":{"authorization_model_id":"01HGTRPDRAREZVVDD5Z5RZ7EA5","store":"01HGTRPDQAQB7YS9HP4QN497YP"},"response":{"result":{"allow":true,"enc":"user:fd163d1c-5bd6-4c42-9a73-0de4c25ae933","object":"device:http://localhost/devices/bafe992d-1dbd-4471-8849-8ccb6dc6c576","object_type":"device","payload":{"admin":true,"iat":1701705936,"sub":"fd163d1c-5bd6-4c42-9a73-0de4c25ae933"},"rebac_allow":true,"scope_allow":true,"scopes":["read","write","connect"],"subject":"user:fd163d1c-5bd6-4c42-9a73-0de4c25ae933","subject_alt":"fd163d1c-5bd6-4c42-9a73-0de4c25ae933"}},"subject":"eyJhbGciOiJIUzI1NiJ9.eyJzdWIiOiJmZDE2M2QxYy01YmQ2LTRjNDItOWE3My0wZGU0YzI1YWU5MzMiLCJhZG1pbiI6dHJ1ZSwiaWF0IjoxNzAxNzA1OTM2fQ.95uGtOMs7FLOXZlHGOydXWm6wuJoacoj4qol5WDhERk"}
authorization_1 | {"level":"info","message":"POST /authorize 200 3ms","meta":{"req":{"headers":{"accept":"*/*","accept-encoding":"gzip, deflate","accept-language":"*","connection":"keep-alive","content-length":"279","content-type":"application/json","host":"127.0.0.1:3010","sec-fetch-mode":"cors","user-agent":"node","x-authorization-psk":"TestPSK"},"httpVersion":"1.1","method":"POST","originalUrl":"/authorize","query":{},"url":"/authorize"},"res":{"statusCode":200},"responseTime":3}}
device_1 | {"level":"info","message":"getDevicesByDeviceId succeeded"}
device_1 | {"level":"info","message":"GET /devices/bafe992d-1dbd-4471-8849-8ccb6dc6c576? 200 10ms","method":"GET","requestID":"c46d6117a5cd8e54ddc353412f95c712","responseTime":10,"status":200,"url":"/devices/bafe992d-1dbd-4471-8849-8ccb6dc6c576?"}
gateway_1 | {"time_local":"04/Dec/2023:16:05:36 +0000","remote_addr":"127.0.0.1","remote_user":"","request":"GET /devices/bafe992d-1dbd-4471-8849-8ccb6dc6c576? HTTP/1.1","status": "200","body_bytes_sent":"791","request_time":"0.013","http_referrer":"","http_user_agent":"node-fetch/1.0 (+https://github.com/bitinn/node-fetch)","requestID":"c46d6117a5cd8e54ddc353412f95c712"}
authentication_1 | {"jwt":"eyJhbGciOiJIUzI1NiJ9.eyJzdWIiOiJmZDE2M2QxYy01YmQ2LTRjNDItOWE3My0wZGU0YzI1YWU5MzMiLCJhZG1pbiI6dHJ1ZSwiaWF0IjoxNzAxNzA1OTM2fQ.95uGtOMs7FLOXZlHGOydXWm6wuJoacoj4qol5WDhERk","level":"info","message":"auth send jwt","requestID":"1f92a18e4fb9d7276e30746b782d9c77"}
authentication_1 | {"level":"info","message":"GET /auth 200 4ms","method":"GET","requestID":"1f92a18e4fb9d7276e30746b782d9c77","responseTime":4,"status":200,"url":"/auth"}
experiment_1 | {"level":"info","message":"Handling POST request on endpoint /experiments"}
authorization_1 | {"client_addr":"127.0.0.1:54572","level":"info","msg":"Received request.","req_id":237,"req_method":"POST","req_path":"/v1/data/crosslab","subsystem":"opa","time":"2023-12-04T16:05:36Z"}
authorization_1 | {"client_addr":"127.0.0.1:54572","level":"info","msg":"Sent response.","req_id":237,"req_method":"POST","req_path":"/v1/data/crosslab","resp_bytes":404,"resp_duration":1.099558,"resp_status":200,"subsystem":"opa","time":"2023-12-04T16:05:36Z"}
authorization_1 | {"action":"create","level":"info","message":"opa_check","object":"experiment:~~~TYPE~~~","openfga":{"authorization_model_id":"01HGTRPDRAREZVVDD5Z5RZ7EA5","store":"01HGTRPDQAQB7YS9HP4QN497YP"},"response":{"result":{"allow":true,"enc":"user:fd163d1c-5bd6-4c42-9a73-0de4c25ae933","object":"experiment:~~~TYPE~~~","object_type":"experiment","payload":{"admin":true,"iat":1701705936,"sub":"fd163d1c-5bd6-4c42-9a73-0de4c25ae933"},"rebac_allow":true,"scope_allow":true,"scopes":["read","write","connect"],"subject":"user:fd163d1c-5bd6-4c42-9a73-0de4c25ae933","subject_alt":"fd163d1c-5bd6-4c42-9a73-0de4c25ae933"}},"subject":"eyJhbGciOiJIUzI1NiJ9.eyJzdWIiOiJmZDE2M2QxYy01YmQ2LTRjNDItOWE3My0wZGU0YzI1YWU5MzMiLCJhZG1pbiI6dHJ1ZSwiaWF0IjoxNzAxNzA1OTM2fQ.95uGtOMs7FLOXZlHGOydXWm6wuJoacoj4qol5WDhERk"}
authorization_1 | {"level":"info","message":"POST /authorize 200 5ms","meta":{"req":{"headers":{"accept":"*/*","accept-encoding":"gzip, deflate","accept-language":"*","connection":"keep-alive","content-length":"223","content-type":"application/json","host":"127.0.0.1:3010","sec-fetch-mode":"cors","user-agent":"node","x-authorization-psk":"TestPSK"},"httpVersion":"1.1","method":"POST","originalUrl":"/authorize","query":{},"url":"/authorize"},"res":{"statusCode":200},"responseTime":5}}
experiment_1 | {"data":{"experimentUrl":"http://localhost/experiments/aacfd983-a80a-462c-a888-71a445f8057f"},"level":"info","message":"Attempting to run experiment"}
experiment_1 | {"data":{"experimentUrl":"http://localhost/experiments/aacfd983-a80a-462c-a888-71a445f8057f"},"level":"info","message":"Attempting to book experiment"}
experiment_1 | {"data":{"experimentUrl":"http://localhost/experiments/aacfd983-a80a-462c-a888-71a445f8057f"},"level":"info","message":"Successfully booked experiment"}
device_1 | {"level":"info","message":"getDevicesByDeviceId called"}
device_1 | {"level":"info","message":"getDevicesByDeviceId called"}
authorization_1 | {"client_addr":"127.0.0.1:54572","level":"info","msg":"Received request.","req_id":238,"req_method":"POST","req_path":"/v1/data/crosslab","subsystem":"opa","time":"2023-12-04T16:05:36Z"}
authorization_1 | {"client_addr":"127.0.0.1:54572","level":"info","msg":"Sent response.","req_id":238,"req_method":"POST","req_path":"/v1/data/crosslab","resp_bytes":447,"resp_duration":1.052894,"resp_status":200,"subsystem":"opa","time":"2023-12-04T16:05:36Z"}
authorization_1 | {"action":"view","level":"info","message":"opa_check","object":"device:http://localhost/devices/810ead67-d84e-4d09-9bcc-b96f6944cdd8","openfga":{"authorization_model_id":"01HGTRPDRAREZVVDD5Z5RZ7EA5","store":"01HGTRPDQAQB7YS9HP4QN497YP"},"response":{"result":{"allow":true,"enc":"user:fd163d1c-5bd6-4c42-9a73-0de4c25ae933","object":"device:http://localhost/devices/810ead67-d84e-4d09-9bcc-b96f6944cdd8","object_type":"device","payload":{"admin":true,"iat":1701705936,"sub":"fd163d1c-5bd6-4c42-9a73-0de4c25ae933"},"rebac_allow":true,"scope_allow":true,"scopes":["read","write","connect"],"subject":"user:fd163d1c-5bd6-4c42-9a73-0de4c25ae933","subject_alt":"fd163d1c-5bd6-4c42-9a73-0de4c25ae933"}},"subject":"eyJhbGciOiJIUzI1NiJ9.eyJzdWIiOiJmZDE2M2QxYy01YmQ2LTRjNDItOWE3My0wZGU0YzI1YWU5MzMiLCJhZG1pbiI6dHJ1ZSwiaWF0IjoxNzAxNzA1OTM2fQ.95uGtOMs7FLOXZlHGOydXWm6wuJoacoj4qol5WDhERk"}
authorization_1 | {"level":"info","message":"POST /authorize 200 5ms","meta":{"req":{"headers":{"accept":"*/*","accept-encoding":"gzip, deflate","accept-language":"*","connection":"keep-alive","content-length":"279","content-type":"application/json","host":"127.0.0.1:3010","sec-fetch-mode":"cors","user-agent":"node","x-authorization-psk":"TestPSK"},"httpVersion":"1.1","method":"POST","originalUrl":"/authorize","query":{},"url":"/authorize"},"res":{"statusCode":200},"responseTime":5}}
authorization_1 | {"client_addr":"127.0.0.1:41376","level":"info","msg":"Received request.","req_id":239,"req_method":"POST","req_path":"/v1/data/crosslab","subsystem":"opa","time":"2023-12-04T16:05:36Z"}
authorization_1 | {"client_addr":"127.0.0.1:41376","level":"info","msg":"Sent response.","req_id":239,"req_method":"POST","req_path":"/v1/data/crosslab","resp_bytes":447,"resp_duration":1.186566,"resp_status":200,"subsystem":"opa","time":"2023-12-04T16:05:36Z"}
authorization_1 | {"action":"view","level":"info","message":"opa_check","object":"device:http://localhost/devices/bafe992d-1dbd-4471-8849-8ccb6dc6c576","openfga":{"authorization_model_id":"01HGTRPDRAREZVVDD5Z5RZ7EA5","store":"01HGTRPDQAQB7YS9HP4QN497YP"},"response":{"result":{"allow":true,"enc":"user:fd163d1c-5bd6-4c42-9a73-0de4c25ae933","object":"device:http://localhost/devices/bafe992d-1dbd-4471-8849-8ccb6dc6c576","object_type":"device","payload":{"admin":true,"iat":1701705936,"sub":"fd163d1c-5bd6-4c42-9a73-0de4c25ae933"},"rebac_allow":true,"scope_allow":true,"scopes":["read","write","connect"],"subject":"user:fd163d1c-5bd6-4c42-9a73-0de4c25ae933","subject_alt":"fd163d1c-5bd6-4c42-9a73-0de4c25ae933"}},"subject":"eyJhbGciOiJIUzI1NiJ9.eyJzdWIiOiJmZDE2M2QxYy01YmQ2LTRjNDItOWE3My0wZGU0YzI1YWU5MzMiLCJhZG1pbiI6dHJ1ZSwiaWF0IjoxNzAxNzA1OTM2fQ.95uGtOMs7FLOXZlHGOydXWm6wuJoacoj4qol5WDhERk"}
authorization_1 | {"level":"info","message":"POST /authorize 200 7ms","meta":{"req":{"headers":{"accept":"*/*","accept-encoding":"gzip, deflate","accept-language":"*","connection":"keep-alive","content-length":"279","content-type":"application/json","host":"127.0.0.1:3010","sec-fetch-mode":"cors","user-agent":"node","x-authorization-psk":"TestPSK"},"httpVersion":"1.1","method":"POST","originalUrl":"/authorize","query":{},"url":"/authorize"},"res":{"statusCode":200},"responseTime":7}}
device_1 | {"level":"info","message":"getDevicesByDeviceId succeeded"}
device_1 | {"level":"info","message":"GET /devices/810ead67-d84e-4d09-9bcc-b96f6944cdd8? 200 14ms","method":"GET","requestID":"f60cf570-92be-11ee-b645-7f04f10d7150","responseTime":14,"status":200,"url":"/devices/810ead67-d84e-4d09-9bcc-b96f6944cdd8?"}
device_1 | {"level":"info","message":"getDevicesByDeviceId succeeded"}
device_1 | {"level":"info","message":"GET /devices/bafe992d-1dbd-4471-8849-8ccb6dc6c576? 200 13ms","method":"GET","requestID":"f60d4390-92be-11ee-b645-7f04f10d7150","responseTime":13,"status":200,"url":"/devices/bafe992d-1dbd-4471-8849-8ccb6dc6c576?"}
experiment_1 | {"data":{"experimentUrl":"http://localhost/experiments/aacfd983-a80a-462c-a888-71a445f8057f"},"level":"info","message":"Setting up experiment"}
experiment_1 | {"data":{"experimentUrl":"http://localhost/experiments/aacfd983-a80a-462c-a888-71a445f8057f"},"level":"info","message":"Attempting to lock booking for experiment"}
experiment_1 | {"data":{"experimentUrl":"http://localhost/experiments/aacfd983-a80a-462c-a888-71a445f8057f"},"level":"info","message":"Successfully locked booking for experiment"}
experiment_1 | {"data":{"experimentUrl":"http://localhost/experiments/aacfd983-a80a-462c-a888-71a445f8057f"},"level":"info","message":"Attempting to instantiate devices for experiment"}
experiment_1 | {"data":{"experimentUrl":"http://localhost/experiments/aacfd983-a80a-462c-a888-71a445f8057f"},"level":"info","message":"Successfully instantiated devices for experiment"}
experiment_1 | {"data":{"experimentUrl":"http://localhost/experiments/aacfd983-a80a-462c-a888-71a445f8057f"},"level":"info","message":"Attempting to update booking for experiment"}
experiment_1 | {"data":{"experimentUrl":"http://localhost/experiments/aacfd983-a80a-462c-a888-71a445f8057f"},"level":"info","message":"Successfully updated booking for experiment"}
experiment_1 | {"data":{"experimentUrl":"http://localhost/experiments/aacfd983-a80a-462c-a888-71a445f8057f"},"level":"info","message":"Successfully set up experiment"}
device_1 | {"level":"info","message":"getDevicesByDeviceId called"}
device_1 | {"level":"info","message":"getDevicesByDeviceId called"}
experiment_1 | {"data":{"experimentUrl":"http://localhost/experiments/aacfd983-a80a-462c-a888-71a445f8057f"},"level":"info","message":"Successfully running experiment"}
authorization_1 | {"client_addr":"127.0.0.1:54572","level":"info","msg":"Received request.","req_id":240,"req_method":"POST","req_path":"/v1/data/crosslab","subsystem":"opa","time":"2023-12-04T16:05:36Z"}
authorization_1 | {"client_addr":"127.0.0.1:54572","level":"info","msg":"Sent response.","req_id":240,"req_method":"POST","req_path":"/v1/data/crosslab","resp_bytes":447,"resp_duration":1.193934,"resp_status":200,"subsystem":"opa","time":"2023-12-04T16:05:36Z"}
authorization_1 | {"client_addr":"127.0.0.1:41376","level":"info","msg":"Received request.","req_id":241,"req_method":"POST","req_path":"/v1/data/crosslab","subsystem":"opa","time":"2023-12-04T16:05:36Z"}
authorization_1 | {"action":"view","level":"info","message":"opa_check","object":"device:http://localhost/devices/810ead67-d84e-4d09-9bcc-b96f6944cdd8","openfga":{"authorization_model_id":"01HGTRPDRAREZVVDD5Z5RZ7EA5","store":"01HGTRPDQAQB7YS9HP4QN497YP"},"response":{"result":{"allow":true,"enc":"user:fd163d1c-5bd6-4c42-9a73-0de4c25ae933","object":"device:http://localhost/devices/810ead67-d84e-4d09-9bcc-b96f6944cdd8","object_type":"device","payload":{"admin":true,"iat":1701705936,"sub":"fd163d1c-5bd6-4c42-9a73-0de4c25ae933"},"rebac_allow":true,"scope_allow":true,"scopes":["read","write","connect"],"subject":"user:fd163d1c-5bd6-4c42-9a73-0de4c25ae933","subject_alt":"fd163d1c-5bd6-4c42-9a73-0de4c25ae933"}},"subject":"eyJhbGciOiJIUzI1NiJ9.eyJzdWIiOiJmZDE2M2QxYy01YmQ2LTRjNDItOWE3My0wZGU0YzI1YWU5MzMiLCJhZG1pbiI6dHJ1ZSwiaWF0IjoxNzAxNzA1OTM2fQ.95uGtOMs7FLOXZlHGOydXWm6wuJoacoj4qol5WDhERk"}
authorization_1 | {"level":"info","message":"POST /authorize 200 6ms","meta":{"req":{"headers":{"accept":"*/*","accept-encoding":"gzip, deflate","accept-language":"*","connection":"keep-alive","content-length":"279","content-type":"application/json","host":"127.0.0.1:3010","sec-fetch-mode":"cors","user-agent":"node","x-authorization-psk":"TestPSK"},"httpVersion":"1.1","method":"POST","originalUrl":"/authorize","query":{},"url":"/authorize"},"res":{"statusCode":200},"responseTime":6}}
authorization_1 | {"client_addr":"127.0.0.1:41376","level":"info","msg":"Sent response.","req_id":241,"req_method":"POST","req_path":"/v1/data/crosslab","resp_bytes":447,"resp_duration":2.769677,"resp_status":200,"subsystem":"opa","time":"2023-12-04T16:05:36Z"}
authorization_1 | {"action":"view","level":"info","message":"opa_check","object":"device:http://localhost/devices/bafe992d-1dbd-4471-8849-8ccb6dc6c576","openfga":{"authorization_model_id":"01HGTRPDRAREZVVDD5Z5RZ7EA5","store":"01HGTRPDQAQB7YS9HP4QN497YP"},"response":{"result":{"allow":true,"enc":"user:fd163d1c-5bd6-4c42-9a73-0de4c25ae933","object":"device:http://localhost/devices/bafe992d-1dbd-4471-8849-8ccb6dc6c576","object_type":"device","payload":{"admin":true,"iat":1701705936,"sub":"fd163d1c-5bd6-4c42-9a73-0de4c25ae933"},"rebac_allow":true,"scope_allow":true,"scopes":["read","write","connect"],"subject":"user:fd163d1c-5bd6-4c42-9a73-0de4c25ae933","subject_alt":"fd163d1c-5bd6-4c42-9a73-0de4c25ae933"}},"subject":"eyJhbGciOiJIUzI1NiJ9.eyJzdWIiOiJmZDE2M2QxYy01YmQ2LTRjNDItOWE3My0wZGU0YzI1YWU5MzMiLCJhZG1pbiI6dHJ1ZSwiaWF0IjoxNzAxNzA1OTM2fQ.95uGtOMs7FLOXZlHGOydXWm6wuJoacoj4qol5WDhERk"}
device_1 | {"level":"info","message":"getDevicesByDeviceId succeeded"}
authorization_1 | {"level":"info","message":"POST /authorize 200 9ms","meta":{"req":{"headers":{"accept":"*/*","accept-encoding":"gzip, deflate","accept-language":"*","connection":"keep-alive","content-length":"279","content-type":"application/json","host":"127.0.0.1:3010","sec-fetch-mode":"cors","user-agent":"node","x-authorization-psk":"TestPSK"},"httpVersion":"1.1","method":"POST","originalUrl":"/authorize","query":{},"url":"/authorize"},"res":{"statusCode":200},"responseTime":9}}
device_1 | {"level":"info","message":"GET /devices/810ead67-d84e-4d09-9bcc-b96f6944cdd8? 200 14ms","method":"GET","requestID":"f64877d0-92be-11ee-b645-7f04f10d7150","responseTime":14,"status":200,"url":"/devices/810ead67-d84e-4d09-9bcc-b96f6944cdd8?"}
device_1 | {"level":"info","message":"getDevicesByDeviceId succeeded"}
device_1 | {"level":"info","message":"GET /devices/bafe992d-1dbd-4471-8849-8ccb6dc6c576? 200 16ms","method":"GET","requestID":"f648c5f0-92be-11ee-b645-7f04f10d7150","responseTime":16,"status":200,"url":"/devices/bafe992d-1dbd-4471-8849-8ccb6dc6c576?"}
experiment_1 | {"data":{"experimentUrl":"http://localhost/experiments/aacfd983-a80a-462c-a888-71a445f8057f"},"level":"info","message":"Attempting to create peerconnections for experiment"}
experiment_1 | {"data":{"experimentUrl":"http://localhost/experiments/aacfd983-a80a-462c-a888-71a445f8057f"},"level":"info","message":"Building connection plan"}
experiment_1 | {"data":{"pairwiseServiceConfigurations":[{"configuration":{},"participants":[{"config":{"interfaces":[{"busId":"gpio1","direction":"out","driver":"device1","interfaceId":1,"interfaceType":"gpio","signals":{"gpio":"gpio1"}},{"busId":"gpio2","direction":"out","driver":"device1","interfaceId":2,"interfaceType":"gpio","signals":{"gpio":"gpio2"}}]},"role":"device1","serviceId":"electrical","uuid":"a64baac6-9328-445c-9e9a-fba97f7aa8b4"},{"config":{"interfaces":[{"busId":"gpio1","direction":"in","driver":"device2","interfaceId":1,"interfaceType":"gpio","signals":{"gpio":"gpio1"}},{"busId":"gpio2","direction":"in","driver":"device2","interfaceId":2,"interfaceType":"gpio","signals":{"gpio":"gpio2"}}]},"role":"device2","serviceId":"electrical","uuid":"e903c81d-076e-43fe-b430-6fcae2becff1"}],"serviceType":"http://api.goldi-labs.de/serviceTypes/electrical","uuid":"3b25bc1a-2713-48c6-9955-f24ee3357edf"}]},"level":"info","message":"Built pairwise service configurations"}
experiment_1 | {"data":{"connectionPlan":[{"devices":[{"config":{"services":[{"interfaces":[{"busId":"gpio1","direction":"out","driver":"device1","interfaceId":1,"interfaceType":"gpio","signals":{"gpio":"gpio1"}},{"busId":"gpio2","direction":"out","driver":"device1","interfaceId":2,"interfaceType":"gpio","signals":{"gpio":"gpio2"}}],"remoteServiceId":"electrical","serviceId":"electrical","serviceType":"http://api.goldi-labs.de/serviceTypes/electrical"}]},"url":"http://localhost/devices/810ead67-d84e-4d09-9bcc-b96f6944cdd8"},{"config":{"services":[{"interfaces":[{"busId":"gpio1","direction":"in","driver":"device2","interfaceId":1,"interfaceType":"gpio","signals":{"gpio":"gpio1"}},{"busId":"gpio2","direction":"in","driver":"device2","interfaceId":2,"interfaceType":"gpio","signals":{"gpio":"gpio2"}}],"remoteServiceId":"electrical","serviceId":"electrical","serviceType":"http://api.goldi-labs.de/serviceTypes/electrical"}]},"url":"http://localhost/devices/bafe992d-1dbd-4471-8849-8ccb6dc6c576"}],"type":"webrtc"}]},"level":"info","message":"Built connection plan"}
device_1 | {"level":"info","message":"postPeerconnections called"}
authorization_1 | {"client_addr":"127.0.0.1:54572","level":"info","msg":"Received request.","req_id":242,"req_method":"POST","req_path":"/v1/data/crosslab","subsystem":"opa","time":"2023-12-04T16:05:36Z"}
authorization_1 | {"client_addr":"127.0.0.1:54572","level":"info","msg":"Sent response.","req_id":242,"req_method":"POST","req_path":"/v1/data/crosslab","resp_bytes":412,"resp_duration":1.021574,"resp_status":200,"subsystem":"opa","time":"2023-12-04T16:05:36Z"}
authorization_1 | {"action":"create","level":"info","message":"opa_check","object":"peerconnection:~~~TYPE~~~","openfga":{"authorization_model_id":"01HGTRPDRAREZVVDD5Z5RZ7EA5","store":"01HGTRPDQAQB7YS9HP4QN497YP"},"response":{"result":{"allow":true,"enc":"user:fd163d1c-5bd6-4c42-9a73-0de4c25ae933","object":"peerconnection:~~~TYPE~~~","object_type":"peerconnection","payload":{"admin":true,"iat":1701705936,"sub":"fd163d1c-5bd6-4c42-9a73-0de4c25ae933"},"rebac_allow":true,"scope_allow":true,"scopes":["read","write","connect"],"subject":"user:fd163d1c-5bd6-4c42-9a73-0de4c25ae933","subject_alt":"fd163d1c-5bd6-4c42-9a73-0de4c25ae933"}},"subject":"eyJhbGciOiJIUzI1NiJ9.eyJzdWIiOiJmZDE2M2QxYy01YmQ2LTRjNDItOWE3My0wZGU0YzI1YWU5MzMiLCJhZG1pbiI6dHJ1ZSwiaWF0IjoxNzAxNzA1OTM2fQ.95uGtOMs7FLOXZlHGOydXWm6wuJoacoj4qol5WDhERk"}
authorization_1 | {"level":"info","message":"POST /authorize 200 3ms","meta":{"req":{"headers":{"accept":"*/*","accept-encoding":"gzip, deflate","accept-language":"*","connection":"keep-alive","content-length":"227","content-type":"application/json","host":"127.0.0.1:3010","sec-fetch-mode":"cors","user-agent":"node","x-authorization-psk":"TestPSK"},"httpVersion":"1.1","method":"POST","originalUrl":"/authorize","query":{},"url":"/authorize"},"res":{"statusCode":200},"responseTime":3}}
authorization_1 | {"authorization_model_id":"01HGTRPDRAREZVVDD5Z5RZ7EA5","build.commit":"bc6a45ade4ae02d389b2588ae3bb4676fdcf77ec","build.version":"v1.2.0","error":"rpc error: code = Code(2000) desc = Invalid tuple 'experiment:http%3A%2F%2Flocalhost%2Fexperiments%2Faacfd983-a80a-462c-a888-71a445f8057f#owner@fd163d1c-5bd6-4c42-9a73-0de4c25ae933'. Reason: the 'user' field must be an object (e.g. document:1) or an 'object#relation' or a typed wildcard (e.g. group:*)","grpc_code":2000,"grpc_method":"Write","grpc_service":"openfga.v1.OpenFGAService","grpc_type":"unary","level":"info","message":"grpc_req_complete","peer.address":"127.0.0.1:35894","raw_request":{"authorization_model_id":"01HGTRPDRAREZVVDD5Z5RZ7EA5","deletes":null,"store_id":"01HGTRPDQAQB7YS9HP4QN497YP","writes":{"tuple_keys":[{"object":"experiment:http%3A%2F%2Flocalhost%2Fexperiments%2Faacfd983-a80a-462c-a888-71a445f8057f","relation":"owner","user":"fd163d1c-5bd6-4c42-9a73-0de4c25ae933"}]}},"raw_response":{},"request_id":"41e987ba-7561-41e3-b2a6-deca057c8851","store_id":"01HGTRPDQAQB7YS9HP4QN497YP","subsystem":"openfga","timestamp":1701705936.9857423}
authorization_1 | {"build.commit":"bc6a45ade4ae02d389b2588ae3bb4676fdcf77ec","build.version":"v1.2.0","grpc_code":0,"grpc_method":"ReadAuthorizationModel","grpc_service":"openfga.v1.OpenFGAService","grpc_type":"unary","level":"info","message":"grpc_req_complete","peer.address":"127.0.0.1:35894","raw_request":{"id":"01HGTRPDRAREZVVDD5Z5RZ7EA5","store_id":"01HGTRPDQAQB7YS9HP4QN497YP"},"raw_response":{"authorization_model":{"id":"01HGTRPDRAREZVVDD5Z5RZ7EA5","schema_version":"1.1","type_definitions":[{"metadata":{"relations":{"viewer":{"directly_related_user_types":[{"type":"user"}]}}},"relations":{"viewer":{"this":{}}},"type":"user"},{"metadata":{"relations":{"owner":{"directly_related_user_types":[{"type":"user"}]},"viewer":{"directly_related_user_types":[{"type":"user"}]}}},"relations":{"owner":{"this":{}},"viewer":{"union":{"child":[{"this":{}},{"computedUserset":{"object":"","relation":"owner"}}]}}},"type":"device"},{"metadata":{"relations":{"owner":{"directly_related_user_types":[{"type":"user"}]},"viewer":{"directly_related_user_types":[{"type":"user"}]}}},"relations":{"owner":{"this":{}},"viewer":{"union":{"child":[{"this":{}},{"computedUserset":{"object":"","relation":"owner"}}]}}},"type":"experiment"},{"metadata":{"relations":{"owner":{"directly_related_user_types":[{"type":"user"}]},"viewer":{"directly_related_user_types":[{"type":"user"}]}}},"relations":{"owner":{"this":{}},"viewer":{"union":{"child":[{"this":{}},{"computedUserset":{"object":"","relation":"owner"}}]}}},"type":"peerconnection"},{"metadata":{"relations":{"owner":{"directly_related_user_types":[{"type":"user"}]},"viewer":{"directly_related_user_types":[{"type":"user"}]}}},"relations":{"owner":{"this":{}},"viewer":{"union":{"child":[{"this":{}},{"computedUserset":{"object":"","relation":"owner"}}]}}},"type":"booking"},{"metadata":{"relations":{"owner":{"directly_related_user_types":[{"type":"user"}]},"viewer":{"directly_related_user_types":[{"type":"user"}]}}},"relations":{"owner":{"this":{}},"viewer":{"union":{"child":[{"this":{}},{"computedUserset":{"object":"","relation":"owner"}}]}}},"type":"federation"}]}},"request_id":"09d15ce1-c4be-4614-8cf4-1220d8118555","store_id":"01HGTRPDQAQB7YS9HP4QN497YP","subsystem":"openfga","timestamp":1701705936.9858224}
authorization_1 | {"level":"info","message":"POST /relations/update 200 134ms","meta":{"req":{"headers":{"accept":"*/*","accept-encoding":"gzip, deflate","accept-language":"*","connection":"keep-alive","content-length":"179","content-type":"application/json","host":"127.0.0.1:3010","sec-fetch-mode":"cors","user-agent":"node","x-authorization-psk":"TestPSK"},"httpVersion":"1.1","method":"POST","originalUrl":"/relations/update","query":{},"url":"/relations/update"},"res":{"statusCode":200},"responseTime":134}}
authorization_1 | {"authorization_model_id":"01HGTRPDRAREZVVDD5Z5RZ7EA5","build.commit":"bc6a45ade4ae02d389b2588ae3bb4676fdcf77ec","build.version":"v1.2.0","error":"rpc error: code = Code(2000) desc = Invalid tuple 'peerconnection:http%3A%2F%2Flocalhost%2Fpeerconnections%2Fundefined#owner@fd163d1c-5bd6-4c42-9a73-0de4c25ae933'. Reason: the 'user' field must be an object (e.g. document:1) or an 'object#relation' or a typed wildcard (e.g. group:*)","grpc_code":2000,"grpc_method":"Write","grpc_service":"openfga.v1.OpenFGAService","grpc_type":"unary","level":"info","message":"grpc_req_complete","peer.address":"127.0.0.1:35894","raw_request":{"authorization_model_id":"01HGTRPDRAREZVVDD5Z5RZ7EA5","deletes":null,"store_id":"01HGTRPDQAQB7YS9HP4QN497YP","writes":{"tuple_keys":[{"object":"peerconnection:http%3A%2F%2Flocalhost%2Fpeerconnections%2Fundefined","relation":"owner","user":"fd163d1c-5bd6-4c42-9a73-0de4c25ae933"}]}},"raw_response":{},"request_id":"2d6fd67d-d9c2-4c7d-9025-e2ecab1591dd","store_id":"01HGTRPDQAQB7YS9HP4QN497YP","subsystem":"openfga","timestamp":1701705936.9874952}
authorization_1 | {"build.commit":"bc6a45ade4ae02d389b2588ae3bb4676fdcf77ec","build.version":"v1.2.0","grpc_code":0,"grpc_method":"ReadAuthorizationModel","grpc_service":"openfga.v1.OpenFGAService","grpc_type":"unary","level":"info","message":"grpc_req_complete","peer.address":"127.0.0.1:35894","raw_request":{"id":"01HGTRPDRAREZVVDD5Z5RZ7EA5","store_id":"01HGTRPDQAQB7YS9HP4QN497YP"},"raw_response":{"authorization_model":{"id":"01HGTRPDRAREZVVDD5Z5RZ7EA5","schema_version":"1.1","type_definitions":[{"metadata":{"relations":{"viewer":{"directly_related_user_types":[{"type":"user"}]}}},"relations":{"viewer":{"this":{}}},"type":"user"},{"metadata":{"relations":{"owner":{"directly_related_user_types":[{"type":"user"}]},"viewer":{"directly_related_user_types":[{"type":"user"}]}}},"relations":{"owner":{"this":{}},"viewer":{"union":{"child":[{"this":{}},{"computedUserset":{"object":"","relation":"owner"}}]}}},"type":"device"},{"metadata":{"relations":{"owner":{"directly_related_user_types":[{"type":"user"}]},"viewer":{"directly_related_user_types":[{"type":"user"}]}}},"relations":{"owner":{"this":{}},"viewer":{"union":{"child":[{"this":{}},{"computedUserset":{"object":"","relation":"owner"}}]}}},"type":"experiment"},{"metadata":{"relations":{"owner":{"directly_related_user_types":[{"type":"user"}]},"viewer":{"directly_related_user_types":[{"type":"user"}]}}},"relations":{"owner":{"this":{}},"viewer":{"union":{"child":[{"this":{}},{"computedUserset":{"object":"","relation":"owner"}}]}}},"type":"peerconnection"},{"metadata":{"relations":{"owner":{"directly_related_user_types":[{"type":"user"}]},"viewer":{"directly_related_user_types":[{"type":"user"}]}}},"relations":{"owner":{"this":{}},"viewer":{"union":{"child":[{"this":{}},{"computedUserset":{"object":"","relation":"owner"}}]}}},"type":"booking"},{"metadata":{"relations":{"owner":{"directly_related_user_types":[{"type":"user"}]},"viewer":{"directly_related_user_types":[{"type":"user"}]}}},"relations":{"owner":{"this":{}},"viewer":{"union":{"child":[{"this":{}},{"computedUserset":{"object":"","relation":"owner"}}]}}},"type":"federation"}]}},"request_id":"29db43e3-2a7c-4e9a-93d1-ba7e301bc94a","store_id":"01HGTRPDQAQB7YS9HP4QN497YP","subsystem":"openfga","timestamp":1701705936.9879572}
authorization_1 | {"level":"info","message":"POST /relations/update 200 116ms","meta":{"req":{"headers":{"accept":"*/*","accept-encoding":"gzip, deflate","accept-language":"*","connection":"keep-alive","content-length":"160","content-type":"application/json","host":"127.0.0.1:3010","sec-fetch-mode":"cors","user-agent":"node","x-authorization-psk":"TestPSK"},"httpVersion":"1.1","method":"POST","originalUrl":"/relations/update","query":{},"url":"/relations/update"},"res":{"statusCode":200},"responseTime":116}}
experiment_1 | {"data":{"experiment":"http://localhost/experiments/aacfd983-a80a-462c-a888-71a445f8057f","user":"fd163d1c-5bd6-4c42-9a73-0de4c25ae933"},"level":"info","message":"Successfully handled POST request on endpoint /experiments"}
experiment_1 | {"level":"info","message":"POST /experiments 201 794ms","method":"POST","requestID":"1f92a18e4fb9d7276e30746b782d9c77","responseTime":794,"status":201,"url":"/experiments"}
gateway_1 | {"time_local":"04/Dec/2023:16:05:37 +0000","remote_addr":"127.0.0.1","remote_user":"","request":"POST /experiments HTTP/1.1","status": "201","body_bytes_sent":"1295","request_time":"0.801","http_referrer":"","http_user_agent":"node-fetch/1.0 (+https://github.com/bitinn/node-fetch)","requestID":"1f92a18e4fb9d7276e30746b782d9c77"}
authentication_1 | {"jwt":"eyJhbGciOiJIUzI1NiJ9.eyJzdWIiOiJmZDE2M2QxYy01YmQ2LTRjNDItOWE3My0wZGU0YzI1YWU5MzMiLCJhZG1pbiI6dHJ1ZSwiaWF0IjoxNzAxNzA1OTM3fQ.PE0OFPo7DFy7ZDdbvmuyBL0iw1uIEuoECU6No1YBYCM","level":"info","message":"auth send jwt","requestID":"5db81aec3eb4bde1ab0cac7bdeffa0d1"}
authentication_1 | {"level":"info","message":"GET /auth 200 4ms","method":"GET","requestID":"5db81aec3eb4bde1ab0cac7bdeffa0d1","responseTime":4,"status":200,"url":"/auth"}
device_1 | {"level":"info","message":"getDevicesByDeviceId called"}
authorization_1 | {"client_addr":"127.0.0.1:54572","level":"info","msg":"Received request.","req_id":243,"req_method":"POST","req_path":"/v1/data/crosslab","subsystem":"opa","time":"2023-12-04T16:05:37Z"}
authorization_1 | {"client_addr":"127.0.0.1:54572","level":"info","msg":"Sent response.","req_id":243,"req_method":"POST","req_path":"/v1/data/crosslab","resp_bytes":447,"resp_duration":0.925201,"resp_status":200,"subsystem":"opa","time":"2023-12-04T16:05:37Z"}
authorization_1 | {"action":"view","level":"info","message":"opa_check","object":"device:http://localhost/devices/810ead67-d84e-4d09-9bcc-b96f6944cdd8","openfga":{"authorization_model_id":"01HGTRPDRAREZVVDD5Z5RZ7EA5","store":"01HGTRPDQAQB7YS9HP4QN497YP"},"response":{"result":{"allow":true,"enc":"user:fd163d1c-5bd6-4c42-9a73-0de4c25ae933","object":"device:http://localhost/devices/810ead67-d84e-4d09-9bcc-b96f6944cdd8","object_type":"device","payload":{"admin":true,"iat":1701705937,"sub":"fd163d1c-5bd6-4c42-9a73-0de4c25ae933"},"rebac_allow":true,"scope_allow":true,"scopes":["read","write","connect"],"subject":"user:fd163d1c-5bd6-4c42-9a73-0de4c25ae933","subject_alt":"fd163d1c-5bd6-4c42-9a73-0de4c25ae933"}},"subject":"eyJhbGciOiJIUzI1NiJ9.eyJzdWIiOiJmZDE2M2QxYy01YmQ2LTRjNDItOWE3My0wZGU0YzI1YWU5MzMiLCJhZG1pbiI6dHJ1ZSwiaWF0IjoxNzAxNzA1OTM3fQ.PE0OFPo7DFy7ZDdbvmuyBL0iw1uIEuoECU6No1YBYCM"}
authorization_1 | {"level":"info","message":"POST /authorize 200 3ms","meta":{"req":{"headers":{"accept":"*/*","accept-encoding":"gzip, deflate","accept-language":"*","connection":"keep-alive","content-length":"279","content-type":"application/json","host":"127.0.0.1:3010","sec-fetch-mode":"cors","user-agent":"node","x-authorization-psk":"TestPSK"},"httpVersion":"1.1","method":"POST","originalUrl":"/authorize","query":{},"url":"/authorize"},"res":{"statusCode":200},"responseTime":3}}
device_1 | {"level":"info","message":"postPeerconnections: registering closed-callback for 'http://localhost/callbacks/experiment'"}
device_1 | {"level":"info","message":"postPeerconnections: registering status-changed-callback for 'http://localhost/callbacks/experiment'"}
device_1 | {"level":"info","message":"Trying to create signaling queues for peerconnection 'http://localhost/peerconnections/e5513b17-d917-47b1-a6a4-092127f4e63c'"}
device_1 | {"level":"info","message":"Successfully created signaling queues for peerconnection 'http://localhost/peerconnections/e5513b17-d917-47b1-a6a4-092127f4e63c'"}
device_1 | {"level":"info","message":"postPeerconnections succeeded"}
device_1 | {"level":"info","message":"POST /peerconnections?closedUrl=http%3A%2F%2Flocalhost%2Fcallbacks%2Fexperiment&statusChangedUrl=http%3A%2F%2Flocalhost%2Fcallbacks%2Fexperiment 201 272ms","method":"POST","requestID":"f64bac20-92be-11ee-b645-7f04f10d7150","responseTime":272,"status":201,"url":"/peerconnections?closedUrl=http%3A%2F%2Flocalhost%2Fcallbacks%2Fexperiment&statusChangedUrl=http%3A%2F%2Flocalhost%2Fcallbacks%2Fexperiment"}
device_1 | {"level":"info","message":"getDevicesByDeviceId succeeded"}
device_1 | {"level":"info","message":"GET /devices/810ead67-d84e-4d09-9bcc-b96f6944cdd8? 200 135ms","method":"GET","requestID":"5db81aec3eb4bde1ab0cac7bdeffa0d1","responseTime":135,"status":200,"url":"/devices/810ead67-d84e-4d09-9bcc-b96f6944cdd8?"}
gateway_1 | {"time_local":"04/Dec/2023:16:05:37 +0000","remote_addr":"127.0.0.1","remote_user":"","request":"GET /devices/810ead67-d84e-4d09-9bcc-b96f6944cdd8? HTTP/1.1","status": "200","body_bytes_sent":"791","request_time":"0.140","http_referrer":"","http_user_agent":"node-fetch/1.0 (+https://github.com/bitinn/node-fetch)","requestID":"5db81aec3eb4bde1ab0cac7bdeffa0d1"}
device_1 | {"level":"info","message":"deviceAHasVideo: false, deviceBHasVideo: false"}
authentication_1 | {"jwt":"eyJhbGciOiJIUzI1NiJ9.eyJzdWIiOiJmZDE2M2QxYy01YmQ2LTRjNDItOWE3My0wZGU0YzI1YWU5MzMiLCJhZG1pbiI6dHJ1ZSwiaWF0IjoxNzAxNzA1OTM3fQ.PE0OFPo7DFy7ZDdbvmuyBL0iw1uIEuoECU6No1YBYCM","level":"info","message":"auth send jwt","requestID":"3e810b9193db9ffa8a6cc132980d0d0c"}
authentication_1 | {"level":"info","message":"GET /auth 200 4ms","method":"GET","requestID":"3e810b9193db9ffa8a6cc132980d0d0c","responseTime":4,"status":200,"url":"/auth"}
device_1 | {"level":"info","message":"getDevicesByDeviceId called"}
authorization_1 | {"client_addr":"127.0.0.1:54572","level":"info","msg":"Received request.","req_id":244,"req_method":"POST","req_path":"/v1/data/crosslab","subsystem":"opa","time":"2023-12-04T16:05:37Z"}
authorization_1 | {"client_addr":"127.0.0.1:54572","level":"info","msg":"Sent response.","req_id":244,"req_method":"POST","req_path":"/v1/data/crosslab","resp_bytes":447,"resp_duration":0.811634,"resp_status":200,"subsystem":"opa","time":"2023-12-04T16:05:37Z"}
authorization_1 | {"action":"view","level":"info","message":"opa_check","object":"device:http://localhost/devices/bafe992d-1dbd-4471-8849-8ccb6dc6c576","openfga":{"authorization_model_id":"01HGTRPDRAREZVVDD5Z5RZ7EA5","store":"01HGTRPDQAQB7YS9HP4QN497YP"},"response":{"result":{"allow":true,"enc":"user:fd163d1c-5bd6-4c42-9a73-0de4c25ae933","object":"device:http://localhost/devices/bafe992d-1dbd-4471-8849-8ccb6dc6c576","object_type":"device","payload":{"admin":true,"iat":1701705937,"sub":"fd163d1c-5bd6-4c42-9a73-0de4c25ae933"},"rebac_allow":true,"scope_allow":true,"scopes":["read","write","connect"],"subject":"user:fd163d1c-5bd6-4c42-9a73-0de4c25ae933","subject_alt":"fd163d1c-5bd6-4c42-9a73-0de4c25ae933"}},"subject":"eyJhbGciOiJIUzI1NiJ9.eyJzdWIiOiJmZDE2M2QxYy01YmQ2LTRjNDItOWE3My0wZGU0YzI1YWU5MzMiLCJhZG1pbiI6dHJ1ZSwiaWF0IjoxNzAxNzA1OTM3fQ.PE0OFPo7DFy7ZDdbvmuyBL0iw1uIEuoECU6No1YBYCM"}
