gateway_1 | {"time_local":"04/Dec/2023:16:04:28 +0000","remote_addr":"127.0.0.1","remote_user":"","request":"DELETE /experiments/c52a4a76-78f5-46f6-9b45-4b6b41797608 HTTP/1.1","status": "204","body_bytes_sent":"0","request_time":"1.461","http_referrer":"","http_user_agent":"node-fetch/1.0 (+https://github.com/bitinn/node-fetch)","requestID":"07865a20fa94fef3763bb71e05c8690f"}
experiment_1 | {"level":"info","message":"DELETE /experiments/c52a4a76-78f5-46f6-9b45-4b6b41797608 204 1453ms","method":"DELETE","requestID":"07865a20fa94fef3763bb71e05c8690f","responseTime":1453,"status":204,"url":"/experiments/c52a4a76-78f5-46f6-9b45-4b6b41797608"}
authentication_1 | {"jwt":"eyJhbGciOiJIUzI1NiJ9.eyJzdWIiOiJmZDE2M2QxYy01YmQ2LTRjNDItOWE3My0wZGU0YzI1YWU5MzMiLCJhZG1pbiI6dHJ1ZSwiaWF0IjoxNzAxNzA1ODY4fQ.RdIrdn8Tc7jw96C1uI3T9jT8cC4GbYGUQYAiFfEqEYQ","level":"info","message":"auth send jwt","requestID":"87f50a267b9356e78ab5434aa4d364ab"}
gateway_1 | {"time_local":"04/Dec/2023:16:04:28 +0000","remote_addr":"127.0.0.1","remote_user":"","request":"GET /devices/websocket HTTP/1.1","status": "101","body_bytes_sent":"1349","request_time":"6.248","http_referrer":"","http_user_agent":"Mozilla/5.0 (X11; Linux x86_64) AppleWebKit/537.36 (KHTML, like Gecko) HeadlessChrome/109.0.5414.0 Safari/537.36","requestID":"c29e0c9d2c7954f412398961745ecd7b"}
authentication_1 | {"level":"info","message":"GET /auth 200 4ms","method":"GET","requestID":"87f50a267b9356e78ab5434aa4d364ab","responseTime":4,"status":200,"url":"/auth"}
gateway_1 | {"time_local":"04/Dec/2023:16:04:28 +0000","remote_addr":"127.0.0.1","remote_user":"","request":"GET /devices/websocket HTTP/1.1","status": "101","body_bytes_sent":"1351","request_time":"6.385","http_referrer":"","http_user_agent":"Mozilla/5.0 (X11; Linux x86_64) AppleWebKit/537.36 (KHTML, like Gecko) HeadlessChrome/109.0.5414.0 Safari/537.36","requestID":"7f918dbffaaad734138928ce0bafc1a5"}
device_1 | {"level":"info","message":"postDevices called"}
authorization_1 | {"client_addr":"127.0.0.1:54572","level":"info","msg":"Received request.","req_id":19,"req_method":"POST","req_path":"/v1/data/crosslab","subsystem":"opa","time":"2023-12-04T16:04:28Z"}
authorization_1 | {"client_addr":"127.0.0.1:54572","level":"info","msg":"Sent response.","req_id":19,"req_method":"POST","req_path":"/v1/data/crosslab","resp_bytes":396,"resp_duration":0.796021,"resp_status":200,"subsystem":"opa","time":"2023-12-04T16:04:28Z"}
authorization_1 | {"action":"create","level":"info","message":"opa_check","object":"device:~~~TYPE~~~","openfga":{"authorization_model_id":"01HGTRPDRAREZVVDD5Z5RZ7EA5","store":"01HGTRPDQAQB7YS9HP4QN497YP"},"response":{"result":{"allow":true,"enc":"user:fd163d1c-5bd6-4c42-9a73-0de4c25ae933","object":"device:~~~TYPE~~~","object_type":"device","payload":{"admin":true,"iat":1701705868,"sub":"fd163d1c-5bd6-4c42-9a73-0de4c25ae933"},"rebac_allow":true,"scope_allow":true,"scopes":["read","write","connect"],"subject":"user:fd163d1c-5bd6-4c42-9a73-0de4c25ae933","subject_alt":"fd163d1c-5bd6-4c42-9a73-0de4c25ae933"}},"subject":"eyJhbGciOiJIUzI1NiJ9.eyJzdWIiOiJmZDE2M2QxYy01YmQ2LTRjNDItOWE3My0wZGU0YzI1YWU5MzMiLCJhZG1pbiI6dHJ1ZSwiaWF0IjoxNzAxNzA1ODY4fQ.RdIrdn8Tc7jw96C1uI3T9jT8cC4GbYGUQYAiFfEqEYQ"}
device_1 | {"data":{"code":1001,"reason":{"data":[],"type":"Buffer"}},"level":"info","message":"websocket connection for device 'http://localhost/devices/9b66a8ef-80d2-4f82-8c39-419f751aaca9' closed"}
authorization_1 | {"level":"info","message":"POST /authorize 200 5ms","meta":{"req":{"headers":{"accept":"*/*","accept-encoding":"gzip, deflate","accept-language":"*","connection":"keep-alive","content-length":"219","content-type":"application/json","host":"127.0.0.1:3010","sec-fetch-mode":"cors","user-agent":"node","x-authorization-psk":"TestPSK"},"httpVersion":"1.1","method":"POST","originalUrl":"/authorize","query":{},"url":"/authorize"},"res":{"statusCode":200},"responseTime":5}}
authorization_1 | {"authorization_model_id":"01HGTRPDRAREZVVDD5Z5RZ7EA5","build.commit":"bc6a45ade4ae02d389b2588ae3bb4676fdcf77ec","build.version":"v1.2.0","error":"rpc error: code = Code(2000) desc = Invalid tuple 'device:http%3A%2F%2Flocalhost%2Fdevices%2Fundefined#owner@fd163d1c-5bd6-4c42-9a73-0de4c25ae933'. Reason: the 'user' field must be an object (e.g. document:1) or an 'object#relation' or a typed wildcard (e.g. group:*)","grpc_code":2000,"grpc_method":"Write","grpc_service":"openfga.v1.OpenFGAService","grpc_type":"unary","level":"info","message":"grpc_req_complete","peer.address":"127.0.0.1:35894","raw_request":{"authorization_model_id":"01HGTRPDRAREZVVDD5Z5RZ7EA5","deletes":null,"store_id":"01HGTRPDQAQB7YS9HP4QN497YP","writes":{"tuple_keys":[{"object":"device:http%3A%2F%2Flocalhost%2Fdevices%2Fundefined","relation":"owner","user":"fd163d1c-5bd6-4c42-9a73-0de4c25ae933"}]}},"raw_response":{},"request_id":"6f243f31-bfbc-42d5-b5c1-7bd33bc96942","store_id":"01HGTRPDQAQB7YS9HP4QN497YP","subsystem":"openfga","timestamp":1701705868.6558697}
authorization_1 | {"build.commit":"bc6a45ade4ae02d389b2588ae3bb4676fdcf77ec","build.version":"v1.2.0","grpc_code":0,"grpc_method":"ReadAuthorizationModel","grpc_service":"openfga.v1.OpenFGAService","grpc_type":"unary","level":"info","message":"grpc_req_complete","peer.address":"127.0.0.1:35894","raw_request":{"id":"01HGTRPDRAREZVVDD5Z5RZ7EA5","store_id":"01HGTRPDQAQB7YS9HP4QN497YP"},"raw_response":{"authorization_model":{"id":"01HGTRPDRAREZVVDD5Z5RZ7EA5","schema_version":"1.1","type_definitions":[{"metadata":{"relations":{"viewer":{"directly_related_user_types":[{"type":"user"}]}}},"relations":{"viewer":{"this":{}}},"type":"user"},{"metadata":{"relations":{"owner":{"directly_related_user_types":[{"type":"user"}]},"viewer":{"directly_related_user_types":[{"type":"user"}]}}},"relations":{"owner":{"this":{}},"viewer":{"union":{"child":[{"this":{}},{"computedUserset":{"object":"","relation":"owner"}}]}}},"type":"device"},{"metadata":{"relations":{"owner":{"directly_related_user_types":[{"type":"user"}]},"viewer":{"directly_related_user_types":[{"type":"user"}]}}},"relations":{"owner":{"this":{}},"viewer":{"union":{"child":[{"this":{}},{"computedUserset":{"object":"","relation":"owner"}}]}}},"type":"experiment"},{"metadata":{"relations":{"owner":{"directly_related_user_types":[{"type":"user"}]},"viewer":{"directly_related_user_types":[{"type":"user"}]}}},"relations":{"owner":{"this":{}},"viewer":{"union":{"child":[{"this":{}},{"computedUserset":{"object":"","relation":"owner"}}]}}},"type":"peerconnection"},{"metadata":{"relations":{"owner":{"directly_related_user_types":[{"type":"user"}]},"viewer":{"directly_related_user_types":[{"type":"user"}]}}},"relations":{"owner":{"this":{}},"viewer":{"union":{"child":[{"this":{}},{"computedUserset":{"object":"","relation":"owner"}}]}}},"type":"booking"},{"metadata":{"relations":{"owner":{"directly_related_user_types":[{"type":"user"}]},"viewer":{"directly_related_user_types":[{"type":"user"}]}}},"relations":{"owner":{"this":{}},"viewer":{"union":{"child":[{"this":{}},{"computedUserset":{"object":"","relation":"owner"}}]}}},"type":"federation"}]}},"request_id":"aba309d4-a2e7-4da3-ad70-1abff294fc6f","store_id":"01HGTRPDQAQB7YS9HP4QN497YP","subsystem":"openfga","timestamp":1701705868.656041}
authorization_1 | {"level":"info","message":"POST /relations/update 200 6ms","meta":{"req":{"headers":{"accept":"*/*","accept-encoding":"gzip, deflate","accept-language":"*","connection":"keep-alive","content-length":"144","content-type":"application/json","host":"127.0.0.1:3010","sec-fetch-mode":"cors","user-agent":"node","x-authorization-psk":"TestPSK"},"httpVersion":"1.1","method":"POST","originalUrl":"/relations/update","query":{},"url":"/relations/update"},"res":{"statusCode":200},"responseTime":6}}
device_1 | {"data":{"code":1001,"reason":{"data":[],"type":"Buffer"}},"level":"info","message":"websocket connection for device 'http://localhost/devices/497c39d1-dfca-4d34-ae0c-34835ab5b0f3' closed"}
device_1 | {"level":"info","message":"postDevices succeeded"}
device_1 | {"level":"info","message":"POST /devices? 201 298ms","method":"POST","requestID":"87f50a267b9356e78ab5434aa4d364ab","responseTime":298,"status":201,"url":"/devices?"}
gateway_1 | {"time_local":"04/Dec/2023:16:04:28 +0000","remote_addr":"127.0.0.1","remote_user":"","request":"POST /devices? HTTP/1.1","status": "201","body_bytes_sent":"253","request_time":"0.314","http_referrer":"","http_user_agent":"node-fetch/1.0 (+https://github.com/bitinn/node-fetch)","requestID":"87f50a267b9356e78ab5434aa4d364ab"}
authentication_1 | {"jwt":"eyJhbGciOiJIUzI1NiJ9.eyJzdWIiOiJmZDE2M2QxYy01YmQ2LTRjNDItOWE3My0wZGU0YzI1YWU5MzMiLCJhZG1pbiI6dHJ1ZSwiaWF0IjoxNzAxNzA1ODY4fQ.RdIrdn8Tc7jw96C1uI3T9jT8cC4GbYGUQYAiFfEqEYQ","level":"info","message":"auth send jwt","requestID":"2a010aea1e3c41f89808c185e0a483fa"}
authentication_1 | {"level":"info","message":"GET /auth 200 6ms","method":"GET","requestID":"2a010aea1e3c41f89808c185e0a483fa","responseTime":6,"status":200,"url":"/auth"}
device_1 | {"level":"info","message":"postDevices called"}
authorization_1 | {"client_addr":"127.0.0.1:54572","level":"info","msg":"Received request.","req_id":20,"req_method":"POST","req_path":"/v1/data/crosslab","subsystem":"opa","time":"2023-12-04T16:04:28Z"}
authorization_1 | {"client_addr":"127.0.0.1:54572","level":"info","msg":"Sent response.","req_id":20,"req_method":"POST","req_path":"/v1/data/crosslab","resp_bytes":396,"resp_duration":1.208407,"resp_status":200,"subsystem":"opa","time":"2023-12-04T16:04:28Z"}
authorization_1 | {"action":"create","level":"info","message":"opa_check","object":"device:~~~TYPE~~~","openfga":{"authorization_model_id":"01HGTRPDRAREZVVDD5Z5RZ7EA5","store":"01HGTRPDQAQB7YS9HP4QN497YP"},"response":{"result":{"allow":true,"enc":"user:fd163d1c-5bd6-4c42-9a73-0de4c25ae933","object":"device:~~~TYPE~~~","object_type":"device","payload":{"admin":true,"iat":1701705868,"sub":"fd163d1c-5bd6-4c42-9a73-0de4c25ae933"},"rebac_allow":true,"scope_allow":true,"scopes":["read","write","connect"],"subject":"user:fd163d1c-5bd6-4c42-9a73-0de4c25ae933","subject_alt":"fd163d1c-5bd6-4c42-9a73-0de4c25ae933"}},"subject":"eyJhbGciOiJIUzI1NiJ9.eyJzdWIiOiJmZDE2M2QxYy01YmQ2LTRjNDItOWE3My0wZGU0YzI1YWU5MzMiLCJhZG1pbiI6dHJ1ZSwiaWF0IjoxNzAxNzA1ODY4fQ.RdIrdn8Tc7jw96C1uI3T9jT8cC4GbYGUQYAiFfEqEYQ"}
authorization_1 | {"level":"info","message":"POST /authorize 200 6ms","meta":{"req":{"headers":{"accept":"*/*","accept-encoding":"gzip, deflate","accept-language":"*","connection":"keep-alive","content-length":"219","content-type":"application/json","host":"127.0.0.1:3010","sec-fetch-mode":"cors","user-agent":"node","x-authorization-psk":"TestPSK"},"httpVersion":"1.1","method":"POST","originalUrl":"/authorize","query":{},"url":"/authorize"},"res":{"statusCode":200},"responseTime":6}}
authorization_1 | {"authorization_model_id":"01HGTRPDRAREZVVDD5Z5RZ7EA5","build.commit":"bc6a45ade4ae02d389b2588ae3bb4676fdcf77ec","build.version":"v1.2.0","error":"rpc error: code = Code(2000) desc = Invalid tuple 'device:http%3A%2F%2Flocalhost%2Fdevices%2Fundefined#owner@fd163d1c-5bd6-4c42-9a73-0de4c25ae933'. Reason: the 'user' field must be an object (e.g. document:1) or an 'object#relation' or a typed wildcard (e.g. group:*)","grpc_code":2000,"grpc_method":"Write","grpc_service":"openfga.v1.OpenFGAService","grpc_type":"unary","level":"info","message":"grpc_req_complete","peer.address":"127.0.0.1:35894","raw_request":{"authorization_model_id":"01HGTRPDRAREZVVDD5Z5RZ7EA5","deletes":null,"store_id":"01HGTRPDQAQB7YS9HP4QN497YP","writes":{"tuple_keys":[{"object":"device:http%3A%2F%2Flocalhost%2Fdevices%2Fundefined","relation":"owner","user":"fd163d1c-5bd6-4c42-9a73-0de4c25ae933"}]}},"raw_response":{},"request_id":"6e83cfb5-49d9-4d27-9a80-1ae61696ab33","store_id":"01HGTRPDQAQB7YS9HP4QN497YP","subsystem":"openfga","timestamp":1701705868.9700844}
authorization_1 | {"build.commit":"bc6a45ade4ae02d389b2588ae3bb4676fdcf77ec","build.version":"v1.2.0","grpc_code":0,"grpc_method":"ReadAuthorizationModel","grpc_service":"openfga.v1.OpenFGAService","grpc_type":"unary","level":"info","message":"grpc_req_complete","peer.address":"127.0.0.1:35894","raw_request":{"id":"01HGTRPDRAREZVVDD5Z5RZ7EA5","store_id":"01HGTRPDQAQB7YS9HP4QN497YP"},"raw_response":{"authorization_model":{"id":"01HGTRPDRAREZVVDD5Z5RZ7EA5","schema_version":"1.1","type_definitions":[{"metadata":{"relations":{"viewer":{"directly_related_user_types":[{"type":"user"}]}}},"relations":{"viewer":{"this":{}}},"type":"user"},{"metadata":{"relations":{"owner":{"directly_related_user_types":[{"type":"user"}]},"viewer":{"directly_related_user_types":[{"type":"user"}]}}},"relations":{"owner":{"this":{}},"viewer":{"union":{"child":[{"this":{}},{"computedUserset":{"object":"","relation":"owner"}}]}}},"type":"device"},{"metadata":{"relations":{"owner":{"directly_related_user_types":[{"type":"user"}]},"viewer":{"directly_related_user_types":[{"type":"user"}]}}},"relations":{"owner":{"this":{}},"viewer":{"union":{"child":[{"this":{}},{"computedUserset":{"object":"","relation":"owner"}}]}}},"type":"experiment"},{"metadata":{"relations":{"owner":{"directly_related_user_types":[{"type":"user"}]},"viewer":{"directly_related_user_types":[{"type":"user"}]}}},"relations":{"owner":{"this":{}},"viewer":{"union":{"child":[{"this":{}},{"computedUserset":{"object":"","relation":"owner"}}]}}},"type":"peerconnection"},{"metadata":{"relations":{"owner":{"directly_related_user_types":[{"type":"user"}]},"viewer":{"directly_related_user_types":[{"type":"user"}]}}},"relations":{"owner":{"this":{}},"viewer":{"union":{"child":[{"this":{}},{"computedUserset":{"object":"","relation":"owner"}}]}}},"type":"booking"},{"metadata":{"relations":{"owner":{"directly_related_user_types":[{"type":"user"}]},"viewer":{"directly_related_user_types":[{"type":"user"}]}}},"relations":{"owner":{"this":{}},"viewer":{"union":{"child":[{"this":{}},{"computedUserset":{"object":"","relation":"owner"}}]}}},"type":"federation"}]}},"request_id":"de319377-99eb-467d-95c4-c5e878957138","store_id":"01HGTRPDQAQB7YS9HP4QN497YP","subsystem":"openfga","timestamp":1701705868.9703646}
authorization_1 | {"level":"info","message":"POST /relations/update 200 8ms","meta":{"req":{"headers":{"accept":"*/*","accept-encoding":"gzip, deflate","accept-language":"*","connection":"keep-alive","content-length":"144","content-type":"application/json","host":"127.0.0.1:3010","sec-fetch-mode":"cors","user-agent":"node","x-authorization-psk":"TestPSK"},"httpVersion":"1.1","method":"POST","originalUrl":"/relations/update","query":{},"url":"/relations/update"},"res":{"statusCode":200},"responseTime":8}}
device_1 | {"level":"info","message":"postDevices succeeded"}
device_1 | {"level":"info","message":"POST /devices? 201 120ms","method":"POST","requestID":"2a010aea1e3c41f89808c185e0a483fa","responseTime":120,"status":201,"url":"/devices?"}
gateway_1 | {"time_local":"04/Dec/2023:16:04:29 +0000","remote_addr":"127.0.0.1","remote_user":"","request":"POST /devices? HTTP/1.1","status": "201","body_bytes_sent":"261","request_time":"0.160","http_referrer":"","http_user_agent":"node-fetch/1.0 (+https://github.com/bitinn/node-fetch)","requestID":"2a010aea1e3c41f89808c185e0a483fa"}
authentication_1 | {"jwt":"eyJhbGciOiJIUzI1NiJ9.eyJzdWIiOiJmZDE2M2QxYy01YmQ2LTRjNDItOWE3My0wZGU0YzI1YWU5MzMiLCJhZG1pbiI6dHJ1ZSwiaWF0IjoxNzAxNzA1ODY5fQ.ISbMBvajaV6yg06eNwnOCKhCaLkyyy9w6Rs-Hjp8WrQ","level":"info","message":"auth send jwt","requestID":"6d1b8b78a915fec5dba4e546f322e8b0"}
authentication_1 | {"level":"info","message":"GET /auth 200 4ms","method":"GET","requestID":"6d1b8b78a915fec5dba4e546f322e8b0","responseTime":4,"status":200,"url":"/auth"}
device_1 | {"level":"info","message":"patchDevicesByDeviceId called"}
authorization_1 | {"client_addr":"127.0.0.1:54572","level":"info","msg":"Received request.","req_id":21,"req_method":"POST","req_path":"/v1/data/crosslab","subsystem":"opa","time":"2023-12-04T16:04:29Z"}
authorization_1 | {"client_addr":"127.0.0.1:54572","level":"info","msg":"Sent response.","req_id":21,"req_method":"POST","req_path":"/v1/data/crosslab","resp_bytes":447,"resp_duration":1.002346,"resp_status":200,"subsystem":"opa","time":"2023-12-04T16:04:29Z"}
authorization_1 | {"action":"edit","level":"info","message":"opa_check","object":"device:http://localhost/devices/00fdbea6-b0dc-4185-a028-58b9a8cee5ce","openfga":{"authorization_model_id":"01HGTRPDRAREZVVDD5Z5RZ7EA5","store":"01HGTRPDQAQB7YS9HP4QN497YP"},"response":{"result":{"allow":true,"enc":"user:fd163d1c-5bd6-4c42-9a73-0de4c25ae933","object":"device:http://localhost/devices/00fdbea6-b0dc-4185-a028-58b9a8cee5ce","object_type":"device","payload":{"admin":true,"iat":1701705869,"sub":"fd163d1c-5bd6-4c42-9a73-0de4c25ae933"},"rebac_allow":true,"scope_allow":true,"scopes":["read","write","connect"],"subject":"user:fd163d1c-5bd6-4c42-9a73-0de4c25ae933","subject_alt":"fd163d1c-5bd6-4c42-9a73-0de4c25ae933"}},"subject":"eyJhbGciOiJIUzI1NiJ9.eyJzdWIiOiJmZDE2M2QxYy01YmQ2LTRjNDItOWE3My0wZGU0YzI1YWU5MzMiLCJhZG1pbiI6dHJ1ZSwiaWF0IjoxNzAxNzA1ODY5fQ.ISbMBvajaV6yg06eNwnOCKhCaLkyyy9w6Rs-Hjp8WrQ"}
authorization_1 | {"level":"info","message":"POST /authorize 200 4ms","meta":{"req":{"headers":{"accept":"*/*","accept-encoding":"gzip, deflate","accept-language":"*","connection":"keep-alive","content-length":"279","content-type":"application/json","host":"127.0.0.1:3010","sec-fetch-mode":"cors","user-agent":"node","x-authorization-psk":"TestPSK"},"httpVersion":"1.1","method":"POST","originalUrl":"/authorize","query":{},"url":"/authorize"},"res":{"statusCode":200},"responseTime":4}}
device_1 | {"level":"info","message":"patchDevicesByDeviceId succeeded"}
gateway_1 | {"time_local":"04/Dec/2023:16:04:30 +0000","remote_addr":"127.0.0.1","remote_user":"","request":"PATCH /devices/00fdbea6-b0dc-4185-a028-58b9a8cee5ce HTTP/1.1","status": "200","body_bytes_sent":"792","request_time":"0.181","http_referrer":"","http_user_agent":"Python/3.10 aiohttp/3.9.1","requestID":"6d1b8b78a915fec5dba4e546f322e8b0"}
device_1 | {"level":"info","message":"PATCH /devices/00fdbea6-b0dc-4185-a028-58b9a8cee5ce 200 175ms","method":"PATCH","requestID":"6d1b8b78a915fec5dba4e546f322e8b0","responseTime":175,"status":200,"url":"/devices/00fdbea6-b0dc-4185-a028-58b9a8cee5ce"}
authentication_1 | {"jwt":"eyJhbGciOiJIUzI1NiJ9.eyJzdWIiOiJmZDE2M2QxYy01YmQ2LTRjNDItOWE3My0wZGU0YzI1YWU5MzMiLCJhZG1pbiI6dHJ1ZSwiaWF0IjoxNzAxNzA1ODcwfQ.OO-rSo7e7sbJC_3GuoAI7aW4eRcNCg62ZwhH-LYRNas","level":"info","message":"auth send jwt","requestID":"d826d017c300c3bc53264658e77ff081"}
authentication_1 | {"level":"info","message":"GET /auth 200 6ms","method":"GET","requestID":"d826d017c300c3bc53264658e77ff081","responseTime":6,"status":200,"url":"/auth"}
device_1 | {"level":"info","message":"postDevicesByDeviceIdWebsocket called"}
authorization_1 | {"client_addr":"127.0.0.1:54572","level":"info","msg":"Received request.","req_id":22,"req_method":"POST","req_path":"/v1/data/crosslab","subsystem":"opa","time":"2023-12-04T16:04:30Z"}
authorization_1 | {"client_addr":"127.0.0.1:54572","level":"info","msg":"Sent response.","req_id":22,"req_method":"POST","req_path":"/v1/data/crosslab","resp_bytes":447,"resp_duration":0.800912,"resp_status":200,"subsystem":"opa","time":"2023-12-04T16:04:30Z"}
authorization_1 | {"action":"edit","level":"info","message":"opa_check","object":"device:http://localhost/devices/00fdbea6-b0dc-4185-a028-58b9a8cee5ce","openfga":{"authorization_model_id":"01HGTRPDRAREZVVDD5Z5RZ7EA5","store":"01HGTRPDQAQB7YS9HP4QN497YP"},"response":{"result":{"allow":true,"enc":"user:fd163d1c-5bd6-4c42-9a73-0de4c25ae933","object":"device:http://localhost/devices/00fdbea6-b0dc-4185-a028-58b9a8cee5ce","object_type":"device","payload":{"admin":true,"iat":1701705870,"sub":"fd163d1c-5bd6-4c42-9a73-0de4c25ae933"},"rebac_allow":true,"scope_allow":true,"scopes":["read","write","connect"],"subject":"user:fd163d1c-5bd6-4c42-9a73-0de4c25ae933","subject_alt":"fd163d1c-5bd6-4c42-9a73-0de4c25ae933"}},"subject":"eyJhbGciOiJIUzI1NiJ9.eyJzdWIiOiJmZDE2M2QxYy01YmQ2LTRjNDItOWE3My0wZGU0YzI1YWU5MzMiLCJhZG1pbiI6dHJ1ZSwiaWF0IjoxNzAxNzA1ODcwfQ.OO-rSo7e7sbJC_3GuoAI7aW4eRcNCg62ZwhH-LYRNas"}
authorization_1 | {"level":"info","message":"POST /authorize 200 5ms","meta":{"req":{"headers":{"accept":"*/*","accept-encoding":"gzip, deflate","accept-language":"*","connection":"keep-alive","content-length":"279","content-type":"application/json","host":"127.0.0.1:3010","sec-fetch-mode":"cors","user-agent":"node","x-authorization-psk":"TestPSK"},"httpVersion":"1.1","method":"POST","originalUrl":"/authorize","query":{},"url":"/authorize"},"res":{"statusCode":200},"responseTime":5}}
device_1 | {"level":"info","message":"postDevicesByDeviceIdWebsocket succeeded"}
gateway_1 | {"time_local":"04/Dec/2023:16:04:30 +0000","remote_addr":"127.0.0.1","remote_user":"","request":"POST /devices/00fdbea6-b0dc-4185-a028-58b9a8cee5ce/websocket HTTP/1.1","status": "200","body_bytes_sent":"36","request_time":"0.124","http_referrer":"","http_user_agent":"Python/3.10 aiohttp/3.9.1","requestID":"d826d017c300c3bc53264658e77ff081"}
device_1 | {"level":"info","message":"POST /devices/00fdbea6-b0dc-4185-a028-58b9a8cee5ce/websocket 200 116ms","method":"POST","requestID":"d826d017c300c3bc53264658e77ff081","responseTime":116,"status":200,"url":"/devices/00fdbea6-b0dc-4185-a028-58b9a8cee5ce/websocket"}
device_1 | {"level":"info","message":"device 'http://localhost/devices/00fdbea6-b0dc-4185-a028-58b9a8cee5ce' connected"}
authentication_1 | {"level":"info","message":"auth error No token found","requestID":"8e8ab0073cc8dd987b65f04cd911ad93","stack":"Error: No token found\n at file:///usr/local/lib/node_modules/@crosslab/service-auth/app/auth/index.js:34:19\n at file:///usr/local/lib/node_modules/@crosslab/service-auth/app/generated/validation.js:39:26\n at Layer.handle [as handle_request] (/usr/local/lib/node_modules/@crosslab/service-auth/node_modules/express/lib/router/layer.js:95:5)\n at next (/usr/local/lib/node_modules/@crosslab/service-auth/node_modules/express/lib/router/route.js:144:13)\n at Route.dispatch (/usr/local/lib/node_modules/@crosslab/service-auth/node_modules/express/lib/router/route.js:114:3)\n at Layer.handle [as handle_request] (/usr/local/lib/node_modules/@crosslab/service-auth/node_modules/express/lib/router/layer.js:95:5)\n at /usr/local/lib/node_modules/@crosslab/service-auth/node_modules/express/lib/router/index.js:284:15\n at Function.process_params (/usr/local/lib/node_modules/@crosslab/service-auth/node_modules/express/lib/router/index.js:346:12)\n at next (/usr/local/lib/node_modules/@crosslab/service-auth/node_modules/express/lib/router/index.js:280:10)\n at Function.handle (/usr/local/lib/node_modules/@crosslab/service-auth/node_modules/express/lib/router/index.js:175:3)"}
authentication_1 | {"level":"info","message":"GET /auth 200 2ms","method":"GET","requestID":"8e8ab0073cc8dd987b65f04cd911ad93","responseTime":2,"status":200,"url":"/auth"}
gateway_1 | {"time_local":"04/Dec/2023:16:04:31 +0000","remote_addr":"127.0.0.1","remote_user":"","request":"OPTIONS /devices/ae0da3dc-42ec-4fde-baa2-2f25e391ed9d/websocket HTTP/1.1","status": "200","body_bytes_sent":"4","request_time":"0.005","http_referrer":"","http_user_agent":"Mozilla/5.0 (X11; Linux x86_64) AppleWebKit/537.36 (KHTML, like Gecko) HeadlessChrome/109.0.5414.0 Safari/537.36","requestID":"8e8ab0073cc8dd987b65f04cd911ad93"}
device_1 | {"level":"info","message":"OPTIONS /devices/ae0da3dc-42ec-4fde-baa2-2f25e391ed9d/websocket 200 1ms","method":"OPTIONS","requestID":"8e8ab0073cc8dd987b65f04cd911ad93","responseTime":1,"status":200,"url":"/devices/ae0da3dc-42ec-4fde-baa2-2f25e391ed9d/websocket"}
authentication_1 | {"jwt":"eyJhbGciOiJIUzI1NiJ9.eyJzdWIiOiJmZDE2M2QxYy01YmQ2LTRjNDItOWE3My0wZGU0YzI1YWU5MzMiLCJhZG1pbiI6dHJ1ZSwiaWF0IjoxNzAxNzA1ODcxfQ.72qapkpT9zaIgvzsn9hR1fJ0eJ-8EkMyQ39prmcphTw","level":"info","message":"auth send jwt","requestID":"e31b7a47c2cebec1a76445c2d67bd59a"}
authentication_1 | {"level":"info","message":"GET /auth 200 4ms","method":"GET","requestID":"e31b7a47c2cebec1a76445c2d67bd59a","responseTime":4,"status":200,"url":"/auth"}
device_1 | {"level":"info","message":"postDevicesByDeviceIdWebsocket called"}
authorization_1 | {"client_addr":"127.0.0.1:54572","level":"info","msg":"Received request.","req_id":23,"req_method":"POST","req_path":"/v1/data/crosslab","subsystem":"opa","time":"2023-12-04T16:04:31Z"}
authorization_1 | {"client_addr":"127.0.0.1:54572","level":"info","msg":"Sent response.","req_id":23,"req_method":"POST","req_path":"/v1/data/crosslab","resp_bytes":447,"resp_duration":1.23135,"resp_status":200,"subsystem":"opa","time":"2023-12-04T16:04:31Z"}
authorization_1 | {"action":"edit","level":"info","message":"opa_check","object":"device:http://localhost/devices/ae0da3dc-42ec-4fde-baa2-2f25e391ed9d","openfga":{"authorization_model_id":"01HGTRPDRAREZVVDD5Z5RZ7EA5","store":"01HGTRPDQAQB7YS9HP4QN497YP"},"response":{"result":{"allow":true,"enc":"user:fd163d1c-5bd6-4c42-9a73-0de4c25ae933","object":"device:http://localhost/devices/ae0da3dc-42ec-4fde-baa2-2f25e391ed9d","object_type":"device","payload":{"admin":true,"iat":1701705871,"sub":"fd163d1c-5bd6-4c42-9a73-0de4c25ae933"},"rebac_allow":true,"scope_allow":true,"scopes":["read","write","connect"],"subject":"user:fd163d1c-5bd6-4c42-9a73-0de4c25ae933","subject_alt":"fd163d1c-5bd6-4c42-9a73-0de4c25ae933"}},"subject":"eyJhbGciOiJIUzI1NiJ9.eyJzdWIiOiJmZDE2M2QxYy01YmQ2LTRjNDItOWE3My0wZGU0YzI1YWU5MzMiLCJhZG1pbiI6dHJ1ZSwiaWF0IjoxNzAxNzA1ODcxfQ.72qapkpT9zaIgvzsn9hR1fJ0eJ-8EkMyQ39prmcphTw"}
authorization_1 | {"level":"info","message":"POST /authorize 200 6ms","meta":{"req":{"headers":{"accept":"*/*","accept-encoding":"gzip, deflate","accept-language":"*","connection":"keep-alive","content-length":"279","content-type":"application/json","host":"127.0.0.1:3010","sec-fetch-mode":"cors","user-agent":"node","x-authorization-psk":"TestPSK"},"httpVersion":"1.1","method":"POST","originalUrl":"/authorize","query":{},"url":"/authorize"},"res":{"statusCode":200},"responseTime":6}}
device_1 | {"level":"info","message":"postDevicesByDeviceIdWebsocket succeeded"}
gateway_1 | {"time_local":"04/Dec/2023:16:04:31 +0000","remote_addr":"127.0.0.1","remote_user":"","request":"POST /devices/ae0da3dc-42ec-4fde-baa2-2f25e391ed9d/websocket HTTP/1.1","status": "200","body_bytes_sent":"36","request_time":"0.123","http_referrer":"","http_user_agent":"Mozilla/5.0 (X11; Linux x86_64) AppleWebKit/537.36 (KHTML, like Gecko) HeadlessChrome/109.0.5414.0 Safari/537.36","requestID":"e31b7a47c2cebec1a76445c2d67bd59a"}
device_1 | {"level":"info","message":"POST /devices/ae0da3dc-42ec-4fde-baa2-2f25e391ed9d/websocket 200 116ms","method":"POST","requestID":"e31b7a47c2cebec1a76445c2d67bd59a","responseTime":116,"status":200,"url":"/devices/ae0da3dc-42ec-4fde-baa2-2f25e391ed9d/websocket"}
device_1 | {"level":"info","message":"device 'http://localhost/devices/ae0da3dc-42ec-4fde-baa2-2f25e391ed9d' connected"}
authentication_1 | {"jwt":"eyJhbGciOiJIUzI1NiJ9.eyJzdWIiOiJmZDE2M2QxYy01YmQ2LTRjNDItOWE3My0wZGU0YzI1YWU5MzMiLCJhZG1pbiI6dHJ1ZSwiaWF0IjoxNzAxNzA1ODcxfQ.72qapkpT9zaIgvzsn9hR1fJ0eJ-8EkMyQ39prmcphTw","level":"info","message":"auth send jwt","requestID":"a4d4fd875e78b297ae86d2e32f92f140"}
authentication_1 | {"level":"info","message":"GET /auth 200 5ms","method":"GET","requestID":"a4d4fd875e78b297ae86d2e32f92f140","responseTime":5,"status":200,"url":"/auth"}
device_1 | {"level":"info","message":"getDevicesByDeviceId called"}
authorization_1 | {"client_addr":"127.0.0.1:54572","level":"info","msg":"Received request.","req_id":24,"req_method":"POST","req_path":"/v1/data/crosslab","subsystem":"opa","time":"2023-12-04T16:04:31Z"}
authorization_1 | {"client_addr":"127.0.0.1:54572","level":"info","msg":"Sent response.","req_id":24,"req_method":"POST","req_path":"/v1/data/crosslab","resp_bytes":447,"resp_duration":1.088617,"resp_status":200,"subsystem":"opa","time":"2023-12-04T16:04:31Z"}
authorization_1 | {"action":"view","level":"info","message":"opa_check","object":"device:http://localhost/devices/ae0da3dc-42ec-4fde-baa2-2f25e391ed9d","openfga":{"authorization_model_id":"01HGTRPDRAREZVVDD5Z5RZ7EA5","store":"01HGTRPDQAQB7YS9HP4QN497YP"},"response":{"result":{"allow":true,"enc":"user:fd163d1c-5bd6-4c42-9a73-0de4c25ae933","object":"device:http://localhost/devices/ae0da3dc-42ec-4fde-baa2-2f25e391ed9d","object_type":"device","payload":{"admin":true,"iat":1701705871,"sub":"fd163d1c-5bd6-4c42-9a73-0de4c25ae933"},"rebac_allow":true,"scope_allow":true,"scopes":["read","write","connect"],"subject":"user:fd163d1c-5bd6-4c42-9a73-0de4c25ae933","subject_alt":"fd163d1c-5bd6-4c42-9a73-0de4c25ae933"}},"subject":"eyJhbGciOiJIUzI1NiJ9.eyJzdWIiOiJmZDE2M2QxYy01YmQ2LTRjNDItOWE3My0wZGU0YzI1YWU5MzMiLCJhZG1pbiI6dHJ1ZSwiaWF0IjoxNzAxNzA1ODcxfQ.72qapkpT9zaIgvzsn9hR1fJ0eJ-8EkMyQ39prmcphTw"}
authorization_1 | {"level":"info","message":"POST /authorize 200 5ms","meta":{"req":{"headers":{"accept":"*/*","accept-encoding":"gzip, deflate","accept-language":"*","connection":"keep-alive","content-length":"279","content-type":"application/json","host":"127.0.0.1:3010","sec-fetch-mode":"cors","user-agent":"node","x-authorization-psk":"TestPSK"},"httpVersion":"1.1","method":"POST","originalUrl":"/authorize","query":{},"url":"/authorize"},"res":{"statusCode":200},"responseTime":5}}
device_1 | {"level":"info","message":"getDevicesByDeviceId succeeded"}
device_1 | {"level":"info","message":"GET /devices/ae0da3dc-42ec-4fde-baa2-2f25e391ed9d? 200 12ms","method":"GET","requestID":"a4d4fd875e78b297ae86d2e32f92f140","responseTime":12,"status":200,"url":"/devices/ae0da3dc-42ec-4fde-baa2-2f25e391ed9d?"}
gateway_1 | {"time_local":"04/Dec/2023:16:04:31 +0000","remote_addr":"127.0.0.1","remote_user":"","request":"GET /devices/ae0da3dc-42ec-4fde-baa2-2f25e391ed9d? HTTP/1.1","status": "200","body_bytes_sent":"252","request_time":"0.019","http_referrer":"","http_user_agent":"node-fetch/1.0 (+https://github.com/bitinn/node-fetch)","requestID":"a4d4fd875e78b297ae86d2e32f92f140"}
authentication_1 | {"jwt":"eyJhbGciOiJIUzI1NiJ9.eyJzdWIiOiJmZDE2M2QxYy01YmQ2LTRjNDItOWE3My0wZGU0YzI1YWU5MzMiLCJhZG1pbiI6dHJ1ZSwiaWF0IjoxNzAxNzA1ODcxfQ.72qapkpT9zaIgvzsn9hR1fJ0eJ-8EkMyQ39prmcphTw","level":"info","message":"auth send jwt","requestID":"17285d58d26c8441b811e7a0e92cd1aa"}
authentication_1 | {"level":"info","message":"GET /auth 200 6ms","method":"GET","requestID":"17285d58d26c8441b811e7a0e92cd1aa","responseTime":6,"status":200,"url":"/auth"}
device_1 | {"level":"info","message":"getDevicesByDeviceId called"}
authorization_1 | {"client_addr":"127.0.0.1:54572","level":"info","msg":"Received request.","req_id":25,"req_method":"POST","req_path":"/v1/data/crosslab","subsystem":"opa","time":"2023-12-04T16:04:31Z"}
authorization_1 | {"client_addr":"127.0.0.1:54572","level":"info","msg":"Sent response.","req_id":25,"req_method":"POST","req_path":"/v1/data/crosslab","resp_bytes":447,"resp_duration":1.207469,"resp_status":200,"subsystem":"opa","time":"2023-12-04T16:04:31Z"}
authorization_1 | {"action":"view","level":"info","message":"opa_check","object":"device:http://localhost/devices/00fdbea6-b0dc-4185-a028-58b9a8cee5ce","openfga":{"authorization_model_id":"01HGTRPDRAREZVVDD5Z5RZ7EA5","store":"01HGTRPDQAQB7YS9HP4QN497YP"},"response":{"result":{"allow":true,"enc":"user:fd163d1c-5bd6-4c42-9a73-0de4c25ae933","object":"device:http://localhost/devices/00fdbea6-b0dc-4185-a028-58b9a8cee5ce","object_type":"device","payload":{"admin":true,"iat":1701705871,"sub":"fd163d1c-5bd6-4c42-9a73-0de4c25ae933"},"rebac_allow":true,"scope_allow":true,"scopes":["read","write","connect"],"subject":"user:fd163d1c-5bd6-4c42-9a73-0de4c25ae933","subject_alt":"fd163d1c-5bd6-4c42-9a73-0de4c25ae933"}},"subject":"eyJhbGciOiJIUzI1NiJ9.eyJzdWIiOiJmZDE2M2QxYy01YmQ2LTRjNDItOWE3My0wZGU0YzI1YWU5MzMiLCJhZG1pbiI6dHJ1ZSwiaWF0IjoxNzAxNzA1ODcxfQ.72qapkpT9zaIgvzsn9hR1fJ0eJ-8EkMyQ39prmcphTw"}
authorization_1 | {"level":"info","message":"POST /authorize 200 5ms","meta":{"req":{"headers":{"accept":"*/*","accept-encoding":"gzip, deflate","accept-language":"*","connection":"keep-alive","content-length":"279","content-type":"application/json","host":"127.0.0.1:3010","sec-fetch-mode":"cors","user-agent":"node","x-authorization-psk":"TestPSK"},"httpVersion":"1.1","method":"POST","originalUrl":"/authorize","query":{},"url":"/authorize"},"res":{"statusCode":200},"responseTime":5}}
device_1 | {"level":"info","message":"getDevicesByDeviceId succeeded"}
device_1 | {"level":"info","message":"GET /devices/00fdbea6-b0dc-4185-a028-58b9a8cee5ce? 200 12ms","method":"GET","requestID":"17285d58d26c8441b811e7a0e92cd1aa","responseTime":12,"status":200,"url":"/devices/00fdbea6-b0dc-4185-a028-58b9a8cee5ce?"}
gateway_1 | {"time_local":"04/Dec/2023:16:04:31 +0000","remote_addr":"127.0.0.1","remote_user":"","request":"GET /devices/00fdbea6-b0dc-4185-a028-58b9a8cee5ce? HTTP/1.1","status": "200","body_bytes_sent":"791","request_time":"0.019","http_referrer":"","http_user_agent":"node-fetch/1.0 (+https://github.com/bitinn/node-fetch)","requestID":"17285d58d26c8441b811e7a0e92cd1aa"}
authentication_1 | {"jwt":"eyJhbGciOiJIUzI1NiJ9.eyJzdWIiOiJmZDE2M2QxYy01YmQ2LTRjNDItOWE3My0wZGU0YzI1YWU5MzMiLCJhZG1pbiI6dHJ1ZSwiaWF0IjoxNzAxNzA1ODcxfQ.72qapkpT9zaIgvzsn9hR1fJ0eJ-8EkMyQ39prmcphTw","level":"info","message":"auth send jwt","requestID":"c42cb0d232ecff877384286ddecf98b3"}
authentication_1 | {"level":"info","message":"GET /auth 200 4ms","method":"GET","requestID":"c42cb0d232ecff877384286ddecf98b3","responseTime":4,"status":200,"url":"/auth"}
experiment_1 | {"level":"info","message":"Handling POST request on endpoint /experiments"}
authorization_1 | {"client_addr":"127.0.0.1:54572","level":"info","msg":"Received request.","req_id":26,"req_method":"POST","req_path":"/v1/data/crosslab","subsystem":"opa","time":"2023-12-04T16:04:31Z"}
authorization_1 | {"client_addr":"127.0.0.1:54572","level":"info","msg":"Sent response.","req_id":26,"req_method":"POST","req_path":"/v1/data/crosslab","resp_bytes":404,"resp_duration":1.090795,"resp_status":200,"subsystem":"opa","time":"2023-12-04T16:04:31Z"}
authorization_1 | {"action":"create","level":"info","message":"opa_check","object":"experiment:~~~TYPE~~~","openfga":{"authorization_model_id":"01HGTRPDRAREZVVDD5Z5RZ7EA5","store":"01HGTRPDQAQB7YS9HP4QN497YP"},"response":{"result":{"allow":true,"enc":"user:fd163d1c-5bd6-4c42-9a73-0de4c25ae933","object":"experiment:~~~TYPE~~~","object_type":"experiment","payload":{"admin":true,"iat":1701705871,"sub":"fd163d1c-5bd6-4c42-9a73-0de4c25ae933"},"rebac_allow":true,"scope_allow":true,"scopes":["read","write","connect"],"subject":"user:fd163d1c-5bd6-4c42-9a73-0de4c25ae933","subject_alt":"fd163d1c-5bd6-4c42-9a73-0de4c25ae933"}},"subject":"eyJhbGciOiJIUzI1NiJ9.eyJzdWIiOiJmZDE2M2QxYy01YmQ2LTRjNDItOWE3My0wZGU0YzI1YWU5MzMiLCJhZG1pbiI6dHJ1ZSwiaWF0IjoxNzAxNzA1ODcxfQ.72qapkpT9zaIgvzsn9hR1fJ0eJ-8EkMyQ39prmcphTw"}
authorization_1 | {"level":"info","message":"POST /authorize 200 5ms","meta":{"req":{"headers":{"accept":"*/*","accept-encoding":"gzip, deflate","accept-language":"*","connection":"keep-alive","content-length":"223","content-type":"application/json","host":"127.0.0.1:3010","sec-fetch-mode":"cors","user-agent":"node","x-authorization-psk":"TestPSK"},"httpVersion":"1.1","method":"POST","originalUrl":"/authorize","query":{},"url":"/authorize"},"res":{"statusCode":200},"responseTime":5}}
experiment_1 | {"data":{"experimentUrl":"http://localhost/experiments/3dbd886e-0d81-4b09-b882-017175096c32"},"level":"info","message":"Attempting to run experiment"}
experiment_1 | {"data":{"experimentUrl":"http://localhost/experiments/3dbd886e-0d81-4b09-b882-017175096c32"},"level":"info","message":"Attempting to book experiment"}
experiment_1 | {"data":{"experimentUrl":"http://localhost/experiments/3dbd886e-0d81-4b09-b882-017175096c32"},"level":"info","message":"Successfully booked experiment"}
device_1 | {"level":"info","message":"getDevicesByDeviceId called"}
device_1 | {"level":"info","message":"getDevicesByDeviceId called"}
authorization_1 | {"client_addr":"127.0.0.1:54572","level":"info","msg":"Received request.","req_id":27,"req_method":"POST","req_path":"/v1/data/crosslab","subsystem":"opa","time":"2023-12-04T16:04:31Z"}
authorization_1 | {"client_addr":"127.0.0.1:54572","level":"info","msg":"Sent response.","req_id":27,"req_method":"POST","req_path":"/v1/data/crosslab","resp_bytes":447,"resp_duration":1.078936,"resp_status":200,"subsystem":"opa","time":"2023-12-04T16:04:31Z"}
authorization_1 | {"action":"view","level":"info","message":"opa_check","object":"device:http://localhost/devices/ae0da3dc-42ec-4fde-baa2-2f25e391ed9d","openfga":{"authorization_model_id":"01HGTRPDRAREZVVDD5Z5RZ7EA5","store":"01HGTRPDQAQB7YS9HP4QN497YP"},"response":{"result":{"allow":true,"enc":"user:fd163d1c-5bd6-4c42-9a73-0de4c25ae933","object":"device:http://localhost/devices/ae0da3dc-42ec-4fde-baa2-2f25e391ed9d","object_type":"device","payload":{"admin":true,"iat":1701705871,"sub":"fd163d1c-5bd6-4c42-9a73-0de4c25ae933"},"rebac_allow":true,"scope_allow":true,"scopes":["read","write","connect"],"subject":"user:fd163d1c-5bd6-4c42-9a73-0de4c25ae933","subject_alt":"fd163d1c-5bd6-4c42-9a73-0de4c25ae933"}},"subject":"eyJhbGciOiJIUzI1NiJ9.eyJzdWIiOiJmZDE2M2QxYy01YmQ2LTRjNDItOWE3My0wZGU0YzI1YWU5MzMiLCJhZG1pbiI6dHJ1ZSwiaWF0IjoxNzAxNzA1ODcxfQ.72qapkpT9zaIgvzsn9hR1fJ0eJ-8EkMyQ39prmcphTw"}
authorization_1 | {"level":"info","message":"POST /authorize 200 7ms","meta":{"req":{"headers":{"accept":"*/*","accept-encoding":"gzip, deflate","accept-language":"*","connection":"keep-alive","content-length":"279","content-type":"application/json","host":"127.0.0.1:3010","sec-fetch-mode":"cors","user-agent":"node","x-authorization-psk":"TestPSK"},"httpVersion":"1.1","method":"POST","originalUrl":"/authorize","query":{},"url":"/authorize"},"res":{"statusCode":200},"responseTime":7}}
authorization_1 | {"client_addr":"127.0.0.1:54254","level":"info","msg":"Received request.","req_id":28,"req_method":"POST","req_path":"/v1/data/crosslab","subsystem":"opa","time":"2023-12-04T16:04:31Z"}
authorization_1 | {"client_addr":"127.0.0.1:54254","level":"info","msg":"Sent response.","req_id":28,"req_method":"POST","req_path":"/v1/data/crosslab","resp_bytes":447,"resp_duration":1.299081,"resp_status":200,"subsystem":"opa","time":"2023-12-04T16:04:31Z"}
device_1 | {"level":"info","message":"getDevicesByDeviceId succeeded"}
authorization_1 | {"action":"view","level":"info","message":"opa_check","object":"device:http://localhost/devices/00fdbea6-b0dc-4185-a028-58b9a8cee5ce","openfga":{"authorization_model_id":"01HGTRPDRAREZVVDD5Z5RZ7EA5","store":"01HGTRPDQAQB7YS9HP4QN497YP"},"response":{"result":{"allow":true,"enc":"user:fd163d1c-5bd6-4c42-9a73-0de4c25ae933","object":"device:http://localhost/devices/00fdbea6-b0dc-4185-a028-58b9a8cee5ce","object_type":"device","payload":{"admin":true,"iat":1701705871,"sub":"fd163d1c-5bd6-4c42-9a73-0de4c25ae933"},"rebac_allow":true,"scope_allow":true,"scopes":["read","write","connect"],"subject":"user:fd163d1c-5bd6-4c42-9a73-0de4c25ae933","subject_alt":"fd163d1c-5bd6-4c42-9a73-0de4c25ae933"}},"subject":"eyJhbGciOiJIUzI1NiJ9.eyJzdWIiOiJmZDE2M2QxYy01YmQ2LTRjNDItOWE3My0wZGU0YzI1YWU5MzMiLCJhZG1pbiI6dHJ1ZSwiaWF0IjoxNzAxNzA1ODcxfQ.72qapkpT9zaIgvzsn9hR1fJ0eJ-8EkMyQ39prmcphTw"}
device_1 | {"level":"info","message":"GET /devices/ae0da3dc-42ec-4fde-baa2-2f25e391ed9d? 200 14ms","method":"GET","requestID":"cf663e90-92be-11ee-b645-7f04f10d7150","responseTime":14,"status":200,"url":"/devices/ae0da3dc-42ec-4fde-baa2-2f25e391ed9d?"}
authorization_1 | {"level":"info","message":"POST /authorize 200 8ms","meta":{"req":{"headers":{"accept":"*/*","accept-encoding":"gzip, deflate","accept-language":"*","connection":"keep-alive","content-length":"279","content-type":"application/json","host":"127.0.0.1:3010","sec-fetch-mode":"cors","user-agent":"node","x-authorization-psk":"TestPSK"},"httpVersion":"1.1","method":"POST","originalUrl":"/authorize","query":{},"url":"/authorize"},"res":{"statusCode":200},"responseTime":8}}
device_1 | {"level":"info","message":"getDevicesByDeviceId succeeded"}
device_1 | {"level":"info","message":"GET /devices/00fdbea6-b0dc-4185-a028-58b9a8cee5ce? 200 17ms","method":"GET","requestID":"cf66b3c0-92be-11ee-b645-7f04f10d7150","responseTime":17,"status":200,"url":"/devices/00fdbea6-b0dc-4185-a028-58b9a8cee5ce?"}
experiment_1 | {"data":{"experimentUrl":"http://localhost/experiments/3dbd886e-0d81-4b09-b882-017175096c32"},"level":"info","message":"Setting up experiment"}
experiment_1 | {"data":{"experimentUrl":"http://localhost/experiments/3dbd886e-0d81-4b09-b882-017175096c32"},"level":"info","message":"Attempting to lock booking for experiment"}
experiment_1 | {"data":{"experimentUrl":"http://localhost/experiments/3dbd886e-0d81-4b09-b882-017175096c32"},"level":"info","message":"Successfully locked booking for experiment"}
experiment_1 | {"data":{"experimentUrl":"http://localhost/experiments/3dbd886e-0d81-4b09-b882-017175096c32"},"level":"info","message":"Attempting to instantiate devices for experiment"}
experiment_1 | {"data":{"experimentUrl":"http://localhost/experiments/3dbd886e-0d81-4b09-b882-017175096c32"},"level":"info","message":"Successfully instantiated devices for experiment"}
experiment_1 | {"data":{"experimentUrl":"http://localhost/experiments/3dbd886e-0d81-4b09-b882-017175096c32"},"level":"info","message":"Attempting to update booking for experiment"}
experiment_1 | {"data":{"experimentUrl":"http://localhost/experiments/3dbd886e-0d81-4b09-b882-017175096c32"},"level":"info","message":"Successfully updated booking for experiment"}
experiment_1 | {"data":{"experimentUrl":"http://localhost/experiments/3dbd886e-0d81-4b09-b882-017175096c32"},"level":"info","message":"Successfully set up experiment"}
device_1 | {"level":"info","message":"getDevicesByDeviceId called"}
device_1 | {"level":"info","message":"getDevicesByDeviceId called"}
authorization_1 | {"client_addr":"127.0.0.1:54572","level":"info","msg":"Received request.","req_id":29,"req_method":"POST","req_path":"/v1/data/crosslab","subsystem":"opa","time":"2023-12-04T16:04:32Z"}
authorization_1 | {"client_addr":"127.0.0.1:54572","level":"info","msg":"Sent response.","req_id":29,"req_method":"POST","req_path":"/v1/data/crosslab","resp_bytes":447,"resp_duration":1.254726,"resp_status":200,"subsystem":"opa","time":"2023-12-04T16:04:32Z"}
authorization_1 | {"client_addr":"127.0.0.1:54254","level":"info","msg":"Received request.","req_id":30,"req_method":"POST","req_path":"/v1/data/crosslab","subsystem":"opa","time":"2023-12-04T16:04:32Z"}
experiment_1 | {"data":{"experimentUrl":"http://localhost/experiments/3dbd886e-0d81-4b09-b882-017175096c32"},"level":"info","message":"Successfully running experiment"}
authorization_1 | {"action":"view","level":"info","message":"opa_check","object":"device:http://localhost/devices/ae0da3dc-42ec-4fde-baa2-2f25e391ed9d","openfga":{"authorization_model_id":"01HGTRPDRAREZVVDD5Z5RZ7EA5","store":"01HGTRPDQAQB7YS9HP4QN497YP"},"response":{"result":{"allow":true,"enc":"user:fd163d1c-5bd6-4c42-9a73-0de4c25ae933","object":"device:http://localhost/devices/ae0da3dc-42ec-4fde-baa2-2f25e391ed9d","object_type":"device","payload":{"admin":true,"iat":1701705871,"sub":"fd163d1c-5bd6-4c42-9a73-0de4c25ae933"},"rebac_allow":true,"scope_allow":true,"scopes":["read","write","connect"],"subject":"user:fd163d1c-5bd6-4c42-9a73-0de4c25ae933","subject_alt":"fd163d1c-5bd6-4c42-9a73-0de4c25ae933"}},"subject":"eyJhbGciOiJIUzI1NiJ9.eyJzdWIiOiJmZDE2M2QxYy01YmQ2LTRjNDItOWE3My0wZGU0YzI1YWU5MzMiLCJhZG1pbiI6dHJ1ZSwiaWF0IjoxNzAxNzA1ODcxfQ.72qapkpT9zaIgvzsn9hR1fJ0eJ-8EkMyQ39prmcphTw"}
authorization_1 | {"level":"info","message":"POST /authorize 200 8ms","meta":{"req":{"headers":{"accept":"*/*","accept-encoding":"gzip, deflate","accept-language":"*","connection":"keep-alive","content-length":"279","content-type":"application/json","host":"127.0.0.1:3010","sec-fetch-mode":"cors","user-agent":"node","x-authorization-psk":"TestPSK"},"httpVersion":"1.1","method":"POST","originalUrl":"/authorize","query":{},"url":"/authorize"},"res":{"statusCode":200},"responseTime":8}}
authorization_1 | {"client_addr":"127.0.0.1:54254","level":"info","msg":"Sent response.","req_id":30,"req_method":"POST","req_path":"/v1/data/crosslab","resp_bytes":447,"resp_duration":1.09625,"resp_status":200,"subsystem":"opa","time":"2023-12-04T16:04:32Z"}
authorization_1 | {"action":"view","level":"info","message":"opa_check","object":"device:http://localhost/devices/00fdbea6-b0dc-4185-a028-58b9a8cee5ce","openfga":{"authorization_model_id":"01HGTRPDRAREZVVDD5Z5RZ7EA5","store":"01HGTRPDQAQB7YS9HP4QN497YP"},"response":{"result":{"allow":true,"enc":"user:fd163d1c-5bd6-4c42-9a73-0de4c25ae933","object":"device:http://localhost/devices/00fdbea6-b0dc-4185-a028-58b9a8cee5ce","object_type":"device","payload":{"admin":true,"iat":1701705871,"sub":"fd163d1c-5bd6-4c42-9a73-0de4c25ae933"},"rebac_allow":true,"scope_allow":true,"scopes":["read","write","connect"],"subject":"user:fd163d1c-5bd6-4c42-9a73-0de4c25ae933","subject_alt":"fd163d1c-5bd6-4c42-9a73-0de4c25ae933"}},"subject":"eyJhbGciOiJIUzI1NiJ9.eyJzdWIiOiJmZDE2M2QxYy01YmQ2LTRjNDItOWE3My0wZGU0YzI1YWU5MzMiLCJhZG1pbiI6dHJ1ZSwiaWF0IjoxNzAxNzA1ODcxfQ.72qapkpT9zaIgvzsn9hR1fJ0eJ-8EkMyQ39prmcphTw"}
authorization_1 | {"level":"info","message":"POST /authorize 200 8ms","meta":{"req":{"headers":{"accept":"*/*","accept-encoding":"gzip, deflate","accept-language":"*","connection":"keep-alive","content-length":"279","content-type":"application/json","host":"127.0.0.1:3010","sec-fetch-mode":"cors","user-agent":"node","x-authorization-psk":"TestPSK"},"httpVersion":"1.1","method":"POST","originalUrl":"/authorize","query":{},"url":"/authorize"},"res":{"statusCode":200},"responseTime":8}}
device_1 | {"level":"info","message":"getDevicesByDeviceId succeeded"}
device_1 | {"level":"info","message":"GET /devices/ae0da3dc-42ec-4fde-baa2-2f25e391ed9d? 200 18ms","method":"GET","requestID":"cfa2d260-92be-11ee-b645-7f04f10d7150","responseTime":18,"status":200,"url":"/devices/ae0da3dc-42ec-4fde-baa2-2f25e391ed9d?"}
device_1 | {"level":"info","message":"getDevicesByDeviceId succeeded"}
device_1 | {"level":"info","message":"GET /devices/00fdbea6-b0dc-4185-a028-58b9a8cee5ce? 200 17ms","method":"GET","requestID":"cfa32080-92be-11ee-b645-7f04f10d7150","responseTime":17,"status":200,"url":"/devices/00fdbea6-b0dc-4185-a028-58b9a8cee5ce?"}
experiment_1 | {"data":{"experimentUrl":"http://localhost/experiments/3dbd886e-0d81-4b09-b882-017175096c32"},"level":"info","message":"Attempting to create peerconnections for experiment"}
experiment_1 | {"data":{"experimentUrl":"http://localhost/experiments/3dbd886e-0d81-4b09-b882-017175096c32"},"level":"info","message":"Building connection plan"}
experiment_1 | {"data":{"pairwiseServiceConfigurations":[{"configuration":{},"participants":[{"config":{"interfaces":[]},"role":"device1","serviceId":"electrical","uuid":"6cb7abc9-bb66-43bb-af30-606cf91995b0"},{"config":{"interfaces":[]},"role":"device2","serviceId":"electrical","uuid":"7f93bd49-1add-4167-81a7-d2f5d8eafdc8"}],"serviceType":"http://api.goldi-labs.de/serviceTypes/electrical","uuid":"155aff4a-477f-4dfe-b7e5-83a6710a526b"}]},"level":"info","message":"Built pairwise service configurations"}
experiment_1 | {"data":{"connectionPlan":[{"devices":[{"config":{"services":[{"interfaces":[],"remoteServiceId":"electrical","serviceId":"electrical","serviceType":"http://api.goldi-labs.de/serviceTypes/electrical"}]},"url":"http://localhost/devices/ae0da3dc-42ec-4fde-baa2-2f25e391ed9d"},{"config":{"services":[{"interfaces":[],"remoteServiceId":"electrical","serviceId":"electrical","serviceType":"http://api.goldi-labs.de/serviceTypes/electrical"}]},"url":"http://localhost/devices/00fdbea6-b0dc-4185-a028-58b9a8cee5ce"}],"type":"webrtc"}]},"level":"info","message":"Built connection plan"}
device_1 | {"level":"info","message":"postPeerconnections called"}
authorization_1 | {"client_addr":"127.0.0.1:54572","level":"info","msg":"Received request.","req_id":31,"req_method":"POST","req_path":"/v1/data/crosslab","subsystem":"opa","time":"2023-12-04T16:04:32Z"}
authorization_1 | {"client_addr":"127.0.0.1:54572","level":"info","msg":"Sent response.","req_id":31,"req_method":"POST","req_path":"/v1/data/crosslab","resp_bytes":412,"resp_duration":1.485715,"resp_status":200,"subsystem":"opa","time":"2023-12-04T16:04:32Z"}
authorization_1 | {"action":"create","level":"info","message":"opa_check","object":"peerconnection:~~~TYPE~~~","openfga":{"authorization_model_id":"01HGTRPDRAREZVVDD5Z5RZ7EA5","store":"01HGTRPDQAQB7YS9HP4QN497YP"},"response":{"result":{"allow":true,"enc":"user:fd163d1c-5bd6-4c42-9a73-0de4c25ae933","object":"peerconnection:~~~TYPE~~~","object_type":"peerconnection","payload":{"admin":true,"iat":1701705871,"sub":"fd163d1c-5bd6-4c42-9a73-0de4c25ae933"},"rebac_allow":true,"scope_allow":true,"scopes":["read","write","connect"],"subject":"user:fd163d1c-5bd6-4c42-9a73-0de4c25ae933","subject_alt":"fd163d1c-5bd6-4c42-9a73-0de4c25ae933"}},"subject":"eyJhbGciOiJIUzI1NiJ9.eyJzdWIiOiJmZDE2M2QxYy01YmQ2LTRjNDItOWE3My0wZGU0YzI1YWU5MzMiLCJhZG1pbiI6dHJ1ZSwiaWF0IjoxNzAxNzA1ODcxfQ.72qapkpT9zaIgvzsn9hR1fJ0eJ-8EkMyQ39prmcphTw"}
authorization_1 | {"level":"info","message":"POST /authorize 200 4ms","meta":{"req":{"headers":{"accept":"*/*","accept-encoding":"gzip, deflate","accept-language":"*","connection":"keep-alive","content-length":"227","content-type":"application/json","host":"127.0.0.1:3010","sec-fetch-mode":"cors","user-agent":"node","x-authorization-psk":"TestPSK"},"httpVersion":"1.1","method":"POST","originalUrl":"/authorize","query":{},"url":"/authorize"},"res":{"statusCode":200},"responseTime":4}}
