device_1 | {"level":"info","message":"OPTIONS /devices/54cd7780-f800-46ab-8f2f-f17a7cfbfdc6/websocket 200 1ms","method":"OPTIONS","requestID":"37d19e74be7de7e9cd2e6e3a56a5a6c6","responseTime":1,"status":200,"url":"/devices/54cd7780-f800-46ab-8f2f-f17a7cfbfdc6/websocket"}
authentication_1 | {"jwt":"eyJhbGciOiJIUzI1NiJ9.eyJzdWIiOiJmZDE2M2QxYy01YmQ2LTRjNDItOWE3My0wZGU0YzI1YWU5MzMiLCJhZG1pbiI6dHJ1ZSwiaWF0IjoxNzAxNzA1OTQxfQ.6dmqOVLDqfjg9ANd3VpiB11pHTftna67m3CLgMIY-FY","level":"info","message":"auth send jwt","requestID":"86682225e354d4016a9a5b628bcbe93a"}
authentication_1 | {"level":"info","message":"GET /auth 200 4ms","method":"GET","requestID":"86682225e354d4016a9a5b628bcbe93a","responseTime":4,"status":200,"url":"/auth"}
device_1 | {"level":"info","message":"postDevicesByDeviceIdWebsocket called"}
authorization_1 | {"client_addr":"127.0.0.1:54572","level":"info","msg":"Received request.","req_id":250,"req_method":"POST","req_path":"/v1/data/crosslab","subsystem":"opa","time":"2023-12-04T16:05:41Z"}
authorization_1 | {"client_addr":"127.0.0.1:54572","level":"info","msg":"Sent response.","req_id":250,"req_method":"POST","req_path":"/v1/data/crosslab","resp_bytes":447,"resp_duration":1.140971,"resp_status":200,"subsystem":"opa","time":"2023-12-04T16:05:41Z"}
authorization_1 | {"action":"edit","level":"info","message":"opa_check","object":"device:http://localhost/devices/54cd7780-f800-46ab-8f2f-f17a7cfbfdc6","openfga":{"authorization_model_id":"01HGTRPDRAREZVVDD5Z5RZ7EA5","store":"01HGTRPDQAQB7YS9HP4QN497YP"},"response":{"result":{"allow":true,"enc":"user:fd163d1c-5bd6-4c42-9a73-0de4c25ae933","object":"device:http://localhost/devices/54cd7780-f800-46ab-8f2f-f17a7cfbfdc6","object_type":"device","payload":{"admin":true,"iat":1701705941,"sub":"fd163d1c-5bd6-4c42-9a73-0de4c25ae933"},"rebac_allow":true,"scope_allow":true,"scopes":["read","write","connect"],"subject":"user:fd163d1c-5bd6-4c42-9a73-0de4c25ae933","subject_alt":"fd163d1c-5bd6-4c42-9a73-0de4c25ae933"}},"subject":"eyJhbGciOiJIUzI1NiJ9.eyJzdWIiOiJmZDE2M2QxYy01YmQ2LTRjNDItOWE3My0wZGU0YzI1YWU5MzMiLCJhZG1pbiI6dHJ1ZSwiaWF0IjoxNzAxNzA1OTQxfQ.6dmqOVLDqfjg9ANd3VpiB11pHTftna67m3CLgMIY-FY"}
authorization_1 | {"level":"info","message":"POST /authorize 200 4ms","meta":{"req":{"headers":{"accept":"*/*","accept-encoding":"gzip, deflate","accept-language":"*","connection":"keep-alive","content-length":"279","content-type":"application/json","host":"127.0.0.1:3010","sec-fetch-mode":"cors","user-agent":"node","x-authorization-psk":"TestPSK"},"httpVersion":"1.1","method":"POST","originalUrl":"/authorize","query":{},"url":"/authorize"},"res":{"statusCode":200},"responseTime":4}}
authentication_1 | {"level":"info","message":"auth error No token found","requestID":"a245ec92cffa786a7358ae8880a6681a","stack":"Error: No token found\n at file:///usr/local/lib/node_modules/@crosslab/service-auth/app/auth/index.js:34:19\n at file:///usr/local/lib/node_modules/@crosslab/service-auth/app/generated/validation.js:39:26\n at Layer.handle [as handle_request] (/usr/local/lib/node_modules/@crosslab/service-auth/node_modules/express/lib/router/layer.js:95:5)\n at next (/usr/local/lib/node_modules/@crosslab/service-auth/node_modules/express/lib/router/route.js:144:13)\n at Route.dispatch (/usr/local/lib/node_modules/@crosslab/service-auth/node_modules/express/lib/router/route.js:114:3)\n at Layer.handle [as handle_request] (/usr/local/lib/node_modules/@crosslab/service-auth/node_modules/express/lib/router/layer.js:95:5)\n at /usr/local/lib/node_modules/@crosslab/service-auth/node_modules/express/lib/router/index.js:284:15\n at Function.process_params (/usr/local/lib/node_modules/@crosslab/service-auth/node_modules/express/lib/router/index.js:346:12)\n at next (/usr/local/lib/node_modules/@crosslab/service-auth/node_modules/express/lib/router/index.js:280:10)\n at Function.handle (/usr/local/lib/node_modules/@crosslab/service-auth/node_modules/express/lib/router/index.js:175:3)"}
authentication_1 | {"level":"info","message":"GET /auth 200 1ms","method":"GET","requestID":"a245ec92cffa786a7358ae8880a6681a","responseTime":1,"status":200,"url":"/auth"}
gateway_1 | {"time_local":"04/Dec/2023:16:05:41 +0000","remote_addr":"127.0.0.1","remote_user":"","request":"OPTIONS /devices/9693e46e-1d49-4862-9332-2b9ea6e41447/websocket HTTP/1.1","status": "200","body_bytes_sent":"4","request_time":"0.003","http_referrer":"","http_user_agent":"Mozilla/5.0 (X11; Linux x86_64) AppleWebKit/537.36 (KHTML, like Gecko) HeadlessChrome/109.0.5414.0 Safari/537.36","requestID":"a245ec92cffa786a7358ae8880a6681a"}
device_1 | {"level":"info","message":"OPTIONS /devices/9693e46e-1d49-4862-9332-2b9ea6e41447/websocket 200 1ms","method":"OPTIONS","requestID":"a245ec92cffa786a7358ae8880a6681a","responseTime":1,"status":200,"url":"/devices/9693e46e-1d49-4862-9332-2b9ea6e41447/websocket"}
authentication_1 | {"jwt":"eyJhbGciOiJIUzI1NiJ9.eyJzdWIiOiJmZDE2M2QxYy01YmQ2LTRjNDItOWE3My0wZGU0YzI1YWU5MzMiLCJhZG1pbiI6dHJ1ZSwiaWF0IjoxNzAxNzA1OTQxfQ.6dmqOVLDqfjg9ANd3VpiB11pHTftna67m3CLgMIY-FY","level":"info","message":"auth send jwt","requestID":"a89c32ef8d9b1504008807bd3f725964"}
authentication_1 | {"level":"info","message":"GET /auth 200 3ms","method":"GET","requestID":"a89c32ef8d9b1504008807bd3f725964","responseTime":3,"status":200,"url":"/auth"}
device_1 | {"level":"info","message":"postDevicesByDeviceIdWebsocket called"}
authorization_1 | {"client_addr":"127.0.0.1:54572","level":"info","msg":"Received request.","req_id":251,"req_method":"POST","req_path":"/v1/data/crosslab","subsystem":"opa","time":"2023-12-04T16:05:41Z"}
authorization_1 | {"client_addr":"127.0.0.1:54572","level":"info","msg":"Sent response.","req_id":251,"req_method":"POST","req_path":"/v1/data/crosslab","resp_bytes":447,"resp_duration":0.873334,"resp_status":200,"subsystem":"opa","time":"2023-12-04T16:05:41Z"}
authorization_1 | {"action":"edit","level":"info","message":"opa_check","object":"device:http://localhost/devices/9693e46e-1d49-4862-9332-2b9ea6e41447","openfga":{"authorization_model_id":"01HGTRPDRAREZVVDD5Z5RZ7EA5","store":"01HGTRPDQAQB7YS9HP4QN497YP"},"response":{"result":{"allow":true,"enc":"user:fd163d1c-5bd6-4c42-9a73-0de4c25ae933","object":"device:http://localhost/devices/9693e46e-1d49-4862-9332-2b9ea6e41447","object_type":"device","payload":{"admin":true,"iat":1701705941,"sub":"fd163d1c-5bd6-4c42-9a73-0de4c25ae933"},"rebac_allow":true,"scope_allow":true,"scopes":["read","write","connect"],"subject":"user:fd163d1c-5bd6-4c42-9a73-0de4c25ae933","subject_alt":"fd163d1c-5bd6-4c42-9a73-0de4c25ae933"}},"subject":"eyJhbGciOiJIUzI1NiJ9.eyJzdWIiOiJmZDE2M2QxYy01YmQ2LTRjNDItOWE3My0wZGU0YzI1YWU5MzMiLCJhZG1pbiI6dHJ1ZSwiaWF0IjoxNzAxNzA1OTQxfQ.6dmqOVLDqfjg9ANd3VpiB11pHTftna67m3CLgMIY-FY"}
authorization_1 | {"level":"info","message":"POST /authorize 200 3ms","meta":{"req":{"headers":{"accept":"*/*","accept-encoding":"gzip, deflate","accept-language":"*","connection":"keep-alive","content-length":"279","content-type":"application/json","host":"127.0.0.1:3010","sec-fetch-mode":"cors","user-agent":"node","x-authorization-psk":"TestPSK"},"httpVersion":"1.1","method":"POST","originalUrl":"/authorize","query":{},"url":"/authorize"},"res":{"statusCode":200},"responseTime":3}}
device_1 | {"level":"info","message":"postDevicesByDeviceIdWebsocket succeeded"}
gateway_1 | {"time_local":"04/Dec/2023:16:05:41 +0000","remote_addr":"127.0.0.1","remote_user":"","request":"POST /devices/54cd7780-f800-46ab-8f2f-f17a7cfbfdc6/websocket HTTP/1.1","status": "200","body_bytes_sent":"36","request_time":"0.151","http_referrer":"","http_user_agent":"Mozilla/5.0 (X11; Linux x86_64) AppleWebKit/537.36 (KHTML, like Gecko) HeadlessChrome/109.0.5414.0 Safari/537.36","requestID":"86682225e354d4016a9a5b628bcbe93a"}
device_1 | {"level":"info","message":"POST /devices/54cd7780-f800-46ab-8f2f-f17a7cfbfdc6/websocket 200 146ms","method":"POST","requestID":"86682225e354d4016a9a5b628bcbe93a","responseTime":146,"status":200,"url":"/devices/54cd7780-f800-46ab-8f2f-f17a7cfbfdc6/websocket"}
device_1 | {"level":"info","message":"postDevicesByDeviceIdWebsocket succeeded"}
device_1 | {"level":"info","message":"POST /devices/9693e46e-1d49-4862-9332-2b9ea6e41447/websocket 200 248ms","method":"POST","requestID":"a89c32ef8d9b1504008807bd3f725964","responseTime":248,"status":200,"url":"/devices/9693e46e-1d49-4862-9332-2b9ea6e41447/websocket"}
gateway_1 | {"time_local":"04/Dec/2023:16:05:41 +0000","remote_addr":"127.0.0.1","remote_user":"","request":"POST /devices/9693e46e-1d49-4862-9332-2b9ea6e41447/websocket HTTP/1.1","status": "200","body_bytes_sent":"36","request_time":"0.253","http_referrer":"","http_user_agent":"Mozilla/5.0 (X11; Linux x86_64) AppleWebKit/537.36 (KHTML, like Gecko) HeadlessChrome/109.0.5414.0 Safari/537.36","requestID":"a89c32ef8d9b1504008807bd3f725964"}
device_1 | {"level":"info","message":"device 'http://localhost/devices/54cd7780-f800-46ab-8f2f-f17a7cfbfdc6' connected"}
device_1 | {"level":"info","message":"device 'http://localhost/devices/9693e46e-1d49-4862-9332-2b9ea6e41447' connected"}
authentication_1 | {"jwt":"eyJhbGciOiJIUzI1NiJ9.eyJzdWIiOiJmZDE2M2QxYy01YmQ2LTRjNDItOWE3My0wZGU0YzI1YWU5MzMiLCJhZG1pbiI6dHJ1ZSwiaWF0IjoxNzAxNzA1OTQyfQ.habW4dv1RtUs3tKRSmu4guECHbWJX2Y1A_Edk-1kP-8","level":"info","message":"auth send jwt","requestID":"e2846edbd2594b08453911e38fd2f3a0"}
authentication_1 | {"level":"info","message":"GET /auth 200 4ms","method":"GET","requestID":"e2846edbd2594b08453911e38fd2f3a0","responseTime":4,"status":200,"url":"/auth"}
device_1 | {"level":"info","message":"getDevicesByDeviceId called"}
authorization_1 | {"client_addr":"127.0.0.1:54572","level":"info","msg":"Received request.","req_id":252,"req_method":"POST","req_path":"/v1/data/crosslab","subsystem":"opa","time":"2023-12-04T16:05:42Z"}
authorization_1 | {"client_addr":"127.0.0.1:54572","level":"info","msg":"Sent response.","req_id":252,"req_method":"POST","req_path":"/v1/data/crosslab","resp_bytes":447,"resp_duration":1.376212,"resp_status":200,"subsystem":"opa","time":"2023-12-04T16:05:42Z"}
authorization_1 | {"action":"view","level":"info","message":"opa_check","object":"device:http://localhost/devices/54cd7780-f800-46ab-8f2f-f17a7cfbfdc6","openfga":{"authorization_model_id":"01HGTRPDRAREZVVDD5Z5RZ7EA5","store":"01HGTRPDQAQB7YS9HP4QN497YP"},"response":{"result":{"allow":true,"enc":"user:fd163d1c-5bd6-4c42-9a73-0de4c25ae933","object":"device:http://localhost/devices/54cd7780-f800-46ab-8f2f-f17a7cfbfdc6","object_type":"device","payload":{"admin":true,"iat":1701705942,"sub":"fd163d1c-5bd6-4c42-9a73-0de4c25ae933"},"rebac_allow":true,"scope_allow":true,"scopes":["read","write","connect"],"subject":"user:fd163d1c-5bd6-4c42-9a73-0de4c25ae933","subject_alt":"fd163d1c-5bd6-4c42-9a73-0de4c25ae933"}},"subject":"eyJhbGciOiJIUzI1NiJ9.eyJzdWIiOiJmZDE2M2QxYy01YmQ2LTRjNDItOWE3My0wZGU0YzI1YWU5MzMiLCJhZG1pbiI6dHJ1ZSwiaWF0IjoxNzAxNzA1OTQyfQ.habW4dv1RtUs3tKRSmu4guECHbWJX2Y1A_Edk-1kP-8"}
authorization_1 | {"level":"info","message":"POST /authorize 200 5ms","meta":{"req":{"headers":{"accept":"*/*","accept-encoding":"gzip, deflate","accept-language":"*","connection":"keep-alive","content-length":"279","content-type":"application/json","host":"127.0.0.1:3010","sec-fetch-mode":"cors","user-agent":"node","x-authorization-psk":"TestPSK"},"httpVersion":"1.1","method":"POST","originalUrl":"/authorize","query":{},"url":"/authorize"},"res":{"statusCode":200},"responseTime":5}}
device_1 | {"level":"info","message":"getDevicesByDeviceId succeeded"}
device_1 | {"level":"info","message":"GET /devices/54cd7780-f800-46ab-8f2f-f17a7cfbfdc6? 200 13ms","method":"GET","requestID":"e2846edbd2594b08453911e38fd2f3a0","responseTime":13,"status":200,"url":"/devices/54cd7780-f800-46ab-8f2f-f17a7cfbfdc6?"}
gateway_1 | {"time_local":"04/Dec/2023:16:05:42 +0000","remote_addr":"127.0.0.1","remote_user":"","request":"GET /devices/54cd7780-f800-46ab-8f2f-f17a7cfbfdc6? HTTP/1.1","status": "200","body_bytes_sent":"252","request_time":"0.019","http_referrer":"","http_user_agent":"node-fetch/1.0 (+https://github.com/bitinn/node-fetch)","requestID":"e2846edbd2594b08453911e38fd2f3a0"}
authentication_1 | {"jwt":"eyJhbGciOiJIUzI1NiJ9.eyJzdWIiOiJmZDE2M2QxYy01YmQ2LTRjNDItOWE3My0wZGU0YzI1YWU5MzMiLCJhZG1pbiI6dHJ1ZSwiaWF0IjoxNzAxNzA1OTQyfQ.habW4dv1RtUs3tKRSmu4guECHbWJX2Y1A_Edk-1kP-8","level":"info","message":"auth send jwt","requestID":"978f37388a9dbd397d6e2b1022adb55f"}
authentication_1 | {"level":"info","message":"GET /auth 200 4ms","method":"GET","requestID":"978f37388a9dbd397d6e2b1022adb55f","responseTime":4,"status":200,"url":"/auth"}
device_1 | {"level":"info","message":"getDevicesByDeviceId called"}
authorization_1 | {"client_addr":"127.0.0.1:54572","level":"info","msg":"Received request.","req_id":253,"req_method":"POST","req_path":"/v1/data/crosslab","subsystem":"opa","time":"2023-12-04T16:05:42Z"}
authorization_1 | {"client_addr":"127.0.0.1:54572","level":"info","msg":"Sent response.","req_id":253,"req_method":"POST","req_path":"/v1/data/crosslab","resp_bytes":447,"resp_duration":1.074319,"resp_status":200,"subsystem":"opa","time":"2023-12-04T16:05:42Z"}
authorization_1 | {"action":"view","level":"info","message":"opa_check","object":"device:http://localhost/devices/9693e46e-1d49-4862-9332-2b9ea6e41447","openfga":{"authorization_model_id":"01HGTRPDRAREZVVDD5Z5RZ7EA5","store":"01HGTRPDQAQB7YS9HP4QN497YP"},"response":{"result":{"allow":true,"enc":"user:fd163d1c-5bd6-4c42-9a73-0de4c25ae933","object":"device:http://localhost/devices/9693e46e-1d49-4862-9332-2b9ea6e41447","object_type":"device","payload":{"admin":true,"iat":1701705942,"sub":"fd163d1c-5bd6-4c42-9a73-0de4c25ae933"},"rebac_allow":true,"scope_allow":true,"scopes":["read","write","connect"],"subject":"user:fd163d1c-5bd6-4c42-9a73-0de4c25ae933","subject_alt":"fd163d1c-5bd6-4c42-9a73-0de4c25ae933"}},"subject":"eyJhbGciOiJIUzI1NiJ9.eyJzdWIiOiJmZDE2M2QxYy01YmQ2LTRjNDItOWE3My0wZGU0YzI1YWU5MzMiLCJhZG1pbiI6dHJ1ZSwiaWF0IjoxNzAxNzA1OTQyfQ.habW4dv1RtUs3tKRSmu4guECHbWJX2Y1A_Edk-1kP-8"}
authorization_1 | {"level":"info","message":"POST /authorize 200 4ms","meta":{"req":{"headers":{"accept":"*/*","accept-encoding":"gzip, deflate","accept-language":"*","connection":"keep-alive","content-length":"279","content-type":"application/json","host":"127.0.0.1:3010","sec-fetch-mode":"cors","user-agent":"node","x-authorization-psk":"TestPSK"},"httpVersion":"1.1","method":"POST","originalUrl":"/authorize","query":{},"url":"/authorize"},"res":{"statusCode":200},"responseTime":4}}
device_1 | {"level":"info","message":"getDevicesByDeviceId succeeded"}
device_1 | {"level":"info","message":"GET /devices/9693e46e-1d49-4862-9332-2b9ea6e41447? 200 11ms","method":"GET","requestID":"978f37388a9dbd397d6e2b1022adb55f","responseTime":11,"status":200,"url":"/devices/9693e46e-1d49-4862-9332-2b9ea6e41447?"}
gateway_1 | {"time_local":"04/Dec/2023:16:05:42 +0000","remote_addr":"127.0.0.1","remote_user":"","request":"GET /devices/9693e46e-1d49-4862-9332-2b9ea6e41447? HTTP/1.1","status": "200","body_bytes_sent":"252","request_time":"0.016","http_referrer":"","http_user_agent":"node-fetch/1.0 (+https://github.com/bitinn/node-fetch)","requestID":"978f37388a9dbd397d6e2b1022adb55f"}
authentication_1 | {"jwt":"eyJhbGciOiJIUzI1NiJ9.eyJzdWIiOiJmZDE2M2QxYy01YmQ2LTRjNDItOWE3My0wZGU0YzI1YWU5MzMiLCJhZG1pbiI6dHJ1ZSwiaWF0IjoxNzAxNzA1OTQyfQ.habW4dv1RtUs3tKRSmu4guECHbWJX2Y1A_Edk-1kP-8","level":"info","message":"auth send jwt","requestID":"438e4e56743d7fca929fa3edf0dc72f0"}
authentication_1 | {"level":"info","message":"GET /auth 200 3ms","method":"GET","requestID":"438e4e56743d7fca929fa3edf0dc72f0","responseTime":3,"status":200,"url":"/auth"}
experiment_1 | {"level":"info","message":"Handling POST request on endpoint /experiments"}
authorization_1 | {"client_addr":"127.0.0.1:54572","level":"info","msg":"Received request.","req_id":254,"req_method":"POST","req_path":"/v1/data/crosslab","subsystem":"opa","time":"2023-12-04T16:05:42Z"}
authorization_1 | {"client_addr":"127.0.0.1:54572","level":"info","msg":"Sent response.","req_id":254,"req_method":"POST","req_path":"/v1/data/crosslab","resp_bytes":404,"resp_duration":0.823898,"resp_status":200,"subsystem":"opa","time":"2023-12-04T16:05:42Z"}
authorization_1 | {"action":"create","level":"info","message":"opa_check","object":"experiment:~~~TYPE~~~","openfga":{"authorization_model_id":"01HGTRPDRAREZVVDD5Z5RZ7EA5","store":"01HGTRPDQAQB7YS9HP4QN497YP"},"response":{"result":{"allow":true,"enc":"user:fd163d1c-5bd6-4c42-9a73-0de4c25ae933","object":"experiment:~~~TYPE~~~","object_type":"experiment","payload":{"admin":true,"iat":1701705942,"sub":"fd163d1c-5bd6-4c42-9a73-0de4c25ae933"},"rebac_allow":true,"scope_allow":true,"scopes":["read","write","connect"],"subject":"user:fd163d1c-5bd6-4c42-9a73-0de4c25ae933","subject_alt":"fd163d1c-5bd6-4c42-9a73-0de4c25ae933"}},"subject":"eyJhbGciOiJIUzI1NiJ9.eyJzdWIiOiJmZDE2M2QxYy01YmQ2LTRjNDItOWE3My0wZGU0YzI1YWU5MzMiLCJhZG1pbiI6dHJ1ZSwiaWF0IjoxNzAxNzA1OTQyfQ.habW4dv1RtUs3tKRSmu4guECHbWJX2Y1A_Edk-1kP-8"}
authorization_1 | {"level":"info","message":"POST /authorize 200 3ms","meta":{"req":{"headers":{"accept":"*/*","accept-encoding":"gzip, deflate","accept-language":"*","connection":"keep-alive","content-length":"223","content-type":"application/json","host":"127.0.0.1:3010","sec-fetch-mode":"cors","user-agent":"node","x-authorization-psk":"TestPSK"},"httpVersion":"1.1","method":"POST","originalUrl":"/authorize","query":{},"url":"/authorize"},"res":{"statusCode":200},"responseTime":3}}
experiment_1 | {"data":{"experimentUrl":"http://localhost/experiments/57f9339e-dbca-4cba-b5f7-6c3d33231c5a"},"level":"info","message":"Attempting to run experiment"}
experiment_1 | {"data":{"experimentUrl":"http://localhost/experiments/57f9339e-dbca-4cba-b5f7-6c3d33231c5a"},"level":"info","message":"Attempting to book experiment"}
experiment_1 | {"data":{"experimentUrl":"http://localhost/experiments/57f9339e-dbca-4cba-b5f7-6c3d33231c5a"},"level":"info","message":"Successfully booked experiment"}
device_1 | {"level":"info","message":"getDevicesByDeviceId called"}
device_1 | {"level":"info","message":"getDevicesByDeviceId called"}
authorization_1 | {"client_addr":"127.0.0.1:54572","level":"info","msg":"Received request.","req_id":255,"req_method":"POST","req_path":"/v1/data/crosslab","subsystem":"opa","time":"2023-12-04T16:05:42Z"}
authorization_1 | {"client_addr":"127.0.0.1:54572","level":"info","msg":"Sent response.","req_id":255,"req_method":"POST","req_path":"/v1/data/crosslab","resp_bytes":447,"resp_duration":1.332865,"resp_status":200,"subsystem":"opa","time":"2023-12-04T16:05:42Z"}
authorization_1 | {"action":"view","level":"info","message":"opa_check","object":"device:http://localhost/devices/54cd7780-f800-46ab-8f2f-f17a7cfbfdc6","openfga":{"authorization_model_id":"01HGTRPDRAREZVVDD5Z5RZ7EA5","store":"01HGTRPDQAQB7YS9HP4QN497YP"},"response":{"result":{"allow":true,"enc":"user:fd163d1c-5bd6-4c42-9a73-0de4c25ae933","object":"device:http://localhost/devices/54cd7780-f800-46ab-8f2f-f17a7cfbfdc6","object_type":"device","payload":{"admin":true,"iat":1701705942,"sub":"fd163d1c-5bd6-4c42-9a73-0de4c25ae933"},"rebac_allow":true,"scope_allow":true,"scopes":["read","write","connect"],"subject":"user:fd163d1c-5bd6-4c42-9a73-0de4c25ae933","subject_alt":"fd163d1c-5bd6-4c42-9a73-0de4c25ae933"}},"subject":"eyJhbGciOiJIUzI1NiJ9.eyJzdWIiOiJmZDE2M2QxYy01YmQ2LTRjNDItOWE3My0wZGU0YzI1YWU5MzMiLCJhZG1pbiI6dHJ1ZSwiaWF0IjoxNzAxNzA1OTQyfQ.habW4dv1RtUs3tKRSmu4guECHbWJX2Y1A_Edk-1kP-8"}
authorization_1 | {"level":"info","message":"POST /authorize 200 7ms","meta":{"req":{"headers":{"accept":"*/*","accept-encoding":"gzip, deflate","accept-language":"*","connection":"keep-alive","content-length":"279","content-type":"application/json","host":"127.0.0.1:3010","sec-fetch-mode":"cors","user-agent":"node","x-authorization-psk":"TestPSK"},"httpVersion":"1.1","method":"POST","originalUrl":"/authorize","query":{},"url":"/authorize"},"res":{"statusCode":200},"responseTime":7}}
authorization_1 | {"client_addr":"127.0.0.1:42312","level":"info","msg":"Received request.","req_id":256,"req_method":"POST","req_path":"/v1/data/crosslab","subsystem":"opa","time":"2023-12-04T16:05:42Z"}
authorization_1 | {"client_addr":"127.0.0.1:42312","level":"info","msg":"Sent response.","req_id":256,"req_method":"POST","req_path":"/v1/data/crosslab","resp_bytes":447,"resp_duration":1.02568,"resp_status":200,"subsystem":"opa","time":"2023-12-04T16:05:42Z"}
authorization_1 | {"action":"view","level":"info","message":"opa_check","object":"device:http://localhost/devices/9693e46e-1d49-4862-9332-2b9ea6e41447","openfga":{"authorization_model_id":"01HGTRPDRAREZVVDD5Z5RZ7EA5","store":"01HGTRPDQAQB7YS9HP4QN497YP"},"response":{"result":{"allow":true,"enc":"user:fd163d1c-5bd6-4c42-9a73-0de4c25ae933","object":"device:http://localhost/devices/9693e46e-1d49-4862-9332-2b9ea6e41447","object_type":"device","payload":{"admin":true,"iat":1701705942,"sub":"fd163d1c-5bd6-4c42-9a73-0de4c25ae933"},"rebac_allow":true,"scope_allow":true,"scopes":["read","write","connect"],"subject":"user:fd163d1c-5bd6-4c42-9a73-0de4c25ae933","subject_alt":"fd163d1c-5bd6-4c42-9a73-0de4c25ae933"}},"subject":"eyJhbGciOiJIUzI1NiJ9.eyJzdWIiOiJmZDE2M2QxYy01YmQ2LTRjNDItOWE3My0wZGU0YzI1YWU5MzMiLCJhZG1pbiI6dHJ1ZSwiaWF0IjoxNzAxNzA1OTQyfQ.habW4dv1RtUs3tKRSmu4guECHbWJX2Y1A_Edk-1kP-8"}
device_1 | {"level":"info","message":"getDevicesByDeviceId succeeded"}
authorization_1 | {"level":"info","message":"POST /authorize 200 9ms","meta":{"req":{"headers":{"accept":"*/*","accept-encoding":"gzip, deflate","accept-language":"*","connection":"keep-alive","content-length":"279","content-type":"application/json","host":"127.0.0.1:3010","sec-fetch-mode":"cors","user-agent":"node","x-authorization-psk":"TestPSK"},"httpVersion":"1.1","method":"POST","originalUrl":"/authorize","query":{},"url":"/authorize"},"res":{"statusCode":200},"responseTime":9}}
device_1 | {"level":"info","message":"GET /devices/54cd7780-f800-46ab-8f2f-f17a7cfbfdc6? 200 14ms","method":"GET","requestID":"f9a53760-92be-11ee-b645-7f04f10d7150","responseTime":14,"status":200,"url":"/devices/54cd7780-f800-46ab-8f2f-f17a7cfbfdc6?"}
device_1 | {"level":"info","message":"getDevicesByDeviceId succeeded"}
device_1 | {"level":"info","message":"GET /devices/9693e46e-1d49-4862-9332-2b9ea6e41447? 200 18ms","method":"GET","requestID":"f9a58580-92be-11ee-b645-7f04f10d7150","responseTime":18,"status":200,"url":"/devices/9693e46e-1d49-4862-9332-2b9ea6e41447?"}
experiment_1 | {"data":{"experimentUrl":"http://localhost/experiments/57f9339e-dbca-4cba-b5f7-6c3d33231c5a"},"level":"info","message":"Setting up experiment"}
experiment_1 | {"data":{"experimentUrl":"http://localhost/experiments/57f9339e-dbca-4cba-b5f7-6c3d33231c5a"},"level":"info","message":"Attempting to lock booking for experiment"}
experiment_1 | {"data":{"experimentUrl":"http://localhost/experiments/57f9339e-dbca-4cba-b5f7-6c3d33231c5a"},"level":"info","message":"Successfully locked booking for experiment"}
experiment_1 | {"data":{"experimentUrl":"http://localhost/experiments/57f9339e-dbca-4cba-b5f7-6c3d33231c5a"},"level":"info","message":"Attempting to instantiate devices for experiment"}
experiment_1 | {"data":{"experimentUrl":"http://localhost/experiments/57f9339e-dbca-4cba-b5f7-6c3d33231c5a"},"level":"info","message":"Successfully instantiated devices for experiment"}
experiment_1 | {"data":{"experimentUrl":"http://localhost/experiments/57f9339e-dbca-4cba-b5f7-6c3d33231c5a"},"level":"info","message":"Attempting to update booking for experiment"}
experiment_1 | {"data":{"experimentUrl":"http://localhost/experiments/57f9339e-dbca-4cba-b5f7-6c3d33231c5a"},"level":"info","message":"Successfully updated booking for experiment"}
experiment_1 | {"data":{"experimentUrl":"http://localhost/experiments/57f9339e-dbca-4cba-b5f7-6c3d33231c5a"},"level":"info","message":"Successfully set up experiment"}
device_1 | {"level":"info","message":"getDevicesByDeviceId called"}
device_1 | {"level":"info","message":"getDevicesByDeviceId called"}
experiment_1 | {"data":{"experimentUrl":"http://localhost/experiments/57f9339e-dbca-4cba-b5f7-6c3d33231c5a"},"level":"info","message":"Successfully running experiment"}
authorization_1 | {"client_addr":"127.0.0.1:54572","level":"info","msg":"Received request.","req_id":257,"req_method":"POST","req_path":"/v1/data/crosslab","subsystem":"opa","time":"2023-12-04T16:05:43Z"}
authorization_1 | {"client_addr":"127.0.0.1:54572","level":"info","msg":"Sent response.","req_id":257,"req_method":"POST","req_path":"/v1/data/crosslab","resp_bytes":447,"resp_duration":0.854588,"resp_status":200,"subsystem":"opa","time":"2023-12-04T16:05:43Z"}
authorization_1 | {"client_addr":"127.0.0.1:42312","level":"info","msg":"Received request.","req_id":258,"req_method":"POST","req_path":"/v1/data/crosslab","subsystem":"opa","time":"2023-12-04T16:05:43Z"}
authorization_1 | {"action":"view","level":"info","message":"opa_check","object":"device:http://localhost/devices/54cd7780-f800-46ab-8f2f-f17a7cfbfdc6","openfga":{"authorization_model_id":"01HGTRPDRAREZVVDD5Z5RZ7EA5","store":"01HGTRPDQAQB7YS9HP4QN497YP"},"response":{"result":{"allow":true,"enc":"user:fd163d1c-5bd6-4c42-9a73-0de4c25ae933","object":"device:http://localhost/devices/54cd7780-f800-46ab-8f2f-f17a7cfbfdc6","object_type":"device","payload":{"admin":true,"iat":1701705942,"sub":"fd163d1c-5bd6-4c42-9a73-0de4c25ae933"},"rebac_allow":true,"scope_allow":true,"scopes":["read","write","connect"],"subject":"user:fd163d1c-5bd6-4c42-9a73-0de4c25ae933","subject_alt":"fd163d1c-5bd6-4c42-9a73-0de4c25ae933"}},"subject":"eyJhbGciOiJIUzI1NiJ9.eyJzdWIiOiJmZDE2M2QxYy01YmQ2LTRjNDItOWE3My0wZGU0YzI1YWU5MzMiLCJhZG1pbiI6dHJ1ZSwiaWF0IjoxNzAxNzA1OTQyfQ.habW4dv1RtUs3tKRSmu4guECHbWJX2Y1A_Edk-1kP-8"}
authorization_1 | {"level":"info","message":"POST /authorize 200 6ms","meta":{"req":{"headers":{"accept":"*/*","accept-encoding":"gzip, deflate","accept-language":"*","connection":"keep-alive","content-length":"279","content-type":"application/json","host":"127.0.0.1:3010","sec-fetch-mode":"cors","user-agent":"node","x-authorization-psk":"TestPSK"},"httpVersion":"1.1","method":"POST","originalUrl":"/authorize","query":{},"url":"/authorize"},"res":{"statusCode":200},"responseTime":6}}
authorization_1 | {"client_addr":"127.0.0.1:42312","level":"info","msg":"Sent response.","req_id":258,"req_method":"POST","req_path":"/v1/data/crosslab","resp_bytes":447,"resp_duration":1.031301,"resp_status":200,"subsystem":"opa","time":"2023-12-04T16:05:43Z"}
authorization_1 | {"action":"view","level":"info","message":"opa_check","object":"device:http://localhost/devices/9693e46e-1d49-4862-9332-2b9ea6e41447","openfga":{"authorization_model_id":"01HGTRPDRAREZVVDD5Z5RZ7EA5","store":"01HGTRPDQAQB7YS9HP4QN497YP"},"response":{"result":{"allow":true,"enc":"user:fd163d1c-5bd6-4c42-9a73-0de4c25ae933","object":"device:http://localhost/devices/9693e46e-1d49-4862-9332-2b9ea6e41447","object_type":"device","payload":{"admin":true,"iat":1701705942,"sub":"fd163d1c-5bd6-4c42-9a73-0de4c25ae933"},"rebac_allow":true,"scope_allow":true,"scopes":["read","write","connect"],"subject":"user:fd163d1c-5bd6-4c42-9a73-0de4c25ae933","subject_alt":"fd163d1c-5bd6-4c42-9a73-0de4c25ae933"}},"subject":"eyJhbGciOiJIUzI1NiJ9.eyJzdWIiOiJmZDE2M2QxYy01YmQ2LTRjNDItOWE3My0wZGU0YzI1YWU5MzMiLCJhZG1pbiI6dHJ1ZSwiaWF0IjoxNzAxNzA1OTQyfQ.habW4dv1RtUs3tKRSmu4guECHbWJX2Y1A_Edk-1kP-8"}
authorization_1 | {"level":"info","message":"POST /authorize 200 6ms","meta":{"req":{"headers":{"accept":"*/*","accept-encoding":"gzip, deflate","accept-language":"*","connection":"keep-alive","content-length":"279","content-type":"application/json","host":"127.0.0.1:3010","sec-fetch-mode":"cors","user-agent":"node","x-authorization-psk":"TestPSK"},"httpVersion":"1.1","method":"POST","originalUrl":"/authorize","query":{},"url":"/authorize"},"res":{"statusCode":200},"responseTime":6}}
device_1 | {"level":"info","message":"getDevicesByDeviceId succeeded"}
device_1 | {"level":"info","message":"GET /devices/54cd7780-f800-46ab-8f2f-f17a7cfbfdc6? 200 14ms","method":"GET","requestID":"fa092950-92be-11ee-b645-7f04f10d7150","responseTime":14,"status":200,"url":"/devices/54cd7780-f800-46ab-8f2f-f17a7cfbfdc6?"}
device_1 | {"level":"info","message":"getDevicesByDeviceId succeeded"}
device_1 | {"level":"info","message":"GET /devices/9693e46e-1d49-4862-9332-2b9ea6e41447? 200 13ms","method":"GET","requestID":"fa097770-92be-11ee-b645-7f04f10d7150","responseTime":13,"status":200,"url":"/devices/9693e46e-1d49-4862-9332-2b9ea6e41447?"}
experiment_1 | {"data":{"experimentUrl":"http://localhost/experiments/57f9339e-dbca-4cba-b5f7-6c3d33231c5a"},"level":"info","message":"Attempting to create peerconnections for experiment"}
experiment_1 | {"data":{"experimentUrl":"http://localhost/experiments/57f9339e-dbca-4cba-b5f7-6c3d33231c5a"},"level":"info","message":"Building connection plan"}
experiment_1 | {"data":{"pairwiseServiceConfigurations":[{"configuration":{},"participants":[{"config":{"interfaces":[{"busId":"gpio1","direction":"out","interfaceId":1,"interfaceType":"gpio","signals":{"gpio":"gpio1"}},{"busId":"gpio2","direction":"out","interfaceId":2,"interfaceType":"gpio","signals":{"gpio":"gpio2"}}]},"role":"device1","serviceId":"electrical","uuid":"607f782c-c6b2-4196-8043-cb34610089f2"},{"config":{"interfaces":[{"busId":"gpio1","direction":"in","interfaceId":1,"interfaceType":"gpio","signals":{"gpio":"gpio1"}},{"busId":"gpio2","direction":"in","interfaceId":2,"interfaceType":"gpio","signals":{"gpio":"gpio2"}}]},"role":"device2","serviceId":"electrical","uuid":"1f3f52c5-25d2-4e5b-864c-4ab51189a136"}],"serviceType":"http://api.goldi-labs.de/serviceTypes/electrical","uuid":"a4ecea1b-a908-4659-8c1e-fa81a61797eb"}]},"level":"info","message":"Built pairwise service configurations"}
experiment_1 | {"data":{"connectionPlan":[{"devices":[{"config":{"services":[{"interfaces":[{"busId":"gpio1","direction":"in","interfaceId":1,"interfaceType":"gpio","signals":{"gpio":"gpio1"}},{"busId":"gpio2","direction":"in","interfaceId":2,"interfaceType":"gpio","signals":{"gpio":"gpio2"}}],"remoteServiceId":"electrical","serviceId":"electrical","serviceType":"http://api.goldi-labs.de/serviceTypes/electrical"}]},"url":"http://localhost/devices/9693e46e-1d49-4862-9332-2b9ea6e41447"},{"config":{"services":[{"interfaces":[{"busId":"gpio1","direction":"out","interfaceId":1,"interfaceType":"gpio","signals":{"gpio":"gpio1"}},{"busId":"gpio2","direction":"out","interfaceId":2,"interfaceType":"gpio","signals":{"gpio":"gpio2"}}],"remoteServiceId":"electrical","serviceId":"electrical","serviceType":"http://api.goldi-labs.de/serviceTypes/electrical"}]},"url":"http://localhost/devices/54cd7780-f800-46ab-8f2f-f17a7cfbfdc6"}],"type":"webrtc"}]},"level":"info","message":"Built connection plan"}
device_1 | {"level":"info","message":"postPeerconnections called"}
authorization_1 | {"client_addr":"127.0.0.1:54572","level":"info","msg":"Received request.","req_id":259,"req_method":"POST","req_path":"/v1/data/crosslab","subsystem":"opa","time":"2023-12-04T16:05:43Z"}
authorization_1 | {"client_addr":"127.0.0.1:54572","level":"info","msg":"Sent response.","req_id":259,"req_method":"POST","req_path":"/v1/data/crosslab","resp_bytes":412,"resp_duration":0.888173,"resp_status":200,"subsystem":"opa","time":"2023-12-04T16:05:43Z"}
authorization_1 | {"action":"create","level":"info","message":"opa_check","object":"peerconnection:~~~TYPE~~~","openfga":{"authorization_model_id":"01HGTRPDRAREZVVDD5Z5RZ7EA5","store":"01HGTRPDQAQB7YS9HP4QN497YP"},"response":{"result":{"allow":true,"enc":"user:fd163d1c-5bd6-4c42-9a73-0de4c25ae933","object":"peerconnection:~~~TYPE~~~","object_type":"peerconnection","payload":{"admin":true,"iat":1701705942,"sub":"fd163d1c-5bd6-4c42-9a73-0de4c25ae933"},"rebac_allow":true,"scope_allow":true,"scopes":["read","write","connect"],"subject":"user:fd163d1c-5bd6-4c42-9a73-0de4c25ae933","subject_alt":"fd163d1c-5bd6-4c42-9a73-0de4c25ae933"}},"subject":"eyJhbGciOiJIUzI1NiJ9.eyJzdWIiOiJmZDE2M2QxYy01YmQ2LTRjNDItOWE3My0wZGU0YzI1YWU5MzMiLCJhZG1pbiI6dHJ1ZSwiaWF0IjoxNzAxNzA1OTQyfQ.habW4dv1RtUs3tKRSmu4guECHbWJX2Y1A_Edk-1kP-8"}
authorization_1 | {"level":"info","message":"POST /authorize 200 3ms","meta":{"req":{"headers":{"accept":"*/*","accept-encoding":"gzip, deflate","accept-language":"*","connection":"keep-alive","content-length":"227","content-type":"application/json","host":"127.0.0.1:3010","sec-fetch-mode":"cors","user-agent":"node","x-authorization-psk":"TestPSK"},"httpVersion":"1.1","method":"POST","originalUrl":"/authorize","query":{},"url":"/authorize"},"res":{"statusCode":200},"responseTime":3}}
authorization_1 | {"authorization_model_id":"01HGTRPDRAREZVVDD5Z5RZ7EA5","build.commit":"bc6a45ade4ae02d389b2588ae3bb4676fdcf77ec","build.version":"v1.2.0","error":"rpc error: code = Code(2000) desc = Invalid tuple 'experiment:http%3A%2F%2Flocalhost%2Fexperiments%2F57f9339e-dbca-4cba-b5f7-6c3d33231c5a#owner@fd163d1c-5bd6-4c42-9a73-0de4c25ae933'. Reason: the 'user' field must be an object (e.g. document:1) or an 'object#relation' or a typed wildcard (e.g. group:*)","grpc_code":2000,"grpc_method":"Write","grpc_service":"openfga.v1.OpenFGAService","grpc_type":"unary","level":"info","message":"grpc_req_complete","peer.address":"127.0.0.1:35894","raw_request":{"authorization_model_id":"01HGTRPDRAREZVVDD5Z5RZ7EA5","deletes":null,"store_id":"01HGTRPDQAQB7YS9HP4QN497YP","writes":{"tuple_keys":[{"object":"experiment:http%3A%2F%2Flocalhost%2Fexperiments%2F57f9339e-dbca-4cba-b5f7-6c3d33231c5a","relation":"owner","user":"fd163d1c-5bd6-4c42-9a73-0de4c25ae933"}]}},"raw_response":{},"request_id":"41fe8cb1-4c77-4f8a-b1a5-f3227ba8fb02","store_id":"01HGTRPDQAQB7YS9HP4QN497YP","subsystem":"openfga","timestamp":1701705943.27373}
authorization_1 | {"build.commit":"bc6a45ade4ae02d389b2588ae3bb4676fdcf77ec","build.version":"v1.2.0","grpc_code":0,"grpc_method":"ReadAuthorizationModel","grpc_service":"openfga.v1.OpenFGAService","grpc_type":"unary","level":"info","message":"grpc_req_complete","peer.address":"127.0.0.1:35894","raw_request":{"id":"01HGTRPDRAREZVVDD5Z5RZ7EA5","store_id":"01HGTRPDQAQB7YS9HP4QN497YP"},"raw_response":{"authorization_model":{"id":"01HGTRPDRAREZVVDD5Z5RZ7EA5","schema_version":"1.1","type_definitions":[{"metadata":{"relations":{"viewer":{"directly_related_user_types":[{"type":"user"}]}}},"relations":{"viewer":{"this":{}}},"type":"user"},{"metadata":{"relations":{"owner":{"directly_related_user_types":[{"type":"user"}]},"viewer":{"directly_related_user_types":[{"type":"user"}]}}},"relations":{"owner":{"this":{}},"viewer":{"union":{"child":[{"this":{}},{"computedUserset":{"object":"","relation":"owner"}}]}}},"type":"device"},{"metadata":{"relations":{"owner":{"directly_related_user_types":[{"type":"user"}]},"viewer":{"directly_related_user_types":[{"type":"user"}]}}},"relations":{"owner":{"this":{}},"viewer":{"union":{"child":[{"this":{}},{"computedUserset":{"object":"","relation":"owner"}}]}}},"type":"experiment"},{"metadata":{"relations":{"owner":{"directly_related_user_types":[{"type":"user"}]},"viewer":{"directly_related_user_types":[{"type":"user"}]}}},"relations":{"owner":{"this":{}},"viewer":{"union":{"child":[{"this":{}},{"computedUserset":{"object":"","relation":"owner"}}]}}},"type":"peerconnection"},{"metadata":{"relations":{"owner":{"directly_related_user_types":[{"type":"user"}]},"viewer":{"directly_related_user_types":[{"type":"user"}]}}},"relations":{"owner":{"this":{}},"viewer":{"union":{"child":[{"this":{}},{"computedUserset":{"object":"","relation":"owner"}}]}}},"type":"booking"},{"metadata":{"relations":{"owner":{"directly_related_user_types":[{"type":"user"}]},"viewer":{"directly_related_user_types":[{"type":"user"}]}}},"relations":{"owner":{"this":{}},"viewer":{"union":{"child":[{"this":{}},{"computedUserset":{"object":"","relation":"owner"}}]}}},"type":"federation"}]}},"request_id":"41fadd6d-e4cc-4bb1-b5db-eb3f55dec771","store_id":"01HGTRPDQAQB7YS9HP4QN497YP","subsystem":"openfga","timestamp":1701705943.2743456}
authorization_1 | {"level":"info","message":"POST /relations/update 200 126ms","meta":{"req":{"headers":{"accept":"*/*","accept-encoding":"gzip, deflate","accept-language":"*","connection":"keep-alive","content-length":"179","content-type":"application/json","host":"127.0.0.1:3010","sec-fetch-mode":"cors","user-agent":"node","x-authorization-psk":"TestPSK"},"httpVersion":"1.1","method":"POST","originalUrl":"/relations/update","query":{},"url":"/relations/update"},"res":{"statusCode":200},"responseTime":126}}
authorization_1 | {"authorization_model_id":"01HGTRPDRAREZVVDD5Z5RZ7EA5","build.commit":"bc6a45ade4ae02d389b2588ae3bb4676fdcf77ec","build.version":"v1.2.0","error":"rpc error: code = Code(2000) desc = Invalid tuple 'peerconnection:http%3A%2F%2Flocalhost%2Fpeerconnections%2Fundefined#owner@fd163d1c-5bd6-4c42-9a73-0de4c25ae933'. Reason: the 'user' field must be an object (e.g. document:1) or an 'object#relation' or a typed wildcard (e.g. group:*)","grpc_code":2000,"grpc_method":"Write","grpc_service":"openfga.v1.OpenFGAService","grpc_type":"unary","level":"info","message":"grpc_req_complete","peer.address":"127.0.0.1:35894","raw_request":{"authorization_model_id":"01HGTRPDRAREZVVDD5Z5RZ7EA5","deletes":null,"store_id":"01HGTRPDQAQB7YS9HP4QN497YP","writes":{"tuple_keys":[{"object":"peerconnection:http%3A%2F%2Flocalhost%2Fpeerconnections%2Fundefined","relation":"owner","user":"fd163d1c-5bd6-4c42-9a73-0de4c25ae933"}]}},"raw_response":{},"request_id":"c9939c29-d894-412e-8069-9ed20fc042d0","store_id":"01HGTRPDQAQB7YS9HP4QN497YP","subsystem":"openfga","timestamp":1701705943.2766314}
authorization_1 | {"build.commit":"bc6a45ade4ae02d389b2588ae3bb4676fdcf77ec","build.version":"v1.2.0","grpc_code":0,"grpc_method":"ReadAuthorizationModel","grpc_service":"openfga.v1.OpenFGAService","grpc_type":"unary","level":"info","message":"grpc_req_complete","peer.address":"127.0.0.1:35894","raw_request":{"id":"01HGTRPDRAREZVVDD5Z5RZ7EA5","store_id":"01HGTRPDQAQB7YS9HP4QN497YP"},"raw_response":{"authorization_model":{"id":"01HGTRPDRAREZVVDD5Z5RZ7EA5","schema_version":"1.1","type_definitions":[{"metadata":{"relations":{"viewer":{"directly_related_user_types":[{"type":"user"}]}}},"relations":{"viewer":{"this":{}}},"type":"user"},{"metadata":{"relations":{"owner":{"directly_related_user_types":[{"type":"user"}]},"viewer":{"directly_related_user_types":[{"type":"user"}]}}},"relations":{"owner":{"this":{}},"viewer":{"union":{"child":[{"this":{}},{"computedUserset":{"object":"","relation":"owner"}}]}}},"type":"device"},{"metadata":{"relations":{"owner":{"directly_related_user_types":[{"type":"user"}]},"viewer":{"directly_related_user_types":[{"type":"user"}]}}},"relations":{"owner":{"this":{}},"viewer":{"union":{"child":[{"this":{}},{"computedUserset":{"object":"","relation":"owner"}}]}}},"type":"experiment"},{"metadata":{"relations":{"owner":{"directly_related_user_types":[{"type":"user"}]},"viewer":{"directly_related_user_types":[{"type":"user"}]}}},"relations":{"owner":{"this":{}},"viewer":{"union":{"child":[{"this":{}},{"computedUserset":{"object":"","relation":"owner"}}]}}},"type":"peerconnection"},{"metadata":{"relations":{"owner":{"directly_related_user_types":[{"type":"user"}]},"viewer":{"directly_related_user_types":[{"type":"user"}]}}},"relations":{"owner":{"this":{}},"viewer":{"union":{"child":[{"this":{}},{"computedUserset":{"object":"","relation":"owner"}}]}}},"type":"booking"},{"metadata":{"relations":{"owner":{"directly_related_user_types":[{"type":"user"}]},"viewer":{"directly_related_user_types":[{"type":"user"}]}}},"relations":{"owner":{"this":{}},"viewer":{"union":{"child":[{"this":{}},{"computedUserset":{"object":"","relation":"owner"}}]}}},"type":"federation"}]}},"request_id":"7eadfbf1-7e70-46c8-8599-270e597bd635","store_id":"01HGTRPDQAQB7YS9HP4QN497YP","subsystem":"openfga","timestamp":1701705943.276914}
authorization_1 | {"level":"info","message":"POST /relations/update 200 112ms","meta":{"req":{"headers":{"accept":"*/*","accept-encoding":"gzip, deflate","accept-language":"*","connection":"keep-alive","content-length":"160","content-type":"application/json","host":"127.0.0.1:3010","sec-fetch-mode":"cors","user-agent":"node","x-authorization-psk":"TestPSK"},"httpVersion":"1.1","method":"POST","originalUrl":"/relations/update","query":{},"url":"/relations/update"},"res":{"statusCode":200},"responseTime":112}}
experiment_1 | {"data":{"experiment":"http://localhost/experiments/57f9339e-dbca-4cba-b5f7-6c3d33231c5a","user":"fd163d1c-5bd6-4c42-9a73-0de4c25ae933"},"level":"info","message":"Successfully handled POST request on endpoint /experiments"}
experiment_1 | {"level":"info","message":"POST /experiments 201 1055ms","method":"POST","requestID":"438e4e56743d7fca929fa3edf0dc72f0","responseTime":1055,"status":201,"url":"/experiments"}
gateway_1 | {"time_local":"04/Dec/2023:16:05:43 +0000","remote_addr":"127.0.0.1","remote_user":"","request":"POST /experiments HTTP/1.1","status": "201","body_bytes_sent":"1211","request_time":"1.062","http_referrer":"","http_user_agent":"node-fetch/1.0 (+https://github.com/bitinn/node-fetch)","requestID":"438e4e56743d7fca929fa3edf0dc72f0"}
authentication_1 | {"jwt":"eyJhbGciOiJIUzI1NiJ9.eyJzdWIiOiJmZDE2M2QxYy01YmQ2LTRjNDItOWE3My0wZGU0YzI1YWU5MzMiLCJhZG1pbiI6dHJ1ZSwiaWF0IjoxNzAxNzA1OTQzfQ.PxxmS2YzjlZiUdkC2d1nv4hXoI920yfh-vxRpfDVszw","level":"info","message":"auth send jwt","requestID":"dd5f093e47ab7b7b453f204b6f59ee61"}
authentication_1 | {"level":"info","message":"GET /auth 200 4ms","method":"GET","requestID":"dd5f093e47ab7b7b453f204b6f59ee61","responseTime":4,"status":200,"url":"/auth"}
device_1 | {"level":"info","message":"getDevicesByDeviceId called"}
authorization_1 | {"client_addr":"127.0.0.1:54572","level":"info","msg":"Received request.","req_id":260,"req_method":"POST","req_path":"/v1/data/crosslab","subsystem":"opa","time":"2023-12-04T16:05:43Z"}
authorization_1 | {"client_addr":"127.0.0.1:54572","level":"info","msg":"Sent response.","req_id":260,"req_method":"POST","req_path":"/v1/data/crosslab","resp_bytes":447,"resp_duration":0.948678,"resp_status":200,"subsystem":"opa","time":"2023-12-04T16:05:43Z"}
authorization_1 | {"action":"view","level":"info","message":"opa_check","object":"device:http://localhost/devices/54cd7780-f800-46ab-8f2f-f17a7cfbfdc6","openfga":{"authorization_model_id":"01HGTRPDRAREZVVDD5Z5RZ7EA5","store":"01HGTRPDQAQB7YS9HP4QN497YP"},"response":{"result":{"allow":true,"enc":"user:fd163d1c-5bd6-4c42-9a73-0de4c25ae933","object":"device:http://localhost/devices/54cd7780-f800-46ab-8f2f-f17a7cfbfdc6","object_type":"device","payload":{"admin":true,"iat":1701705943,"sub":"fd163d1c-5bd6-4c42-9a73-0de4c25ae933"},"rebac_allow":true,"scope_allow":true,"scopes":["read","write","connect"],"subject":"user:fd163d1c-5bd6-4c42-9a73-0de4c25ae933","subject_alt":"fd163d1c-5bd6-4c42-9a73-0de4c25ae933"}},"subject":"eyJhbGciOiJIUzI1NiJ9.eyJzdWIiOiJmZDE2M2QxYy01YmQ2LTRjNDItOWE3My0wZGU0YzI1YWU5MzMiLCJhZG1pbiI6dHJ1ZSwiaWF0IjoxNzAxNzA1OTQzfQ.PxxmS2YzjlZiUdkC2d1nv4hXoI920yfh-vxRpfDVszw"}
authorization_1 | {"level":"info","message":"POST /authorize 200 5ms","meta":{"req":{"headers":{"accept":"*/*","accept-encoding":"gzip, deflate","accept-language":"*","connection":"keep-alive","content-length":"279","content-type":"application/json","host":"127.0.0.1:3010","sec-fetch-mode":"cors","user-agent":"node","x-authorization-psk":"TestPSK"},"httpVersion":"1.1","method":"POST","originalUrl":"/authorize","query":{},"url":"/authorize"},"res":{"statusCode":200},"responseTime":5}}
device_1 | {"level":"info","message":"postPeerconnections: registering closed-callback for 'http://localhost/callbacks/experiment'"}
device_1 | {"level":"info","message":"postPeerconnections: registering status-changed-callback for 'http://localhost/callbacks/experiment'"}
device_1 | {"level":"info","message":"Trying to create signaling queues for peerconnection 'http://localhost/peerconnections/56b3fa95-ee57-477d-82fa-d7d6d3881142'"}
device_1 | {"level":"info","message":"Successfully created signaling queues for peerconnection 'http://localhost/peerconnections/56b3fa95-ee57-477d-82fa-d7d6d3881142'"}
device_1 | {"level":"info","message":"postPeerconnections succeeded"}
device_1 | {"level":"info","message":"POST /peerconnections?closedUrl=http%3A%2F%2Flocalhost%2Fcallbacks%2Fexperiment&statusChangedUrl=http%3A%2F%2Flocalhost%2Fcallbacks%2Fexperiment 201 259ms","method":"POST","requestID":"fa0be870-92be-11ee-b645-7f04f10d7150","responseTime":259,"status":201,"url":"/peerconnections?closedUrl=http%3A%2F%2Flocalhost%2Fcallbacks%2Fexperiment&statusChangedUrl=http%3A%2F%2Flocalhost%2Fcallbacks%2Fexperiment"}
device_1 | {"level":"info","message":"getDevicesByDeviceId succeeded"}
device_1 | {"level":"info","message":"GET /devices/54cd7780-f800-46ab-8f2f-f17a7cfbfdc6? 200 124ms","method":"GET","requestID":"dd5f093e47ab7b7b453f204b6f59ee61","responseTime":124,"status":200,"url":"/devices/54cd7780-f800-46ab-8f2f-f17a7cfbfdc6?"}
gateway_1 | {"time_local":"04/Dec/2023:16:05:43 +0000","remote_addr":"127.0.0.1","remote_user":"","request":"GET /devices/54cd7780-f800-46ab-8f2f-f17a7cfbfdc6? HTTP/1.1","status": "200","body_bytes_sent":"252","request_time":"0.129","http_referrer":"","http_user_agent":"node-fetch/1.0 (+https://github.com/bitinn/node-fetch)","requestID":"dd5f093e47ab7b7b453f204b6f59ee61"}
device_1 | {"level":"info","message":"deviceAHasVideo: false, deviceBHasVideo: false"}
authentication_1 | {"jwt":"eyJhbGciOiJIUzI1NiJ9.eyJzdWIiOiJmZDE2M2QxYy01YmQ2LTRjNDItOWE3My0wZGU0YzI1YWU5MzMiLCJhZG1pbiI6dHJ1ZSwiaWF0IjoxNzAxNzA1OTQzfQ.PxxmS2YzjlZiUdkC2d1nv4hXoI920yfh-vxRpfDVszw","level":"info","message":"auth send jwt","requestID":"31bbe6c9af27cb129c4e822800aa83a9"}
authentication_1 | {"level":"info","message":"GET /auth 200 3ms","method":"GET","requestID":"31bbe6c9af27cb129c4e822800aa83a9","responseTime":3,"status":200,"url":"/auth"}
device_1 | {"level":"info","message":"getDevicesByDeviceId called"}
authorization_1 | {"client_addr":"127.0.0.1:54572","level":"info","msg":"Received request.","req_id":261,"req_method":"POST","req_path":"/v1/data/crosslab","subsystem":"opa","time":"2023-12-04T16:05:43Z"}
authorization_1 | {"client_addr":"127.0.0.1:54572","level":"info","msg":"Sent response.","req_id":261,"req_method":"POST","req_path":"/v1/data/crosslab","resp_bytes":447,"resp_duration":0.948726,"resp_status":200,"subsystem":"opa","time":"2023-12-04T16:05:43Z"}
authorization_1 | {"action":"view","level":"info","message":"opa_check","object":"device:http://localhost/devices/9693e46e-1d49-4862-9332-2b9ea6e41447","openfga":{"authorization_model_id":"01HGTRPDRAREZVVDD5Z5RZ7EA5","store":"01HGTRPDQAQB7YS9HP4QN497YP"},"response":{"result":{"allow":true,"enc":"user:fd163d1c-5bd6-4c42-9a73-0de4c25ae933","object":"device:http://localhost/devices/9693e46e-1d49-4862-9332-2b9ea6e41447","object_type":"device","payload":{"admin":true,"iat":1701705943,"sub":"fd163d1c-5bd6-4c42-9a73-0de4c25ae933"},"rebac_allow":true,"scope_allow":true,"scopes":["read","write","connect"],"subject":"user:fd163d1c-5bd6-4c42-9a73-0de4c25ae933","subject_alt":"fd163d1c-5bd6-4c42-9a73-0de4c25ae933"}},"subject":"eyJhbGciOiJIUzI1NiJ9.eyJzdWIiOiJmZDE2M2QxYy01YmQ2LTRjNDItOWE3My0wZGU0YzI1YWU5MzMiLCJhZG1pbiI6dHJ1ZSwiaWF0IjoxNzAxNzA1OTQzfQ.PxxmS2YzjlZiUdkC2d1nv4hXoI920yfh-vxRpfDVszw"}
authorization_1 | {"level":"info","message":"POST /authorize 200 4ms","meta":{"req":{"headers":{"accept":"*/*","accept-encoding":"gzip, deflate","accept-language":"*","connection":"keep-alive","content-length":"279","content-type":"application/json","host":"127.0.0.1:3010","sec-fetch-mode":"cors","user-agent":"node","x-authorization-psk":"TestPSK"},"httpVersion":"1.1","method":"POST","originalUrl":"/authorize","query":{},"url":"/authorize"},"res":{"statusCode":200},"responseTime":4}}
device_1 | {"level":"info","message":"getDevicesByDeviceId succeeded"}
gateway_1 | {"time_local":"04/Dec/2023:16:05:43 +0000","remote_addr":"127.0.0.1","remote_user":"","request":"GET /devices/9693e46e-1d49-4862-9332-2b9ea6e41447? HTTP/1.1","status": "200","body_bytes_sent":"252","request_time":"0.015","http_referrer":"","http_user_agent":"node-fetch/1.0 (+https://github.com/bitinn/node-fetch)","requestID":"31bbe6c9af27cb129c4e822800aa83a9"}
device_1 | {"level":"info","message":"GET /devices/9693e46e-1d49-4862-9332-2b9ea6e41447? 200 9ms","method":"GET","requestID":"31bbe6c9af27cb129c4e822800aa83a9","responseTime":9,"status":200,"url":"/devices/9693e46e-1d49-4862-9332-2b9ea6e41447?"}
device_1 | {"level":"info","message":"Sending status-changed-callback for peerconnection 'http://localhost/peerconnections/56b3fa95-ee57-477d-82fa-d7d6d3881142' to 'http://localhost/callbacks/experiment'"}
device_1 | {"data":{"peerconnection":"56b3fa95-ee57-477d-82fa-d7d6d3881142","statusDeviceA":"connecting","statusDeviceB":"new"},"level":"info","message":"peerconnection devices status info"}
