experiment-1 | {"data":{"experimentUrl":"http://localhost/experiments/d3e1e7da-a12a-453a-b838-183dedfa5cd7"},"level":"info","message":"Successfully created peerconnections for experiment"}
device-1 | {"level":"info","message":"postDevicesByDeviceIdSignaling called"}
authorization-1 | {"client_addr":"127.0.0.1:57924","level":"info","msg":"Received request.","req_id":320,"req_method":"POST","req_path":"/v1/data/crosslab","subsystem":"opa","time":"2024-07-08T15:54:07Z"}
authorization-1 | {"authorization_model_id":"01J29GSANM7KPDA4K72FFCRMVX","build.commit":"bc6a45ade4ae02d389b2588ae3bb4676fdcf77ec","build.version":"v1.2.0","grpc_code":0,"grpc_method":"Check","grpc_service":"openfga.v1.OpenFGAService","grpc_type":"unary","level":"info","message":"grpc_req_complete","peer.address":"127.0.0.1:47278","raw_request":{"authorization_model_id":"01J29GSANM7KPDA4K72FFCRMVX","contextual_tuples":null,"store_id":"01J29GSAMAWVG7JAX19C1NPZ6T","trace":false,"tuple_key":{"object":"device:http%3A%2F%2Flocalhost%2Fdevices%2F6c8c6a27-9b13-4572-9ae4-92a1c90d6fd5","relation":"viewer","user":"user:experiment-service"}},"raw_response":{"allowed":false,"resolution":""},"request_id":"937f8a84-8631-467b-bd13-c319e8eeea0d","store_id":"01J29GSAMAWVG7JAX19C1NPZ6T","subsystem":"openfga","timestamp":1720454047.6655893}
authorization-1 | {"client_addr":"127.0.0.1:57924","level":"info","msg":"Sent response.","req_id":320,"req_method":"POST","req_path":"/v1/data/crosslab","resp_bytes":307,"resp_duration":2.876331,"resp_status":200,"subsystem":"opa","time":"2024-07-08T15:54:07Z"}
authorization-1 | {"action":"message","level":"info","message":"opa_check","object":"device:http://localhost/devices/6c8c6a27-9b13-4572-9ae4-92a1c90d6fd5","openfga":{"authorization_model_id":"01J29GSANM7KPDA4K72FFCRMVX","store":"01J29GSAMAWVG7JAX19C1NPZ6T"},"response":{"result":{"allow":true,"enc":"user:experiment-service","object":"device:http://localhost/devices/6c8c6a27-9b13-4572-9ae4-92a1c90d6fd5","object_type":"device","rebac_allow":false,"scope_allow":true,"scopes":["read","write","connect"],"subject":"user:experiment-service","subject_alt":"experiment-service"}},"subject":"experiment-service"}
authorization-1 | {"level":"info","message":"POST /authorize 200 5ms","meta":{"req":{"headers":{"accept":"*/*","accept-encoding":"gzip, deflate","accept-language":"*","connection":"keep-alive","content-length":"133","content-type":"application/json","host":"127.0.0.1:3010","sec-fetch-mode":"cors","user-agent":"node","x-authorization-psk":"TestPSK","x-request-id":"4f22eec0-3d42-11ef-b841-3faa56dbb9da"},"httpVersion":"1.1","method":"POST","originalUrl":"/authorize","query":{},"url":"/authorize"},"res":{"statusCode":200},"responseTime":5}}
device-1 | {"level":"info","message":"postDevicesByDeviceIdSignaling succeeded"}
device-1 | {"level":"info","message":"POST /devices/6c8c6a27-9b13-4572-9ae4-92a1c90d6fd5/signaling 200 10ms","method":"POST","requestID":"4f22eec0-3d42-11ef-b841-3faa56dbb9da","responseTime":10,"status":200,"url":"/devices/6c8c6a27-9b13-4572-9ae4-92a1c90d6fd5/signaling"}
device-1 | {"level":"info","message":"postDevicesByDeviceIdSignaling called"}
authorization-1 | {"client_addr":"127.0.0.1:57924","level":"info","msg":"Received request.","req_id":321,"req_method":"POST","req_path":"/v1/data/crosslab","subsystem":"opa","time":"2024-07-08T15:54:07Z"}
authorization-1 | {"authorization_model_id":"01J29GSANM7KPDA4K72FFCRMVX","build.commit":"bc6a45ade4ae02d389b2588ae3bb4676fdcf77ec","build.version":"v1.2.0","grpc_code":0,"grpc_method":"Check","grpc_service":"openfga.v1.OpenFGAService","grpc_type":"unary","level":"info","message":"grpc_req_complete","peer.address":"127.0.0.1:47278","raw_request":{"authorization_model_id":"01J29GSANM7KPDA4K72FFCRMVX","contextual_tuples":null,"store_id":"01J29GSAMAWVG7JAX19C1NPZ6T","trace":false,"tuple_key":{"object":"device:http%3A%2F%2Flocalhost%2Fdevices%2Fac7916cc-0b66-4822-bd81-6e85e122345e","relation":"viewer","user":"user:experiment-service"}},"raw_response":{"allowed":false,"resolution":""},"request_id":"5ac9fc1c-1ded-4975-b069-9ad54e72cd06","store_id":"01J29GSAMAWVG7JAX19C1NPZ6T","subsystem":"openfga","timestamp":1720454047.6778648}
authorization-1 | {"client_addr":"127.0.0.1:57924","level":"info","msg":"Sent response.","req_id":321,"req_method":"POST","req_path":"/v1/data/crosslab","resp_bytes":307,"resp_duration":3.320976,"resp_status":200,"subsystem":"opa","time":"2024-07-08T15:54:07Z"}
authorization-1 | {"action":"message","level":"info","message":"opa_check","object":"device:http://localhost/devices/ac7916cc-0b66-4822-bd81-6e85e122345e","openfga":{"authorization_model_id":"01J29GSANM7KPDA4K72FFCRMVX","store":"01J29GSAMAWVG7JAX19C1NPZ6T"},"response":{"result":{"allow":true,"enc":"user:experiment-service","object":"device:http://localhost/devices/ac7916cc-0b66-4822-bd81-6e85e122345e","object_type":"device","rebac_allow":false,"scope_allow":true,"scopes":["read","write","connect"],"subject":"user:experiment-service","subject_alt":"experiment-service"}},"subject":"experiment-service"}
authorization-1 | {"level":"info","message":"POST /authorize 200 5ms","meta":{"req":{"headers":{"accept":"*/*","accept-encoding":"gzip, deflate","accept-language":"*","connection":"keep-alive","content-length":"133","content-type":"application/json","host":"127.0.0.1:3010","sec-fetch-mode":"cors","user-agent":"node","x-authorization-psk":"TestPSK","x-request-id":"4f24c380-3d42-11ef-b841-3faa56dbb9da"},"httpVersion":"1.1","method":"POST","originalUrl":"/authorize","query":{},"url":"/authorize"},"res":{"statusCode":200},"responseTime":5}}
device-1 | {"level":"info","message":"postDevicesByDeviceIdSignaling succeeded"}
device-1 | {"level":"info","message":"POST /devices/ac7916cc-0b66-4822-bd81-6e85e122345e/signaling 200 11ms","method":"POST","requestID":"4f24c380-3d42-11ef-b841-3faa56dbb9da","responseTime":11,"status":200,"url":"/devices/ac7916cc-0b66-4822-bd81-6e85e122345e/signaling"}
device-1 | {"data":{"peerconnection":"c111a989-258f-46e1-8808-e131270718ca","statusDeviceA":"new","statusDeviceB":"new"},"level":"info","message":"peerconnection devices status info"}
device-1 | {"data":{"peerconnection":"c111a989-258f-46e1-8808-e131270718ca","statusDeviceA":"new","statusDeviceB":"new"},"level":"info","message":"peerconnection devices status info"}
device-1 | {"level":"info","message":"Sending status-changed-callback for peerconnection 'http://localhost/peerconnections/c111a989-258f-46e1-8808-e131270718ca' to 'http://localhost/callbacks/experiment'"}
device-1 | {"data":{"peerconnection":"c111a989-258f-46e1-8808-e131270718ca","statusDeviceA":"connecting","statusDeviceB":"new"},"level":"info","message":"peerconnection devices status info"}
authentication-1 | {"level":"info","message":"auth error No token found","stack":"Error: No token found\n at Object.getAuth (file:///usr/local/lib/node_modules/@crosslab/service-auth/app/operations/auth.js:14:19)\n at file:///usr/local/lib/node_modules/@crosslab/service-auth/app/generated/routes.js:22:45\n at Layer.handle [as handle_request] (/usr/local/lib/node_modules/@crosslab/service-auth/node_modules/express/lib/router/layer.js:95:5)\n at next (/usr/local/lib/node_modules/@crosslab/service-auth/node_modules/express/lib/router/route.js:149:13)\n at Route.dispatch (/usr/local/lib/node_modules/@crosslab/service-auth/node_modules/express/lib/router/route.js:119:3)\n at Layer.handle [as handle_request] (/usr/local/lib/node_modules/@crosslab/service-auth/node_modules/express/lib/router/layer.js:95:5)\n at /usr/local/lib/node_modules/@crosslab/service-auth/node_modules/express/lib/router/index.js:284:15\n at Function.process_params (/usr/local/lib/node_modules/@crosslab/service-auth/node_modules/express/lib/router/index.js:346:12)\n at next (/usr/local/lib/node_modules/@crosslab/service-auth/node_modules/express/lib/router/index.js:280:10)\n at Function.handle (/usr/local/lib/node_modules/@crosslab/service-auth/node_modules/express/lib/router/index.js:175:3)"}
authentication-1 | {"level":"info","message":"GET /auth 200 1ms","method":"GET","requestID":"82a37feccaa7b84daf65d3636e1920ae","responseTime":1,"status":200,"url":"/auth"}
experiment-1 | {"data":{"callback":{"callbackType":"event","eventType":"peerconnection-status-changed","peerconnection":{"devices":[{"config":{"services":[{"remoteServiceId":"file_consumer","serviceId":"file_producer","serviceType":"http://api.goldi-labs.de/serviceTypes/file"}]},"status":"connecting","url":"http://localhost/devices/6c8c6a27-9b13-4572-9ae4-92a1c90d6fd5"},{"config":{"services":[{"remoteServiceId":"file_producer","serviceId":"file_consumer","serviceType":"http://api.goldi-labs.de/serviceTypes/file"}]},"status":"new","url":"http://localhost/devices/ac7916cc-0b66-4822-bd81-6e85e122345e"}],"status":"connecting","type":"webrtc","url":"http://localhost/peerconnections/c111a989-258f-46e1-8808-e131270718ca"}}},"level":"info","message":"received a callback"}
experiment-1 | {"level":"info","message":"POST /callbacks/experiment 200 6ms","method":"POST","requestID":"82a37feccaa7b84daf65d3636e1920ae","responseTime":6,"status":200,"url":"/callbacks/experiment"}
gateway-1 | {"time_local":"08/Jul/2024:15:54:09 +0000","remote_addr":"127.0.0.1","remote_user":"","request":"POST /callbacks/experiment HTTP/1.1","status": "200","body_bytes_sent":"5","request_time":"0.009","http_referrer":"","http_user_agent":"node-fetch","requestID":"82a37feccaa7b84daf65d3636e1920ae"}
device-1 | {"data":{"peerconnection":"c111a989-258f-46e1-8808-e131270718ca","statusDeviceA":"connecting","statusDeviceB":"connecting"},"level":"info","message":"peerconnection devices status info"}
device-1 | {"data":{"peerconnection":"c111a989-258f-46e1-8808-e131270718ca","statusDeviceA":"connecting","statusDeviceB":"connected"},"level":"info","message":"peerconnection devices status info"}
device-1 | {"level":"info","message":"Sending status-changed-callback for peerconnection 'http://localhost/peerconnections/c111a989-258f-46e1-8808-e131270718ca' to 'http://localhost/callbacks/experiment'"}
device-1 | {"data":{"peerconnection":"c111a989-258f-46e1-8808-e131270718ca","statusDeviceA":"connected","statusDeviceB":"connected"},"level":"info","message":"peerconnection devices status info"}
authentication-1 | {"level":"info","message":"auth error No token found","stack":"Error: No token found\n at Object.getAuth (file:///usr/local/lib/node_modules/@crosslab/service-auth/app/operations/auth.js:14:19)\n at file:///usr/local/lib/node_modules/@crosslab/service-auth/app/generated/routes.js:22:45\n at Layer.handle [as handle_request] (/usr/local/lib/node_modules/@crosslab/service-auth/node_modules/express/lib/router/layer.js:95:5)\n at next (/usr/local/lib/node_modules/@crosslab/service-auth/node_modules/express/lib/router/route.js:149:13)\n at Route.dispatch (/usr/local/lib/node_modules/@crosslab/service-auth/node_modules/express/lib/router/route.js:119:3)\n at Layer.handle [as handle_request] (/usr/local/lib/node_modules/@crosslab/service-auth/node_modules/express/lib/router/layer.js:95:5)\n at /usr/local/lib/node_modules/@crosslab/service-auth/node_modules/express/lib/router/index.js:284:15\n at Function.process_params (/usr/local/lib/node_modules/@crosslab/service-auth/node_modules/express/lib/router/index.js:346:12)\n at next (/usr/local/lib/node_modules/@crosslab/service-auth/node_modules/express/lib/router/index.js:280:10)\n at Function.handle (/usr/local/lib/node_modules/@crosslab/service-auth/node_modules/express/lib/router/index.js:175:3)"}
authentication-1 | {"level":"info","message":"GET /auth 200 1ms","method":"GET","requestID":"ebe3a59968f2ae4c8ceade17796f4b13","responseTime":1,"status":200,"url":"/auth"}
experiment-1 | {"data":{"callback":{"callbackType":"event","eventType":"peerconnection-status-changed","peerconnection":{"devices":[{"config":{"services":[{"remoteServiceId":"file_consumer","serviceId":"file_producer","serviceType":"http://api.goldi-labs.de/serviceTypes/file"}]},"status":"connected","url":"http://localhost/devices/6c8c6a27-9b13-4572-9ae4-92a1c90d6fd5"},{"config":{"services":[{"remoteServiceId":"file_producer","serviceId":"file_consumer","serviceType":"http://api.goldi-labs.de/serviceTypes/file"}]},"status":"connected","url":"http://localhost/devices/ac7916cc-0b66-4822-bd81-6e85e122345e"}],"status":"connected","type":"webrtc","url":"http://localhost/peerconnections/c111a989-258f-46e1-8808-e131270718ca"}}},"level":"info","message":"received a callback"}
device-1 | {"level":"info","message":"getPeerconnectionsByPeerconnectionId called"}
authorization-1 | {"client_addr":"127.0.0.1:57924","level":"info","msg":"Received request.","req_id":322,"req_method":"POST","req_path":"/v1/data/crosslab","subsystem":"opa","time":"2024-07-08T15:54:09Z"}
authorization-1 | {"authorization_model_id":"01J29GSANM7KPDA4K72FFCRMVX","build.commit":"bc6a45ade4ae02d389b2588ae3bb4676fdcf77ec","build.version":"v1.2.0","grpc_code":0,"grpc_method":"Check","grpc_service":"openfga.v1.OpenFGAService","grpc_type":"unary","level":"info","message":"grpc_req_complete","peer.address":"127.0.0.1:47278","raw_request":{"authorization_model_id":"01J29GSANM7KPDA4K72FFCRMVX","contextual_tuples":null,"store_id":"01J29GSAMAWVG7JAX19C1NPZ6T","trace":false,"tuple_key":{"object":"peerconnection:http%3A%2F%2Flocalhost%2Fpeerconnections%2Fc111a989-258f-46e1-8808-e131270718ca","relation":"viewer","user":"user:experiment-service"}},"raw_response":{"allowed":false,"resolution":""},"request_id":"8cb2ed28-c698-4f3c-b1b9-4ef0ac3153ed","store_id":"01J29GSAMAWVG7JAX19C1NPZ6T","subsystem":"openfga","timestamp":1720454049.7532568}
authorization-1 | {"client_addr":"127.0.0.1:57924","level":"info","msg":"Sent response.","req_id":322,"req_method":"POST","req_path":"/v1/data/crosslab","resp_bytes":331,"resp_duration":3.332061,"resp_status":200,"subsystem":"opa","time":"2024-07-08T15:54:09Z"}
authorization-1 | {"action":"view","level":"info","message":"opa_check","object":"peerconnection:http://localhost/peerconnections/c111a989-258f-46e1-8808-e131270718ca","openfga":{"authorization_model_id":"01J29GSANM7KPDA4K72FFCRMVX","store":"01J29GSAMAWVG7JAX19C1NPZ6T"},"response":{"result":{"allow":true,"enc":"user:experiment-service","object":"peerconnection:http://localhost/peerconnections/c111a989-258f-46e1-8808-e131270718ca","object_type":"peerconnection","rebac_allow":false,"scope_allow":true,"scopes":["read","write","connect"],"subject":"user:experiment-service","subject_alt":"experiment-service"}},"subject":"experiment-service"}
authorization-1 | {"level":"info","message":"POST /authorize 200 6ms","meta":{"req":{"headers":{"accept":"*/*","accept-encoding":"gzip, deflate","accept-language":"*","connection":"keep-alive","content-length":"146","content-type":"application/json","host":"127.0.0.1:3010","sec-fetch-mode":"cors","user-agent":"node","x-authorization-psk":"TestPSK","x-request-id":"50616230-3d42-11ef-b841-3faa56dbb9da"},"httpVersion":"1.1","method":"POST","originalUrl":"/authorize","query":{},"url":"/authorize"},"res":{"statusCode":200},"responseTime":6}}
device-1 | {"level":"info","message":"getPeerconnectionsByPeerconnectionId succeeded"}
device-1 | {"level":"info","message":"GET /peerconnections/c111a989-258f-46e1-8808-e131270718ca 200 12ms","method":"GET","requestID":"50616230-3d42-11ef-b841-3faa56dbb9da","responseTime":12,"status":200,"url":"/peerconnections/c111a989-258f-46e1-8808-e131270718ca"}
experiment-1 | {"level":"info","message":"POST /callbacks/experiment 200 38ms","method":"POST","requestID":"ebe3a59968f2ae4c8ceade17796f4b13","responseTime":38,"status":200,"url":"/callbacks/experiment"}
gateway-1 | {"time_local":"08/Jul/2024:15:54:09 +0000","remote_addr":"127.0.0.1","remote_user":"","request":"POST /callbacks/experiment HTTP/1.1","status": "200","body_bytes_sent":"5","request_time":"0.042","http_referrer":"","http_user_agent":"node-fetch","requestID":"ebe3a59968f2ae4c8ceade17796f4b13"}
device-1 | {"level":"info","message":"postDevicesByDeviceIdSignaling called"}
authorization-1 | {"client_addr":"127.0.0.1:57924","level":"info","msg":"Received request.","req_id":323,"req_method":"POST","req_path":"/v1/data/crosslab","subsystem":"opa","time":"2024-07-08T15:54:09Z"}
authorization-1 | {"authorization_model_id":"01J29GSANM7KPDA4K72FFCRMVX","build.commit":"bc6a45ade4ae02d389b2588ae3bb4676fdcf77ec","build.version":"v1.2.0","grpc_code":0,"grpc_method":"Check","grpc_service":"openfga.v1.OpenFGAService","grpc_type":"unary","level":"info","message":"grpc_req_complete","peer.address":"127.0.0.1:47278","raw_request":{"authorization_model_id":"01J29GSANM7KPDA4K72FFCRMVX","contextual_tuples":null,"store_id":"01J29GSAMAWVG7JAX19C1NPZ6T","trace":false,"tuple_key":{"object":"device:http%3A%2F%2Flocalhost%2Fdevices%2F6c8c6a27-9b13-4572-9ae4-92a1c90d6fd5","relation":"viewer","user":"user:experiment-service"}},"raw_response":{"allowed":false,"resolution":""},"request_id":"74416018-bb40-4c2e-864d-6b59c5f3b710","store_id":"01J29GSAMAWVG7JAX19C1NPZ6T","subsystem":"openfga","timestamp":1720454049.7827306}
authorization-1 | {"client_addr":"127.0.0.1:57924","level":"info","msg":"Sent response.","req_id":323,"req_method":"POST","req_path":"/v1/data/crosslab","resp_bytes":307,"resp_duration":2.721028,"resp_status":200,"subsystem":"opa","time":"2024-07-08T15:54:09Z"}
authorization-1 | {"action":"message","level":"info","message":"opa_check","object":"device:http://localhost/devices/6c8c6a27-9b13-4572-9ae4-92a1c90d6fd5","openfga":{"authorization_model_id":"01J29GSANM7KPDA4K72FFCRMVX","store":"01J29GSAMAWVG7JAX19C1NPZ6T"},"response":{"result":{"allow":true,"enc":"user:experiment-service","object":"device:http://localhost/devices/6c8c6a27-9b13-4572-9ae4-92a1c90d6fd5","object_type":"device","rebac_allow":false,"scope_allow":true,"scopes":["read","write","connect"],"subject":"user:experiment-service","subject_alt":"experiment-service"}},"subject":"experiment-service"}
authorization-1 | {"level":"info","message":"POST /authorize 200 5ms","meta":{"req":{"headers":{"accept":"*/*","accept-encoding":"gzip, deflate","accept-language":"*","connection":"keep-alive","content-length":"133","content-type":"application/json","host":"127.0.0.1:3010","sec-fetch-mode":"cors","user-agent":"node","x-authorization-psk":"TestPSK","x-request-id":"5065f610-3d42-11ef-b841-3faa56dbb9da"},"httpVersion":"1.1","method":"POST","originalUrl":"/authorize","query":{},"url":"/authorize"},"res":{"statusCode":200},"responseTime":5}}
device-1 | {"level":"info","message":"postDevicesByDeviceIdSignaling succeeded"}
device-1 | {"level":"info","message":"POST /devices/6c8c6a27-9b13-4572-9ae4-92a1c90d6fd5/signaling 200 10ms","method":"POST","requestID":"5065f610-3d42-11ef-b841-3faa56dbb9da","responseTime":10,"status":200,"url":"/devices/6c8c6a27-9b13-4572-9ae4-92a1c90d6fd5/signaling"}
device-1 | {"level":"info","message":"postDevicesByDeviceIdSignaling called"}
authorization-1 | {"client_addr":"127.0.0.1:57924","level":"info","msg":"Received request.","req_id":324,"req_method":"POST","req_path":"/v1/data/crosslab","subsystem":"opa","time":"2024-07-08T15:54:09Z"}
authorization-1 | {"authorization_model_id":"01J29GSANM7KPDA4K72FFCRMVX","build.commit":"bc6a45ade4ae02d389b2588ae3bb4676fdcf77ec","build.version":"v1.2.0","grpc_code":0,"grpc_method":"Check","grpc_service":"openfga.v1.OpenFGAService","grpc_type":"unary","level":"info","message":"grpc_req_complete","peer.address":"127.0.0.1:47278","raw_request":{"authorization_model_id":"01J29GSANM7KPDA4K72FFCRMVX","contextual_tuples":null,"store_id":"01J29GSAMAWVG7JAX19C1NPZ6T","trace":false,"tuple_key":{"object":"device:http%3A%2F%2Flocalhost%2Fdevices%2Fac7916cc-0b66-4822-bd81-6e85e122345e","relation":"viewer","user":"user:experiment-service"}},"raw_response":{"allowed":false,"resolution":""},"request_id":"a53f85a6-d221-4246-8dd3-a4d457081537","store_id":"01J29GSAMAWVG7JAX19C1NPZ6T","subsystem":"openfga","timestamp":1720454049.7954612}
authorization-1 | {"client_addr":"127.0.0.1:57924","level":"info","msg":"Sent response.","req_id":324,"req_method":"POST","req_path":"/v1/data/crosslab","resp_bytes":307,"resp_duration":2.977882,"resp_status":200,"subsystem":"opa","time":"2024-07-08T15:54:09Z"}
authorization-1 | {"action":"message","level":"info","message":"opa_check","object":"device:http://localhost/devices/ac7916cc-0b66-4822-bd81-6e85e122345e","openfga":{"authorization_model_id":"01J29GSANM7KPDA4K72FFCRMVX","store":"01J29GSAMAWVG7JAX19C1NPZ6T"},"response":{"result":{"allow":true,"enc":"user:experiment-service","object":"device:http://localhost/devices/ac7916cc-0b66-4822-bd81-6e85e122345e","object_type":"device","rebac_allow":false,"scope_allow":true,"scopes":["read","write","connect"],"subject":"user:experiment-service","subject_alt":"experiment-service"}},"subject":"experiment-service"}
authorization-1 | {"level":"info","message":"POST /authorize 200 6ms","meta":{"req":{"headers":{"accept":"*/*","accept-encoding":"gzip, deflate","accept-language":"*","connection":"keep-alive","content-length":"133","content-type":"application/json","host":"127.0.0.1:3010","sec-fetch-mode":"cors","user-agent":"node","x-authorization-psk":"TestPSK","x-request-id":"5067f1e0-3d42-11ef-b841-3faa56dbb9da"},"httpVersion":"1.1","method":"POST","originalUrl":"/authorize","query":{},"url":"/authorize"},"res":{"statusCode":200},"responseTime":6}}
device-1 | {"level":"info","message":"postDevicesByDeviceIdSignaling succeeded"}
device-1 | {"level":"info","message":"POST /devices/ac7916cc-0b66-4822-bd81-6e85e122345e/signaling 200 11ms","method":"POST","requestID":"5067f1e0-3d42-11ef-b841-3faa56dbb9da","responseTime":11,"status":200,"url":"/devices/ac7916cc-0b66-4822-bd81-6e85e122345e/signaling"}
authentication-1 | {"jwt":"eyJhbGciOiJIUzI1NiJ9.eyJzdWIiOiJodHRwOi8vbG9jYWxob3N0L3VzZXJzL2Q4ZTg5YThlLTRkNmMtNGQ0My05ZjNjLTkxODExNjRhODZmNiIsImVkZ2VUb2tlbiI6IlktaHhPdEtQVHY5U19zVzd4c0t5NHJLSUdyTlVDODZ1d1p5Q1dqcHJpXzMwbVJ1NXZUTm5IbW1xa1d1WF91RFdGVzV1NzZya1JXS0NIX0tneEpTdGdBIiwiYWRtaW4iOnRydWUsImlhdCI6MTcyMDQ1NDA0OX0.wkFdTvFVdpXP5zJX0AHegWBUFI5JbeYmA5Vzn5grKAY","level":"info","message":"auth send jwt"}
authentication-1 | {"level":"info","message":"GET /auth 200 5ms","method":"GET","requestID":"225a983e411fd4650e261270c3cc0874","responseTime":5,"status":200,"url":"/auth"}
experiment-1 | {"level":"info","message":"Handling GET request on endpoint /experiments/d3e1e7da-a12a-453a-b838-183dedfa5cd7"}
authorization-1 | {"client_addr":"127.0.0.1:57924","level":"info","msg":"Received request.","req_id":325,"req_method":"POST","req_path":"/v1/data/crosslab","subsystem":"opa","time":"2024-07-08T15:54:09Z"}
authorization-1 | {"client_addr":"127.0.0.1:57924","level":"info","msg":"Sent response.","req_id":325,"req_method":"POST","req_path":"/v1/data/crosslab","resp_bytes":662,"resp_duration":1.350703,"resp_status":200,"subsystem":"opa","time":"2024-07-08T15:54:09Z"}
authorization-1 | {"action":"view","level":"info","message":"opa_check","object":"experiment:http://localhost/experiments/d3e1e7da-a12a-453a-b838-183dedfa5cd7","openfga":{"authorization_model_id":"01J29GSANM7KPDA4K72FFCRMVX","store":"01J29GSAMAWVG7JAX19C1NPZ6T"},"response":{"result":{"allow":true,"enc":"user:http%3A%2F%2Flocalhost%2Fusers%2Fd8e89a8e-4d6c-4d43-9f3c-9181164a86f6","object":"experiment:http://localhost/experiments/d3e1e7da-a12a-453a-b838-183dedfa5cd7","object_type":"experiment","payload":{"admin":true,"edgeToken":"Y-hxOtKPTv9S_sW7xsKy4rKIGrNUC86uwZyCWjpri_30mRu5vTNnHmmqkWuX_uDWFW5u76rkRWKCH_KgxJStgA","iat":1720454049,"sub":"http://localhost/users/d8e89a8e-4d6c-4d43-9f3c-9181164a86f6"},"rebac_allow":true,"scope_allow":true,"scopes":["read","write","connect"],"subject":"user:http://localhost/users/d8e89a8e-4d6c-4d43-9f3c-9181164a86f6","subject_alt":"http://localhost/users/d8e89a8e-4d6c-4d43-9f3c-9181164a86f6"}},"subject":"eyJhbGciOiJIUzI1NiJ9.eyJzdWIiOiJodHRwOi8vbG9jYWxob3N0L3VzZXJzL2Q4ZTg5YThlLTRkNmMtNGQ0My05ZjNjLTkxODExNjRhODZmNiIsImVkZ2VUb2tlbiI6IlktaHhPdEtQVHY5U19zVzd4c0t5NHJLSUdyTlVDODZ1d1p5Q1dqcHJpXzMwbVJ1NXZUTm5IbW1xa1d1WF91RFdGVzV1NzZya1JXS0NIX0tneEpTdGdBIiwiYWRtaW4iOnRydWUsImlhdCI6MTcyMDQ1NDA0OX0.wkFdTvFVdpXP5zJX0AHegWBUFI5JbeYmA5Vzn5grKAY"}
authorization-1 | {"level":"info","message":"POST /authorize 200 5ms","meta":{"req":{"headers":{"accept":"*/*","accept-encoding":"gzip, deflate","accept-language":"*","connection":"keep-alive","content-length":"452","content-type":"application/json","host":"127.0.0.1:3010","sec-fetch-mode":"cors","user-agent":"node","x-authorization-psk":"TestPSK","x-request-id":"225a983e411fd4650e261270c3cc0874