authorization-1 | {"authorization_model_id":"01J17AJ00XHP4DKF187V9HDKRB","build.commit":"bc6a45ade4ae02d389b2588ae3bb4676fdcf77ec","build.version":"v1.2.0","grpc_code":0,"grpc_method":"Check","grpc_service":"openfga.v1.OpenFGAService","grpc_type":"unary","level":"info","message":"grpc_req_complete","peer.address":"127.0.0.1:47132","raw_request":{"authorization_model_id":"01J17AJ00XHP4DKF187V9HDKRB","contextual_tuples":null,"store_id":"01J17AHZYZ614HWGHSD4EA9VM1","trace":false,"tuple_key":{"object":"device:http%3A%2F%2Flocalhost%2Fdevices%2F431cea82-cd1d-4dbc-91e4-1451c4e2ab01","relation":"viewer","user":"user:experiment-service"}},"raw_response":{"allowed":false,"resolution":""},"request_id":"eb969730-26fd-4ebd-8601-e0808e4749ee","store_id":"01J17AHZYZ614HWGHSD4EA9VM1","subsystem":"openfga","timestamp":1719306670.3920372}
authorization-1 | {"client_addr":"127.0.0.1:52986","level":"info","msg":"Sent response.","req_id":322,"req_method":"POST","req_path":"/v1/data/crosslab","resp_bytes":307,"resp_duration":2.187521,"resp_status":200,"subsystem":"opa","time":"2024-06-25T09:11:10Z"}
authorization-1 | {"action":"message","level":"info","message":"opa_check","object":"device:http://localhost/devices/431cea82-cd1d-4dbc-91e4-1451c4e2ab01","openfga":{"authorization_model_id":"01J17AJ00XHP4DKF187V9HDKRB","store":"01J17AHZYZ614HWGHSD4EA9VM1"},"response":{"result":{"allow":true,"enc":"user:experiment-service","object":"device:http://localhost/devices/431cea82-cd1d-4dbc-91e4-1451c4e2ab01","object_type":"device","rebac_allow":false,"scope_allow":true,"scopes":["read","write","connect"],"subject":"user:experiment-service","subject_alt":"experiment-service"}},"subject":"experiment-service"}
authorization-1 | {"level":"info","message":"POST /authorize 200 4ms","meta":{"req":{"headers":{"accept":"*/*","accept-encoding":"gzip, deflate","accept-language":"*","connection":"keep-alive","content-length":"133","content-type":"application/json","host":"127.0.0.1:3010","sec-fetch-mode":"cors","user-agent":"node","x-authorization-psk":"TestPSK","x-request-id":"dcfd1830-32d2-11ef-8c48-074c31242816"},"httpVersion":"1.1","method":"POST","originalUrl":"/authorize","query":{},"url":"/authorize"},"res":{"statusCode":200},"responseTime":4}}
device-1 | {"level":"info","message":"postDevicesByDeviceIdSignaling succeeded"}
device-1 | {"level":"info","message":"POST /devices/431cea82-cd1d-4dbc-91e4-1451c4e2ab01/signaling 200 9ms","method":"POST","requestID":"dcfd1830-32d2-11ef-8c48-074c31242816","responseTime":9,"status":200,"url":"/devices/431cea82-cd1d-4dbc-91e4-1451c4e2ab01/signaling"}
device-1 | {"data":{"peerconnection":"8358a906-8dcc-432f-b582-25c907f0f2eb","statusDeviceA":"new","statusDeviceB":"new"},"level":"info","message":"peerconnection devices status info"}
device-1 | {"data":{"peerconnection":"8358a906-8dcc-432f-b582-25c907f0f2eb","statusDeviceA":"new","statusDeviceB":"new"},"level":"info","message":"peerconnection devices status info"}
device-1 | {"level":"info","message":"Sending status-changed-callback for peerconnection 'http://localhost/peerconnections/8358a906-8dcc-432f-b582-25c907f0f2eb' to 'http://localhost/callbacks/experiment'"}
device-1 | {"data":{"peerconnection":"8358a906-8dcc-432f-b582-25c907f0f2eb","statusDeviceA":"connecting","statusDeviceB":"new"},"level":"info","message":"peerconnection devices status info"}
authentication-1 | {"level":"info","message":"auth error No token found","stack":"Error: No token found\n at Object.getAuth (file:///usr/local/lib/node_modules/@crosslab/service-auth/app/operations/auth.js:14:19)\n at file:///usr/local/lib/node_modules/@crosslab/service-auth/app/generated/routes.js:22:45\n at Layer.handle [as handle_request] (/usr/local/lib/node_modules/@crosslab/service-auth/node_modules/express/lib/router/layer.js:95:5)\n at next (/usr/local/lib/node_modules/@crosslab/service-auth/node_modules/express/lib/router/route.js:149:13)\n at Route.dispatch (/usr/local/lib/node_modules/@crosslab/service-auth/node_modules/express/lib/router/route.js:119:3)\n at Layer.handle [as handle_request] (/usr/local/lib/node_modules/@crosslab/service-auth/node_modules/express/lib/router/layer.js:95:5)\n at /usr/local/lib/node_modules/@crosslab/service-auth/node_modules/express/lib/router/index.js:284:15\n at Function.process_params (/usr/local/lib/node_modules/@crosslab/service-auth/node_modules/express/lib/router/index.js:346:12)\n at next (/usr/local/lib/node_modules/@crosslab/service-auth/node_modules/express/lib/router/index.js:280:10)\n at Function.handle (/usr/local/lib/node_modules/@crosslab/service-auth/node_modules/express/lib/router/index.js:175:3)"}
authentication-1 | {"level":"info","message":"GET /auth 200 1ms","method":"GET","requestID":"c622afd090520d56431f8a15f21b2a8b","responseTime":1,"status":200,"url":"/auth"}
experiment-1 | {"data":{"callback":{"callbackType":"event","eventType":"peerconnection-status-changed","peerconnection":{"devices":[{"config":{"services":[{"remoteServiceId":"file_consumer","serviceId":"file_producer","serviceType":"http://api.goldi-labs.de/serviceTypes/file"}]},"status":"connecting","url":"http://localhost/devices/08bc797d-88d1-414a-9689-d6523be94924"},{"config":{"services":[{"remoteServiceId":"file_producer","serviceId":"file_consumer","serviceType":"http://api.goldi-labs.de/serviceTypes/file"}]},"status":"new","url":"http://localhost/devices/431cea82-cd1d-4dbc-91e4-1451c4e2ab01"}],"status":"connecting","type":"webrtc","url":"http://localhost/peerconnections/8358a906-8dcc-432f-b582-25c907f0f2eb"}}},"level":"info","message":"received a callback"}
experiment-1 | {"level":"info","message":"POST /callbacks/experiment 200 10ms","method":"POST","requestID":"c622afd090520d56431f8a15f21b2a8b","responseTime":10,"status":200,"url":"/callbacks/experiment"}
gateway-1 | {"time_local":"25/Jun/2024:09:11:12 +0000","remote_addr":"127.0.0.1","remote_user":"","request":"POST /callbacks/experiment HTTP/1.1","status": "200","body_bytes_sent":"5","request_time":"0.014","http_referrer":"","http_user_agent":"node-fetch","requestID":"c622afd090520d56431f8a15f21b2a8b"}
device-1 | {"data":{"peerconnection":"8358a906-8dcc-432f-b582-25c907f0f2eb","statusDeviceA":"connecting","statusDeviceB":"connecting"},"level":"info","message":"peerconnection devices status info"}
device-1 | {"data":{"peerconnection":"8358a906-8dcc-432f-b582-25c907f0f2eb","statusDeviceA":"connecting","statusDeviceB":"connected"},"level":"info","message":"peerconnection devices status info"}
device-1 | {"level":"info","message":"Sending status-changed-callback for peerconnection 'http://localhost/peerconnections/8358a906-8dcc-432f-b582-25c907f0f2eb' to 'http://localhost/callbacks/experiment'"}
device-1 | {"data":{"peerconnection":"8358a906-8dcc-432f-b582-25c907f0f2eb","statusDeviceA":"connected","statusDeviceB":"connected"},"level":"info","message":"peerconnection devices status info"}
authentication-1 | {"level":"info","message":"auth error No token found","stack":"Error: No token found\n at Object.getAuth (file:///usr/local/lib/node_modules/@crosslab/service-auth/app/operations/auth.js:14:19)\n at file:///usr/local/lib/node_modules/@crosslab/service-auth/app/generated/routes.js:22:45\n at Layer.handle [as handle_request] (/usr/local/lib/node_modules/@crosslab/service-auth/node_modules/express/lib/router/layer.js:95:5)\n at next (/usr/local/lib/node_modules/@crosslab/service-auth/node_modules/express/lib/router/route.js:149:13)\n at Route.dispatch (/usr/local/lib/node_modules/@crosslab/service-auth/node_modules/express/lib/router/route.js:119:3)\n at Layer.handle [as handle_request] (/usr/local/lib/node_modules/@crosslab/service-auth/node_modules/express/lib/router/layer.js:95:5)\n at /usr/local/lib/node_modules/@crosslab/service-auth/node_modules/express/lib/router/index.js:284:15\n at Function.process_params (/usr/local/lib/node_modules/@crosslab/service-auth/node_modules/express/lib/router/index.js:346:12)\n at next (/usr/local/lib/node_modules/@crosslab/service-auth/node_modules/express/lib/router/index.js:280:10)\n at Function.handle (/usr/local/lib/node_modules/@crosslab/service-auth/node_modules/express/lib/router/index.js:175:3)"}
authentication-1 | {"level":"info","message":"GET /auth 200 2ms","method":"GET","requestID":"6c08d40cd058dd5e01221f33fde21095","responseTime":2,"status":200,"url":"/auth"}
experiment-1 | {"data":{"callback":{"callbackType":"event","eventType":"peerconnection-status-changed","peerconnection":{"devices":[{"config":{"services":[{"remoteServiceId":"file_consumer","serviceId":"file_producer","serviceType":"http://api.goldi-labs.de/serviceTypes/file"}]},"status":"connected","url":"http://localhost/devices/08bc797d-88d1-414a-9689-d6523be94924"},{"config":{"services":[{"remoteServiceId":"file_producer","serviceId":"file_consumer","serviceType":"http://api.goldi-labs.de/serviceTypes/file"}]},"status":"connected","url":"http://localhost/devices/431cea82-cd1d-4dbc-91e4-1451c4e2ab01"}],"status":"connected","type":"webrtc","url":"http://localhost/peerconnections/8358a906-8dcc-432f-b582-25c907f0f2eb"}}},"level":"info","message":"received a callback"}
device-1 | {"level":"info","message":"getPeerconnectionsByPeerconnectionId called"}
authorization-1 | {"client_addr":"127.0.0.1:52986","level":"info","msg":"Received request.","req_id":323,"req_method":"POST","req_path":"/v1/data/crosslab","subsystem":"opa","time":"2024-06-25T09:11:12Z"}
authorization-1 | {"authorization_model_id":"01J17AJ00XHP4DKF187V9HDKRB","build.commit":"bc6a45ade4ae02d389b2588ae3bb4676fdcf77ec","build.version":"v1.2.0","grpc_code":0,"grpc_method":"Check","grpc_service":"openfga.v1.OpenFGAService","grpc_type":"unary","level":"info","message":"grpc_req_complete","peer.address":"127.0.0.1:47132","raw_request":{"authorization_model_id":"01J17AJ00XHP4DKF187V9HDKRB","contextual_tuples":null,"store_id":"01J17AHZYZ614HWGHSD4EA9VM1","trace":false,"tuple_key":{"object":"peerconnection:http%3A%2F%2Flocalhost%2Fpeerconnections%2F8358a906-8dcc-432f-b582-25c907f0f2eb","relation":"viewer","user":"user:experiment-service"}},"raw_response":{"allowed":false,"resolution":""},"request_id":"dda45c89-1813-4b87-a56d-ac476b949d8f","store_id":"01J17AHZYZ614HWGHSD4EA9VM1","subsystem":"openfga","timestamp":1719306672.4793193}
authorization-1 | {"client_addr":"127.0.0.1:52986","level":"info","msg":"Sent response.","req_id":323,"req_method":"POST","req_path":"/v1/data/crosslab","resp_bytes":331,"resp_duration":4.478227,"resp_status":200,"subsystem":"opa","time":"2024-06-25T09:11:12Z"}
authorization-1 | {"action":"view","level":"info","message":"opa_check","object":"peerconnection:http://localhost/peerconnections/8358a906-8dcc-432f-b582-25c907f0f2eb","openfga":{"authorization_model_id":"01J17AJ00XHP4DKF187V9HDKRB","store":"01J17AHZYZ614HWGHSD4EA9VM1"},"response":{"result":{"allow":true,"enc":"user:experiment-service","object":"peerconnection:http://localhost/peerconnections/8358a906-8dcc-432f-b582-25c907f0f2eb","object_type":"peerconnection","rebac_allow":false,"scope_allow":true,"scopes":["read","write","connect"],"subject":"user:experiment-service","subject_alt":"experiment-service"}},"subject":"experiment-service"}
authorization-1 | {"level":"info","message":"POST /authorize 200 7ms","meta":{"req":{"headers":{"accept":"*/*","accept-encoding":"gzip, deflate","accept-language":"*","connection":"keep-alive","content-length":"146","content-type":"application/json","host":"127.0.0.1:3010","sec-fetch-mode":"cors","user-agent":"node","x-authorization-psk":"TestPSK","x-request-id":"de3b3d80-32d2-11ef-8c48-074c31242816"},"httpVersion":"1.1","method":"POST","originalUrl":"/authorize","query":{},"url":"/authorize"},"res":{"statusCode":200},"responseTime":7}}
device-1 | {"level":"info","message":"getPeerconnectionsByPeerconnectionId succeeded"}
device-1 | {"level":"info","message":"GET /peerconnections/8358a906-8dcc-432f-b582-25c907f0f2eb 200 14ms","method":"GET","requestID":"de3b3d80-32d2-11ef-8c48-074c31242816","responseTime":14,"status":200,"url":"/peerconnections/8358a906-8dcc-432f-b582-25c907f0f2eb"}
experiment-1 | {"level":"info","message":"POST /callbacks/experiment 200 49ms","method":"POST","requestID":"6c08d40cd058dd5e01221f33fde21095","responseTime":49,"status":200,"url":"/callbacks/experiment"}
gateway-1 | {"time_local":"25/Jun/2024:09:11:12 +0000","remote_addr":"127.0.0.1","remote_user":"","request":"POST /callbacks/experiment HTTP/1.1","status": "200","body_bytes_sent":"5","request_time":"0.055","http_referrer":"","http_user_agent":"node-fetch","requestID":"6c08d40cd058dd5e01221f33fde21095"}
device-1 | {"level":"info","message":"postDevicesByDeviceIdSignaling called"}
authorization-1 | {"client_addr":"127.0.0.1:52986","level":"info","msg":"Received request.","req_id":324,"req_method":"POST","req_path":"/v1/data/crosslab","subsystem":"opa","time":"2024-06-25T09:11:12Z"}
authorization-1 | {"authorization_model_id":"01J17AJ00XHP4DKF187V9HDKRB","build.commit":"bc6a45ade4ae02d389b2588ae3bb4676fdcf77ec","build.version":"v1.2.0","grpc_code":0,"grpc_method":"Check","grpc_service":"openfga.v1.OpenFGAService","grpc_type":"unary","level":"info","message":"grpc_req_complete","peer.address":"127.0.0.1:47132","raw_request":{"authorization_model_id":"01J17AJ00XHP4DKF187V9HDKRB","contextual_tuples":null,"store_id":"01J17AHZYZ614HWGHSD4EA9VM1","trace":false,"tuple_key":{"object":"device:http%3A%2F%2Flocalhost%2Fdevices%2F08bc797d-88d1-414a-9689-d6523be94924","relation":"viewer","user":"user:experiment-service"}},"raw_response":{"allowed":false,"resolution":""},"request_id":"c780eabf-fc7f-41c9-87af-574f56803316","store_id":"01J17AHZYZ614HWGHSD4EA9VM1","subsystem":"openfga","timestamp":1719306672.5156245}
authorization-1 | {"client_addr":"127.0.0.1:52986","level":"info","msg":"Sent response.","req_id":324,"req_method":"POST","req_path":"/v1/data/crosslab","resp_bytes":307,"resp_duration":3.108985,"resp_status":200,"subsystem":"opa","time":"2024-06-25T09:11:12Z"}
authorization-1 | {"action":"message","level":"info","message":"opa_check","object":"device:http://localhost/devices/08bc797d-88d1-414a-9689-d6523be94924","openfga":{"authorization_model_id":"01J17AJ00XHP4DKF187V9HDKRB","store":"01J17AHZYZ614HWGHSD4EA9VM1"},"response":{"result":{"allow":true,"enc":"user:experiment-service","object":"device:http://localhost/devices/08bc797d-88d1-414a-9689-d6523be94924","object_type":"device","rebac_allow":false,"scope_allow":true,"scopes":["read","write","connect"],"subject":"user:experiment-service","subject_alt":"experiment-service"}},"subject":"experiment-service"}
authorization-1 | {"level":"info","message":"POST /authorize 200 5ms","meta":{"req":{"headers":{"accept":"*/*","accept-encoding":"gzip, deflate","accept-language":"*","connection":"keep-alive","content-length":"133","content-type":"application/json","host":"127.0.0.1:3010","sec-fetch-mode":"cors","user-agent":"node","x-authorization-psk":"TestPSK","x-request-id":"de4109e0-32d2-11ef-8c48-074c31242816"},"httpVersion":"1.1","method":"POST","originalUrl":"/authorize","query":{},"url":"/authorize"},"res":{"statusCode":200},"responseTime":5}}
device-1 | {"level":"info","message":"postDevicesByDeviceIdSignaling succeeded"}
device-1 | {"level":"info","message":"POST /devices/08bc797d-88d1-414a-9689-d6523be94924/signaling 200 11ms","method":"POST","requestID":"de4109e0-32d2-11ef-8c48-074c31242816","responseTime":11,"status":200,"url":"/devices/08bc797d-88d1-414a-9689-d6523be94924/signaling"}
device-1 | {"level":"info","message":"postDevicesByDeviceIdSignaling called"}
authorization-1 | {"client_addr":"127.0.0.1:52986","level":"info","msg":"Received request.","req_id":325,"req_method":"POST","req_path":"/v1/data/crosslab","subsystem":"opa","time":"2024-06-25T09:11:12Z"}
authorization-1 | {"authorization_model_id":"01J17AJ00XHP4DKF187V9HDKRB","build.commit":"bc6a45ade4ae02d389b2588ae3bb4676fdcf77ec","build.version":"v1.2.0","grpc_code":0,"grpc_method":"Check","grpc_service":"openfga.v1.OpenFGAService","grpc_type":"unary","level":"info","message":"grpc_req_complete","peer.address":"127.0.0.1:47132","raw_request":{"authorization_model_id":"01J17AJ00XHP4DKF187V9HDKRB","contextual_tuples":null,"store_id":"01J17AHZYZ614HWGHSD4EA9VM1","trace":false,"tuple_key":{"object":"device:http%3A%2F%2Flocalhost%2Fdevices%2F431cea82-cd1d-4dbc-91e4-1451c4e2ab01","relation":"viewer","user":"user:experiment-service"}},"raw_response":{"allowed":false,"resolution":""},"request_id":"678f3bf9-a484-4145-b477-86ac587ecac0","store_id":"01J17AHZYZ614HWGHSD4EA9VM1","subsystem":"openfga","timestamp":1719306672.5280473}
authorization-1 | {"client_addr":"127.0.0.1:52986","level":"info","msg":"Sent response.","req_id":325,"req_method":"POST","req_path":"/v1/data/crosslab","resp_bytes":307,"resp_duration":2.718499,"resp_status":200,"subsystem":"opa","time":"2024-06-25T09:11:12Z"}
authorization-1 | {"action":"message","level":"info","message":"opa_check","object":"device:http://localhost/devices/431cea82-cd1d-4dbc-91e4-1451c4e2ab01","openfga":{"authorization_model_id":"01J17AJ00XHP4DKF187V9HDKRB","store":"01J17AHZYZ614HWGHSD4EA9VM1"},"response":{"result":{"allow":true,"enc":"user:experiment-service","object":"device:http://localhost/devices/431cea82-cd1d-4dbc-91e4-1451c4e2ab01","object_type":"device","rebac_allow":false,"scope_allow":true