authorization-1 | {"level":"info","message":"POST /authorize 200 4ms","method":"POST","requestID":"714bd8887a1ce0882f0944c6d17f821f","responseTime":4,"status":200,"url":"/authorize"}
authorization-1 | {"build.commit":"bc6a45ade4ae02d389b2588ae3bb4676fdcf77ec","build.version":"v1.2.0","grpc_code":0,"grpc_method":"Read","grpc_service":"openfga.v1.OpenFGAService","grpc_type":"unary","level":"info","message":"grpc_req_complete","peer.address":"127.0.0.1:59416","raw_request":{"continuation_token":"","page_size":null,"store_id":"01J6C37CGRK57W0VZH5X192EZ1","tuple_key":{"object":"device:http%3A%2F%2Flocalhost%2Fdevices%2F15a5454a-d6ed-46e3-8af3-5da0cefbf249","relation":"","user":""}},"raw_response":{"continuation_token":"","tuples":[{"key":{"object":"device:http%3A%2F%2Flocalhost%2Fdevices%2F15a5454a-d6ed-46e3-8af3-5da0cefbf249","relation":"owner","user":"user:http%3A%2F%2Flocalhost%2Fusers%2Fd958d509-20f7-45b2-8373-fdfa1cc7043b"},"timestamp":"2024-08-28T08:57:17.687533991Z"}]},"request_id":"58b62f32-3866-4366-94cd-729058e90c3e","store_id":"01J6C37CGRK57W0VZH5X192EZ1","subsystem":"openfga","timestamp":1724835440.0550516}
authorization-1 | {"level":"info","message":"POST /relations/query 200 3ms","method":"POST","requestID":"714bd8887a1ce0882f0944c6d17f821f","responseTime":3,"status":200,"url":"/relations/query"}
device-1 | {"level":"info","message":"postPeerconnections: registering closed-callback for 'http://localhost/callbacks/experiment'","requestID":"886a6090-651b-11ef-b0da-d12cff5a1914"}
device-1 | {"level":"info","message":"postPeerconnections: registering status-changed-callback for 'http://localhost/callbacks/experiment'","requestID":"886a6090-651b-11ef-b0da-d12cff5a1914"}
device-1 | {"level":"info","message":"Trying to create signaling queues for peerconnection 'http://localhost/peerconnections/2283d2e9-4301-4dc3-8aeb-5127d55f099c'","requestID":"886a6090-651b-11ef-b0da-d12cff5a1914"}
device-1 | {"level":"info","message":"Successfully created signaling queues for peerconnection 'http://localhost/peerconnections/2283d2e9-4301-4dc3-8aeb-5127d55f099c'","requestID":"886a6090-651b-11ef-b0da-d12cff5a1914"}
device-1 | {"level":"info","message":"postPeerconnections succeeded","requestID":"886a6090-651b-11ef-b0da-d12cff5a1914"}
device-1 | {"level":"info","message":"POST /peerconnections?closedUrl=http%3A%2F%2Flocalhost%2Fcallbacks%2Fexperiment&statusChangedUrl=http%3A%2F%2Flocalhost%2Fcallbacks%2Fexperiment 201 289ms","method":"POST","requestID":"886a6090-651b-11ef-b0da-d12cff5a1914","responseTime":289,"status":201,"url":"/peerconnections?closedUrl=http%3A%2F%2Flocalhost%2Fcallbacks%2Fexperiment&statusChangedUrl=http%3A%2F%2Flocalhost%2Fcallbacks%2Fexperiment"}
device-1 | {"level":"info","message":"getDevicesByDeviceId succeeded","requestID":"714bd8887a1ce0882f0944c6d17f821f"}
gateway-1 | {"time_local":"28/Aug/2024:08:57:20 +0000","remote_addr":"127.0.0.1","remote_user":"","request":"GET /devices/15a5454a-d6ed-46e3-8af3-5da0cefbf249? HTTP/1.1","status": "200","body_bytes_sent":"1086","request_time":"0.146","http_referrer":"","http_user_agent":"node-fetch/1.0 (+https://github.com/bitinn/node-fetch)","requestID":"714bd8887a1ce0882f0944c6d17f821f"}
device-1 | {"level":"info","message":"GET /devices/15a5454a-d6ed-46e3-8af3-5da0cefbf249? 200 142ms","method":"GET","requestID":"714bd8887a1ce0882f0944c6d17f821f","responseTime":142,"status":200,"url":"/devices/15a5454a-d6ed-46e3-8af3-5da0cefbf249?"}
device-1 | {"level":"info","message":"deviceAHasVideo: false, deviceBHasVideo: false","requestID":"886a6090-651b-11ef-b0da-d12cff5a1914"}
authentication-1 | {"jwt":"eyJhbGciOiJIUzI1NiJ9.eyJzdWIiOiJodHRwOi8vbG9jYWxob3N0L3VzZXJzL2Q5NThkNTA5LTIwZjctNDViMi04MzczLWZkZmExY2M3MDQzYiIsImVkZ2VUb2tlbiI6IlQwTUFFaFZCQ2dCV25HV2lCTEdXX3l6MFdXZEVIdVMxUzdjQ2JlVUJna1g0Q0U3ZHoyMjU5Z2RNcXZmWGpSSXo4ZEJKSFlEUnVoUFZBMDhaOEtLeUZBIiwiYWRtaW4iOnRydWUsImlhdCI6MTcyNDgzNTQ0MH0.m4ggVyaARyripVVHzJylbWkNZFBx8e0YmjvQnTnFvo4","level":"info","message":"auth send jwt","requestID":"f5bef300300d0df45a0d14dc58a88e85"}
authentication-1 | {"level":"info","message":"GET /auth 200 8ms","method":"GET","requestID":"f5bef300300d0df45a0d14dc58a88e85","responseTime":8,"status":200,"url":"/auth"}
device-1 | {"command":"createPeerconnection","connectionType":"webrtc","connectionUrl":"http://localhost/peerconnections/2283d2e9-4301-4dc3-8aeb-5127d55f099c","device":"1a45bc8e-4696-45e3-b735-62ed3ac928a7","deviceName":"JS Device 2","labels":{"job":"remote_device"},"level":"info","message":"creating connection","messageType":"command","services":[{"interfaces":[],"remoteServiceId":"electrical","serviceId":"electrical","serviceType":"http://api.goldi-labs.de/serviceTypes/electrical"}],"tiebreaker":true}
device-1 | {"level":"info","message":"getDevicesByDeviceId called","requestID":"f5bef300300d0df45a0d14dc58a88e85"}
authorization-1 | {"client_addr":"127.0.0.1:48644","level":"info","msg":"Received request.","req_id":79,"req_method":"POST","req_path":"/v1/data/crosslab","subsystem":"opa","time":"2024-08-28T08:57:20Z"}
authorization-1 | {"client_addr":"127.0.0.1:48644","level":"info","msg":"Sent response.","req_id":79,"req_method":"POST","req_path":"/v1/data/crosslab","resp_bytes":650,"resp_duration":1.006024,"resp_status":200,"subsystem":"opa","time":"2024-08-28T08:57:20Z"}
authorization-1 | {"action":"view","level":"info","message":"opa_check","object":"device:http://localhost/devices/1a45bc8e-4696-45e3-b735-62ed3ac928a7","openfga":{"authorization_model_id":"01J6C37CHZVNQPEVXC1B7GVY70","store":"01J6C37CGRK57W0VZH5X192EZ1"},"requestID":"f5bef300300d0df45a0d14dc58a88e85","response":{"result":{"allow":true,"enc":"user:http%3A%2F%2Flocalhost%2Fusers%2Fd958d509-20f7-45b2-8373-fdfa1cc7043b","object":"device:http://localhost/devices/1a45bc8e-4696-45e3-b735-62ed3ac928a7","object_type":"device","payload":{"admin":true,"edgeToken":"T0MAEhVBCgBWnGWiBLGW_yz0WWdEHuS1S7cCbeUBgkX4CE7dz2259gdMqvfXjRIz8dBJHYDRuhPVA08Z8KKyFA","iat":1724835440,"sub":"http://localhost/users/d958d509-20f7-45b2-8373-fdfa1cc7043b"},"rebac_allow":true,"scope_allow":true,"scopes":["read","write","connect"],"subject":"user:http://localhost/users/d958d509-20f7-45b2-8373-fdfa1cc7043b","subject_alt":"http://localhost/users/d958d509-20f7-45b2-8373-fdfa1cc7043b"}},"subject":"eyJhbGciOiJIUzI1NiJ9.eyJzdWIiOiJodHRwOi8vbG9jYWxob3N0L3VzZXJzL2Q5NThkNTA5LTIwZjctNDViMi04MzczLWZkZmExY2M3MDQzYiIsImVkZ2VUb2tlbiI6IlQwTUFFaFZCQ2dCV25HV2lCTEdXX3l6MFdXZEVIdVMxUzdjQ2JlVUJna1g0Q0U3ZHoyMjU5Z2RNcXZmWGpSSXo4ZEJKSFlEUnVoUFZBMDhaOEtLeUZBIiwiYWRtaW4iOnRydWUsImlhdCI6MTcyNDgzNTQ0MH0.m4ggVyaARyripVVHzJylbWkNZFBx8e0YmjvQnTnFvo4"}
authorization-1 | {"level":"info","message":"POST /authorize 200 7ms","method":"POST","requestID":"f5bef300300d0df45a0d14dc58a88e85","responseTime":7,"status":200,"url":"/authorize"}
authorization-1 | {"build.commit":"bc6a45ade4ae02d389b2588ae3bb4676fdcf77ec","build.version":"v1.2.0","grpc_code":0,"grpc_method":"Read","grpc_service":"openfga.v1.OpenFGAService","grpc_type":"unary","level":"info","message":"grpc_req_complete","peer.address":"127.0.0.1:59416","raw_request":{"continuation_token":"","page_size":null,"store_id":"01J6C37CGRK57W0VZH5X192EZ1","tuple_key":{"object":"device:http%3A%2F%2Flocalhost%2Fdevices%2F1a45bc8e-4696-45e3-b735-62ed3ac928a7","relation":"","user":""}},"raw_response":{"continuation_token":"","tuples":[{"key":{"object":"device:http%3A%2F%2Flocalhost%2Fdevices%2F1a45bc8e-4696-45e3-b735-62ed3ac928a7","relation":"owner","user":"user:http%3A%2F%2Flocalhost%2Fusers%2Fd958d509-20f7-45b2-8373-fdfa1cc7043b"},"timestamp":"2024-08-28T08:57:17.742680495Z"}]},"request_id":"ff1da50d-3f43-4559-aaa0-0c21d00f8f3a","store_id":"01J6C37CGRK57W0VZH5X192EZ1","subsystem":"openfga","timestamp":1724835440.2135663}
authorization-1 | {"level":"info","message":"POST /relations/query 200 3ms","method":"POST","requestID":"f5bef300300d0df45a0d14dc58a88e85","responseTime":3,"status":200,"url":"/relations/query"}
device-1 | {"level":"info","message":"getDevicesByDeviceId succeeded","requestID":"f5bef300300d0df45a0d14dc58a88e85"}
gateway-1 | {"time_local":"28/Aug/2024:08:57:20 +0000","remote_addr":"127.0.0.1","remote_user":"","request":"GET /devices/1a45bc8e-4696-45e3-b735-62ed3ac928a7? HTTP/1.1","status": "200","body_bytes_sent":"307","request_time":"0.027","http_referrer":"","http_user_agent":"node-fetch/1.0 (+https://github.com/bitinn/node-fetch)","requestID":"f5bef300300d0df45a0d14dc58a88e85"}
device-1 | {"level":"info","message":"GET /devices/1a45bc8e-4696-45e3-b735-62ed3ac928a7? 200 18ms","method":"GET","requestID":"f5bef300300d0df45a0d14dc58a88e85","responseTime":18,"status":200,"url":"/devices/1a45bc8e-4696-45e3-b735-62ed3ac928a7?"}
device-1 | {"device":"1a45bc8e-4696-45e3-b735-62ed3ac928a7","deviceName":"JS Device 2","labels":{"job":"remote_device"},"level":"info","message":"webrtc connect"}
device-1 | {"content":{"canTrickle":true},"device":"1a45bc8e-4696-45e3-b735-62ed3ac928a7","deviceName":"JS Device 2","labels":{"job":"remote_device"},"level":"info","message":"sending:","signalingType":"options"}
device-1 | {"content":{"sdp":"v=0\r\no=- 1570640435072304437 2 IN IP4 127.0.0.1\r\ns=-\r\nt=0 0\r\na=group:BUNDLE 0\r\na=extmap-allow-mixed\r\na=msid-semantic: WMS\r\nm=application 9 UDP/DTLS/SCTP webrtc-datachannel\r\nc=IN IP4 0.0.0.0\r\na=ice-ufrag:vsgL\r\na=ice-pwd:5eJ3UIjtpR5i/SIa+tzLoZv7\r\na=ice-options:trickle\r\na=fingerprint:sha-256 9F:3F:27:70:F0:70:42:60:C6:06:02:99:6B:9D:17:59:DB:4E:BF:E1:88:92:84:7D:07:3F:7F:77:E0:CC:41:03\r\na=setup:actpass\r\na=mid:0\r\na=sctp-port:5000\r\na=max-message-size:262144\r\n","type":"offer"},"device":"1a45bc8e-4696-45e3-b735-62ed3ac928a7","deviceName":"JS Device 2","labels":{"job":"remote_device"},"level":"info","message":"sending:","signalingType":"offer"}
device-1 | {"device":"1a45bc8e-4696-45e3-b735-62ed3ac928a7","deviceName":"JS Device 2","labels":{"job":"remote_device"},"level":"info","message":"IceGatheringComplete"}
experiment-1 | {"data":{"experimentUrl":"http://localhost/experiments/65fe552c-3935-48bc-829d-e9431b55ec3b"},"level":"info","message":"Successfully created peerconnections for experiment","requestID":"cd78849c3337a611b34ea4223e2f0e7c"}
device-1 | {"level":"info","message":"postDevicesByDeviceIdSignaling called","requestID":"88b217f0-651b-11ef-b0da-d12cff5a1914"}
authorization-1 | {"client_addr":"127.0.0.1:48644","level":"info","msg":"Received request.","req_id":80,"req_method":"POST","req_path":"/v1/data/crosslab","subsystem":"opa","time":"2024-08-28T08:57:20Z"}
authorization-1 | {"authorization_model_id":"01J6C37CHZVNQPEVXC1B7GVY70","build.commit":"bc6a45ade4ae02d389b2588ae3bb4676fdcf77ec","build.version":"v1.2.0","grpc_code":0,"grpc_method":"Check","grpc_service":"openfga.v1.OpenFGAService","grpc_type":"unary","level":"info","message":"grpc_req_complete","peer.address":"127.0.0.1:59416","raw_request":{"authorization_model_id":"01J6C37CHZVNQPEVXC1B7GVY70","contextual_tuples":null,"store_id":"01J6C37CGRK57W0VZH5X192EZ1","trace":false,"tuple_key":{"object":"device:http%3A%2F%2Flocalhost%2Fdevices%2F15a5454a-d6ed-46e3-8af3-5da0cefbf249","relation":"viewer","user":"user:experiment-service"}},"raw_response":{"allowed":false,"resolution":""},"request_id":"6e4ab53b-bd8f-4858-bcb8-e235f81eda00","store_id":"01J6C37CGRK57W0VZH5X192EZ1","subsystem":"openfga","timestamp":1724835440.373018}
authorization-1 | {"client_addr":"127.0.0.1:48644","level":"info","msg":"Sent response.","req_id":80,"req_method":"POST","req_path":"/v1/data/crosslab","resp_bytes":307,"resp_duration":2.317441,"resp_status":200,"subsystem":"opa","time":"2024-08-28T08:57:20Z"}
authorization-1 | {"action":"message","level":"info","message":"opa_check","object":"device:http://localhost/devices/15a5454a-d6ed-46e3-8af3-5da0cefbf249","openfga":{"authorization_model_id":"01J6C37CHZVNQPEVXC1B7GVY70","store":"01J6C37CGRK57W0VZH5X192EZ1"},"requestID":"88b217f0-651b-11ef-b0da-d12cff5a1914","response":{"result":{"allow":true,"enc":"user:experiment-service","object":"device:http://localhost/devices/15a5454a-d6ed-46e3-8af3-5da0cefbf249","object_type":"device","rebac_allow":false,"scope_allow":true,"scopes":["read","write","connect"],"subject":"user:experiment-service","subject_alt":"experiment-service"}},"subject":"experiment-service"}
authorization-1 | {"level":"info","message":"POST /authorize 200 6ms","method":"POST","requestID":"88b217f0-651b-11ef-b0da-d12cff5a1914","responseTime":6,"status":200,"url":"/authorize"}
device-1 | {"level":"info","message":"postDevicesByDeviceIdSignaling succeeded","requestID":"88b217f0-651b-11ef-b0da-d12cff5a1914"}
device-1 | {"level":"info","message":"POST /devices/15a5454a-d6ed-46e3-8af3-5da0cefbf249/signaling 200 11ms","method":"POST","requestID":"88b217f0-651b-11ef-b0da-d12cff5a1914","responseTime":11,"status":200,"url":"/devices/15a5454a-d6ed-46e3-8af3-5da0cefbf249/signaling"}
device-1 | {"level":"info","message":"postDevicesByDeviceIdSignaling called","requestID":"88b413c0-651b-11ef-b0da-d12cff5a1914"}
authorization-1 | {"client_addr":"127.0.0.1:48644","level":"info","msg":"Received request.","req_id":81,"req_method":"POST","req_path":"/v1/data/crosslab","subsystem":"opa","time":"2024-08-28T08:57:20Z"}
authorization-1 | {"authorization_model_id":"01J6C37CHZVNQPEVXC1B7GVY70","build.commit":"bc6a45ade4ae02d389b2588ae3bb4676fdcf77ec","build.version":"v1.2.0","grpc_code":0,"grpc_method":"Check","grpc_service":"openfga.v1.OpenFGAService","grpc_type":"unary","level":"info","message":"grpc_req_complete","peer.address":"127.0.0.1:59416","raw_request":{"authorization_model_id":"01J6C37CHZVNQPEVXC1B7GVY70","contextual_tuples":null,"store_id":"01J6C37CGRK57W0VZH5X192EZ1","trace":false,"tuple_key":{"object":"device:http%3A%2F%2Flocalhost%2Fdevices%2F1a45bc8e-4696-45e3-b735-62ed3ac928a7","relation":"viewer","user":"user:experiment-service"}},"raw_response":{"allowed":false,"resolution":""},"request_id":"5eaea23d-7f16-464b-a067-302fc2d30167","store_id":"01J6C37CGRK57W0VZH5X192EZ1","subsystem":"openfga","timestamp":1724835440.3844585}
authorization-1 | {"client_addr":"127.0.0.1:48644","level":"info","msg":"Sent response.","req_id":81,"req_method":"POST","req_path":"/v1/data/crosslab","resp_bytes":307,"resp_duration":2.236249,"resp_status":200,"subsystem":"opa","time":"2024-08-28T08:57:20Z"}
authorization-1 | {"action":"message","level":"info","message":"opa_check","object":"device:http://localhost/devices/1a45bc8e-4696-45e3-b735-62ed3ac928a7","openfga":{"authorization_model_id":"01J6C37CHZVNQPEVXC1B7GVY70","store":"01J6C37CGRK57W0VZH5X192EZ1"},"requestID":"88b413c0-651b-11ef-b0da-d12cff5a1914","response":{"result":{"allow":true,"enc":"user:experiment-service","object":"device:http://localhost/devices/1a45bc8e-4696-45e3-b735-62ed3ac928a7","object_type":"device","rebac_allow":false,"scope_allow":true,"scopes":["read","write","connect"],"subject":"user:experiment-service","subject_alt":"experiment-service"}},"subject":"experiment-service"}
authorization-1 | {"level":"info","message":"POST /authorize 200 5ms","method":"POST","requestID":"88b413c0-651b-11ef-b0da-d12cff5a1914","responseTime":5,"status":200,"url":"/authorize"}
device-1 | {"level":"info","message":"postDevicesByDeviceIdSignaling succeeded","requestID":"88b413c0-651b-11ef-b0da-d12cff5a1914"}
device-1 | {"level":"info","message":"POST /devices/1a45bc8e-4696-45e3-b735-62ed3ac928a7/signaling 200 10ms","method":"POST","requestID":"88b413c0-651b-11ef-b0da-d12cff5a1914","responseTime":10,"status":200,"url":"/devices/1a45bc8e-4696-45e3-b735-62ed3ac928a7/signaling"}
device-1 | {"device":"15a5454a-d6ed-46e3-8af3-5da0cefbf249","deviceName":"Python Device 1","labels":{"job":"remote_device"},"level":"info","message":"connectionstatechanged new new have-remote-offer","origin":{"funcName":"connectionstatechanged","lineno":62,"name":"crosslab.soa_client.connection_webrtc","pathname":"/builds/FakIA/fachgebiet-iks/goldi/goldi2/crosslab/clients/soa/python/src/crosslab/soa_client/connection_webrtc.py","processName":"MainProcess","threadName":"MainThread"}}
device-1 | {"data":{"peerconnection":"2283d2e9-4301-4dc3-8aeb-5127d55f099c","statusDeviceA":"new","statusDeviceB":"new"},"level":"info","message":"peerconnection devices status info"}
device-1 | {"device":"15a5454a-d6ed-46e3-8af3-5da0cefbf249","deviceName":"Python Device 1","labels":{"job":"remote_device"},"level":"info","message":"connectionstatechanged new new stable","origin":{"funcName":"connectionstatechanged","lineno":62,"name":"crosslab.soa_client.connection_webrtc","pathname":"/builds/FakIA/fachgebiet-iks/goldi/goldi2/crosslab/clients/soa/python/src/crosslab/soa_client/connection_webrtc.py","processName":"MainProcess","threadName":"MainThread"}}
device-1 | {"device":"15a5454a-d6ed-46e3-8af3-5da0cefbf249","deviceName":"Python Device 1","labels":{"job":"remote_device"},"level":"info","message":"connectionstatechanged new new stable","origin":{"funcName":"connectionstatechanged","lineno":62,"name":"crosslab.soa_client.connection_webrtc","pathname":"/builds/FakIA/fachgebiet-iks/goldi/goldi2/crosslab/clients/soa/python/src/crosslab/soa_client/connection_webrtc.py","processName":"MainProcess","threadName":"MainThread"}}
device-1 | {"device":"15a5454a-d6ed-46e3-8af3-5da0cefbf249","deviceName":"Python Device 1","labels":{"job":"remote_device"},"level":"info","message":"connectionstatechanged connecting checking stable","origin":{"funcName":"connectionstatechanged","lineno":62,"name":"crosslab.soa_client.connection_webrtc","pathname":"/builds/FakIA/fachgebiet-iks/goldi/goldi2/crosslab/clients/soa/python/src/crosslab/soa_client/connection_webrtc.py","processName":"MainProcess","threadName":"MainThread"}}
device-1 | {"device":"15a5454a-d6ed-46e3-8af3-5da0cefbf249","deviceName":"Python Device 1","labels":{"job":"remote_device"},"level":"info","message":"connectionstatechanged connecting checking stable","origin":{"funcName":"connectionstatechanged","lineno":62,"name":"crosslab.soa_client.connection_webrtc","pathname":"/builds/FakIA/fachgebiet-iks/goldi/goldi2/crosslab/clients/soa/python/src/crosslab/soa_client/connection_webrtc.py","processName":"MainProcess","threadName":"MainThread"}}
device-1 | {"level":"info","message":"Sending status-changed-callback for peerconnection 'http://localhost/peerconnections/2283d2e9-4301-4dc3-8aeb-5127d55f099c' to 'http://localhost/callbacks/experiment'"}
device-1 | {"data":{"peerconnection":"2283d2e9-4301-4dc3-8aeb-5127d55f099c","statusDeviceA":"connecting","statusDeviceB":"new"},"level":"info","message":"peerconnection devices status info"}
authentication-1 | {"level":"info","message":"auth error No token found","requestID":"15580b2a007f80df79d9f3447525f6fe","stack":"Error: No token found\n at Object.getAuth (file:///usr/local/lib/node_modules/@crosslab/service-auth/app/operations/auth.js:14:19)\n at file:///usr/local/lib/node_modules/@crosslab/service-auth/app/generated/routes.js:22:45\n at Layer.handle [as handle_request] (/usr/local/lib/node_modules/@crosslab/service-auth/node_modules/express/lib/router/layer.js:95:5)\n at next (/usr/local/lib/node_modules/@crosslab/service-auth/node_modules/express/lib/router/route.js:149:13)\n at Route.dispatch (/usr/local/lib/node_modules/@crosslab/service-auth/node_modules/express/lib/router/route.js:119:3)\n at Layer.handle [as handle_request] (/usr/local/lib/node_modules/@crosslab/service-auth/node_modules/express/lib/router/layer.js:95:5)\n at /usr/local/lib/node_modules/@crosslab/service-auth/node_modules/express/lib/router/index.js:284:15\n at Function.process_params (/usr/local/lib/node_modules/@crosslab/service-auth/node_modules/express/lib/router/index.js:346:12)\n at next (/usr/local/lib/node_modules/@crosslab/service-auth/node_modules/express/lib/router/index.js:280:10)\n at Function.handle (/usr/local/lib/node_modules/@crosslab/service-auth/node_modules/express/lib/router/index.js:175:3)"}
authentication-1 | {"level":"info","message":"GET /auth 200 2ms","method":"GET","requestID":"15580b2a007f80df79d9f3447525f6fe","responseTime":2,"status":200,"url":"/auth"}
experiment-1 | {"data":{"callback":{"callbackType":"event","eventType":"peerconnection-status-changed","peerconnection":{"devices":[{"config":{"services":[{"interfaces":[],"remoteServiceId":"electrical","serviceId":"electrical","serviceType":"http://api.goldi-labs.de/serviceTypes/electrical"}]},"status":"connecting","url":"http://localhost/devices/15a5454a-d6ed-46e3-8af3-5da0cefbf249"},{"config":{"services":[{"interfaces":[],"remoteServiceId":"electrical","serviceId":"electrical","serviceType":"http://api.goldi-labs.de/serviceTypes/electrical"}]},"status":"new","url":"http://localhost/devices/1a45bc8e-4696-45e3-b735-62ed3ac928a7"}],"status":"connecting","type":"webrtc","url":"http://localhost/peerconnections/2283d2e9-4301-4dc3-8aeb-5127d55f099c"}}},"level":"info","message":"received a callback","requestID":"15580b2a007f80df79d9f3447525f6fe"}
gateway-1 | {"time_local":"28/Aug/2024:08:57:22 +0000","remote_addr":"127.0.0.1","remote_user":"","request":"POST /callbacks/experiment HTTP/1.1","status": "200","body_bytes_sent":"5","request_time":"0.012","http_referrer":"","http_user_agent":"node-fetch","requestID":"15580b2a007f80df79d9f3447525f6fe"}
experiment-1 | {"level":"info","message":"POST /callbacks/experiment 200 8ms","method":"POST","requestID":"15580b2a007f80df79d9f3447525f6fe","responseTime":8,"status":200,"url":"/callbacks/experiment"}
device-1 | {"content":{"candidate":"candidate:2757905893 1 udp 2113937151 09ffbf08-6195-4a0f-a74f-0870f3b55fe1.local 39311 typ host generation 0 ufrag vsgL network-cost 999","sdpMLineIndex":0,"sdpMid":"0"},"device":"1a45bc8e-4696-45e3-b735-62ed3ac928a7","deviceName":"JS Device 2","labels":{"job":"remote_device"},"level":"info","message":"sending:","signalingType":"candidate"}
device-1 | {"content":{"candidate":"candidate:542058394 1 udp 1677729535 141.24.211.56 39311 typ srflx raddr 0.0.0.0 rport 0 generation 0 ufrag vsgL network-cost 999","sdpMLineIndex":0,"sdpMid":"0"},"device":"1a45bc8e-4696-45e3-b735-62ed3ac928a7","deviceName":"JS Device 2","labels":{"job":"remote_device"},"level":"info","message":"sending:","signalingType":"candidate"}
device-1 | {"content":{"candidate":"candidate:1933744145 1 udp 33562623 141.24.210.113 52435 typ relay raddr 141.24.211.56 rport 39311 generation 0 ufrag vsgL network-cost 999","sdpMLineIndex":0,"sdpMid":"0"},"device":"1a45bc8e-4696-45e3-b735-62ed3ac928a7","deviceName":"JS Device 2","labels":{"job":"remote_device"},"level":"info","message":"sending:","signalingType":"candidate"}
device-1 | {"device":"1a45bc8e-4696-45e3-b735-62ed3ac928a7","deviceName":"JS Device 2","labels":{"job":"remote_device"},"level":"info","message":"WebRTCPeerConnection connectionStateChanged","state":"connecting"}
device-1 | {"device":"15a5454a-d6ed-46e3-8af3-5da0cefbf249","deviceName":"Python Device 1","labels":{"job":"remote_device"},"level":"info","message":"connectionstatechanged connecting completed stable","origin":{"funcName":"connectionstatechanged","lineno":62,"name":"crosslab.soa_client.connection_webrtc","pathname":"/builds/FakIA/fachgebiet-iks/goldi/goldi2/crosslab/clients/soa/python/src/crosslab/soa_client/connection_webrtc.py","processName":"MainProcess","threadName":"MainThread"}}
device-1 | {"device":"1a45bc8e-4696-45e3-b735-62ed3ac928a7","deviceName":"JS Device 2","labels":{"job":"remote_device"},"level":"info","message":"WebRTCPeerConnection connectionStateChanged","state":"connected"}
device-1 | {"device":"15a5454a-d6ed-46e3-8af3-5da0cefbf249","deviceName":"Python Device 1","labels":{"job":"remote_device"},"level":"info","message":"connectionstatechanged connected completed stable","origin":{"funcName":"connectionstatechanged","lineno":62,"name":"crosslab.soa_client.connection_webrtc","pathname":"/builds/FakIA/fachgebiet-iks/goldi/goldi2/crosslab/clients/soa/python/src/crosslab/soa_client/connection_webrtc.py","processName":"MainProcess","threadName":"MainThread"}}
device-1 | {"data":{"error":{}},"level":"error","message":"An error occurred while handling an incoming message for device 'http://localhost/devices/1a45bc8e-4696-45e3-b735-62ed3ac928a7'"}
device-1 | {"data":{"error":{}},"level":"error","message":"An error occurred while handling an incoming message for device 'http://localhost/devices/1a45bc8e-4696-45e3-b735-62ed3ac928a7'"}
device-1 | {"data":{"peerconnection":"2283d2e9-4301-4dc3-8aeb-5127d55f099c","statusDeviceA":"connecting","statusDeviceB":"connecting"},"level":"info","message":"peerconnection devices status info"}
device-1 | {"data":{"peerconnection":"2283d2e9-4301-4dc3-8aeb-5127d55f099c","statusDeviceA":"connecting","statusDeviceB":"connected"},"level":"info","message":"peerconnection devices status info"}
authentication-1 | {"jwt":"eyJhbGciOiJIUzI1NiJ9.eyJzdWIiOiJodHRwOi8vbG9jYWxob3N0L3VzZXJzL2Q5NThkNTA5LTIwZjctNDViMi04MzczLWZkZmExY2M3MDQzYiIsImVkZ2VUb2tlbiI6IlQwTUFFaFZCQ2dCV25HV2lCTEdXX3l6MFdXZEVIdVMxUzdjQ2JlVUJna1g0Q0U3ZHoyMjU5Z2RNcXZmWGpSSXo4ZEJKSFlEUnVoUFZBMDhaOEtLeUZBIiwiYWRtaW4iOnRydWUsImlhdCI6MTcyNDgzNTQ0Mn0.bxead1M4jBR52pdI0CXhcv1OcDP4CQ-xpqNv509rTTU","level":"info","message":"auth send jwt","requestID":"589ebbb2379797d9fabc1e121399351f"}
authentication-1 | {"level":"info","message":"GET /auth 200 3ms","method":"GET","requestID":"589ebbb2379797d9fabc1e121399351f","responseTime":3,"status":200,"url":"/auth"}
experiment-1 | {"level":"info","message":"Handling GET request on endpoint /experiments/65fe552c-3935-48bc-829d-e9431b55ec3b","requestID":"589ebbb2379797d9fabc1e121399351f"}
authorization-1 | {"client_addr":"127.0.0.1:48644","level":"info","msg":"Received request.","req_id":82,"req_method":"POST","req_path":"/v1/data/crosslab","subsystem":"opa","time":"2024-08-28T08:57:22Z"}
authorization-1 | {"client_addr":"127.0.0.1:48644","level":"info","msg":"Sent response.","req_id":82,"req_method":"POST","req_path":"/v1/data/crosslab","resp_bytes":662,"resp_duration":0.724037,"resp_status":200,"subsystem":"opa","time":"2024-08-28T08:57:22Z"}
authorization-1 | {"action":"view","level":"info","message":"opa_check","object":"experiment:http://localhost/experiments/65fe552c-3935-48bc-829d-e9431b55ec3b","openfga":{"authorization_model_id":"01J6C37CHZVNQPEVXC1B7GVY70","store":"01J6C37CGRK57W0VZH5X192EZ1"},"requestID":"589ebbb2379797d9fabc1e121399351f","response":{"result":{"allow":true,"enc":"user:http%3A%2F%2Flocalhost%2Fusers%2Fd958d509-20f7-45b2-8373-fdfa1cc7043b","object":"experiment:http://localhost/experiments/65fe552c-3935-48bc-829d-e9431b55ec3b","object_type":"experiment","payload":{"admin":true,"edgeToken":"T0MAEhVBCgBWnGWiBLGW_yz0WWdEHuS1S7cCbeUBgkX4CE7dz2259gdMqvfXjRIz8dBJHYDRuhPVA08Z8KKyFA","iat":1724835442,"sub":"http://localhost/users/d958d509-20f7-45b2-8373-fdfa1cc7043b"},"rebac_allow":true,"scope_allow":true,"scopes":["read","write","connect"],"subject":"user:http://localhost/users/d958d509-20f7-45b2-8373-fdfa1cc7043b","subject_alt":"http://localhost/users/d958d509-20f7-45b2-8373-fdfa1cc7043b"}},"subject":"eyJhbGciOiJIUzI1NiJ9.eyJzdWIiOiJodHRwOi8vbG9jYWxob3N0L3VzZXJzL2Q5NThkNTA5LTIwZjctNDViMi04MzczLWZkZmExY2M3MDQzYiIsImVkZ2VUb2tlbiI6IlQwTUFFaFZCQ2dCV25HV2lCTEdXX3l6MFdXZEVIdVMxUzdjQ2JlVUJna1g0Q0U3ZHoyMjU5Z2RNcXZmWGpSSXo4ZEJKSFlEUnVoUFZBMDhaOEtLeUZBIiwiYWRtaW4iOnRydWUsImlhdCI6MTcyNDgzNTQ0Mn0.bxead1M4jBR52pdI0CXhcv1OcDP4CQ-xpqNv509rTTU"}
authorization-1 | {"level":"info","message":"POST /authorize 200 3ms","method":"POST","requestID":"589ebbb2379797d9fabc1e121399351f","responseTime":3,"status":200,"url":"/authorize"}
device-1 | {"level":"info","message":"Sending status-changed-callback for peerconnection 'http://localhost/peerconnections/2283d2e9-4301-4dc3-8aeb-5127d55f099c' to 'http://localhost/callbacks/experiment'"}
device-1 | {"data":{"peerconnection":"2283d2e9-4301-4dc3-8aeb-5127d55f099c","statusDeviceA":"connected","statusDeviceB":"connected"},"level":"info","message":"peerconnection devices status info"}
experiment-1 | {"level":"info","message":"Successfully handled GET request on endpoint /experiments/65fe552c-3935-48bc-829d-e9431b55ec3b","requestID":"589ebbb2379797d9fabc1e121399351f"}
authentication-1 | {"level":"info","message":"auth error No token found","requestID":"86d0defbb6973adabfec8d7c0fc15e96","stack":"Error: No token found\n at Object.getAuth (file:///usr/local/lib/node_modules/@crosslab/service-auth/app/operations/auth.js:14:19)\n at file:///usr/local/lib/node_modules/@crosslab/service-auth/app/generated/routes.js:22:45\n at Layer.handle [as handle_request] (/usr/local/lib/node_modules/@crosslab/service-auth/node_modules/express/lib/router/layer.js:95:5)\n at next (/usr/local/lib/node_modules/@crosslab/service-auth/node_modules/express/lib/router/route.js:149:13)\n at Route.dispatch (/usr/local/lib/node_modules/@crosslab/service-auth/node_modules/express/lib/router/route.js:119:3)\n at Layer.handle [as handle_request] (/usr/local/lib/node_modules/@crosslab/service-auth/node_modules/express/lib/router/layer.js:95:5)\n at /usr/local/lib/node_modules/@crosslab/service-auth/node_modules/express/lib/router/index.js:284:15\n at Function.process_params (/usr/local/lib/node_modules/@crosslab/service-auth/node_modules/express/lib/router/index.js:346:12)\n at next (/usr/local/lib/node_modules/@crosslab/service-auth/node_modules/express/lib/router/index.js:280:10)\n at Function.handle (/usr/local/lib/node_modules/@crosslab/service-auth/node_modules/express/lib/router/index.js:175:3)"}
authentication-1 | {"level":"info","message":"GET /auth 200 1ms","method":"GET","requestID":"86d0defbb6973adabfec8d7c0fc15e96","responseTime":1,"status":200,"url":"/auth"}
experiment-1 | {"level":"info","message":"GET /experiments/65fe552c-3935-48bc-829d-e9431b55ec3b 200 13ms","method":"GET","requestID":"589ebbb2379797d9fabc1e121399351f","responseTime":13,"status":200,"url":"/experiments/65fe552c-3935-48bc-829d-e9431b55ec3b"}
experiment-1 | {"data":{"callback":{"callbackType":"event","eventType":"peerconnection-status-changed","peerconnection":{"devices":[{"config":{"services":[{"interfaces":[],"remoteServiceId":"electrical","serviceId":"electrical","serviceType":"http://api.goldi-labs.de/serviceTypes/electrical"}]},"status":"connected","url":"http://localhost/devices/15a5454a-d6ed-46e3-8af3-5da0cefbf249"},{"config":{"services":[{"interfaces":[],"remoteServiceId":"electrical","serviceId":"electrical","serviceType":"http://api.goldi-labs.de/serviceTypes/electrical"}]},"status":"connected","url":"http://localhost/devices/1a45bc8e-4696-45e3-b735-62ed3ac928a7"}],"status":"connected","type":"webrtc","url":"http://localhost/peerconnections/2283d2e9-4301-4dc3-8aeb-5127d55f099c"}}},"level":"info","message":"received a callback","requestID":"86d0defbb6973adabfec8d7c0fc15e96"}
gateway-1 | {"time_local":"28/Aug/2024:08:57:22 +0000","remote_addr":"127.0.0.1","remote_user":"","request":"GET /experiments/65fe552c-3935-48bc-829d-e9431b55ec3b HTTP/1.1","status": "200","body_bytes_sent":"882","request_time":"0.017","http_referrer":"","http_user_agent":"node-fetch/1.0 (+https://github.com/bitinn/node-fetch)","requestID":"589ebbb2379797d9fabc1e121399351f"}
device-1 | {"level":"info","message":"getPeerconnectionsByPeerconnectionId called","requestID":"89e540c0-651b-11ef-b0da-d12cff5a1914"}
authorization-1 | {"client_addr":"127.0.0.1:48644","level":"info","msg":"Received request.","req_id":83,"req_method":"POST","req_path":"/v1/data/crosslab","subsystem":"opa","time":"2024-08-28T08:57:22Z"}
authorization-1 | {"authorization_model_id":"01J6C37CHZVNQPEVXC1B7GVY70","build.commit":"bc6a45ade4ae02d389b2588ae3bb4676fdcf77ec","build.version":"v1.2.0","grpc_code":0,"grpc_method":"Check","grpc_service":"openfga.v1.OpenFGAService","grpc_type":"unary","level":"info","message":"grpc_req_complete","peer.address":"127.0.0.1:59416","raw_request":{"authorization_model_id":"01J6C37CHZVNQPEVXC1B7GVY70","contextual_tuples":null,"store_id":"01J6C37CGRK57W0VZH5X192EZ1","trace":false,"tuple_key":{"object":"peerconnection:http%3A%2F%2Flocalhost%2Fpeerconnections%2F2283d2e9-4301-4dc3-8aeb-5127d55f099c","relation":"viewer","user":"user:experiment-service"}},"raw_response":{"allowed":false,"resolution":""},"request_id":"d9a2a2ff-7127-4762-8370-f37f1ac0c551","store_id":"01J6C37CGRK57W0VZH5X192EZ1","subsystem":"openfga","timestamp":1724835442.3849802}
authorization-1 | {"client_addr":"127.0.0.1:48644","level":"info","msg":"Sent response.","req_id":83,"req_method":"POST","req_path":"/v1/data/crosslab","resp_bytes":331,"resp_duration":2.105335,"resp_status":200,"subsystem":"opa","time":"2024-08-28T08:57:22Z"}
authorization-1 | {"action":"view","level":"info","message":"opa_check","object":"peerconnection:http://localhost/peerconnections/2283d2e9-4301-4dc3-8aeb-5127d55f099c","openfga":{"authorization_model_id":"01J6C37CHZVNQPEVXC1B7GVY70","store":"01J6C37CGRK57W0VZH5X192EZ1"},"requestID":"89e540c0-651b-11ef-b0da-d12cff5a1914","response":{"result":{"allow":true,"enc":"user:experiment-service","object":"peerconnection:http://localhost/peerconnections/2283d2e9-4301-4dc3-8aeb-5127d55f099c","object_type":"peerconnection","rebac_allow":false,"scope_allow":true,"scopes":["read","write","connect"],"subject":"user:experiment-service","subject_alt":"experiment-service"}},"subject":"experiment-service"}
authorization-1 | {"level":"info","message":"POST /authorize 200 5ms","method":"POST","requestID":"89e540c0-651b-11ef-b0da-d12cff5a1914","responseTime":5,"status":200,"url":"/authorize"}
device-1 | {"level":"info","message":"getPeerconnectionsByPeerconnectionId succeeded","requestID":"89e540c0-651b-11ef-b0da-d12cff5a1914"}
device-1 | {"level":"info","message":"GET /peerconnections/2283d2e9-4301-4dc3-8aeb-5127d55f099c 200 22ms","method":"GET","requestID":"89e540c0-651b-11ef-b0da-d12cff5a1914","responseTime":22,"status":200,"url":"/peerconnections/2283d2e9-4301-4dc3-8aeb-5127d55f099c"}
experiment-1 | {"level":"info","message":"POST /callbacks/experiment 200 64ms","method":"POST","requestID":"86d0defbb6973adabfec8d7c0fc15e96","responseTime":64,"status":200,"url":"/callbacks/experiment"}
gateway-1 | {"time_local":"28/Aug/2024:08:57:22 +0000","remote_addr":"127.0.0.1","remote_user":"","request":"POST /callbacks/experiment HTTP/1.1","status": "200","body_bytes_sent":"5","request_time":"0.067","http_referrer":"","http_user_agent":"node-fetch","requestID":"86d0defbb6973adabfec8d7c0fc15e96"}
device-1 | {"level":"info","message":"postDevicesByDeviceIdSignaling called","requestID":"89ee4170-651b-11ef-b0da-d12cff5a1914"}
authorization-1 | {"client_addr":"127.0.0.1:48644","level":"info","msg":"Received request.","req_id":84,"req_method":"POST","req_path":"/v1/data/crosslab","subsystem":"opa","time":"2024-08-28T08:57:22Z"}
authorization-1 | {"authorization_model_id":"01J6C37CHZVNQPEVXC1B7GVY70","build.commit":"bc6a45ade4ae02d389b2588ae3bb4676fdcf77ec","build.version":"v1.2.0","grpc_code":0,"grpc_method":"Check","grpc_service":"openfga.v1.OpenFGAService","grpc_type":"unary","level":"info","message":"grpc_req_complete","peer.address":"127.0.0.1:59416","raw_request":{"authorization_model_id":"01J6C37CHZVNQPEVXC1B7GVY70","contextual_tuples":null,"store_id":"01J6C37CGRK57W0VZH5X192EZ1","trace":false,"tuple_key":{"object":"device:http%3A%2F%2Flocalhost%2Fdevices%2F15a5454a-d6ed-46e3-8af3-5da0cefbf249","relation":"viewer","user":"user:experiment-service"}},"raw_response":{"allowed":false,"resolution":""},"request_id":"738111d2-345a-4b1c-a8a7-7b0ab65ccd75","store_id":"01J6C37CGRK57W0VZH5X192EZ1","subsystem":"openfga","timestamp":1724835442.444024}
authorization-1 | {"client_addr":"127.0.0.1:48644","level":"info","msg":"Sent response.","req_id":84,"req_method":"POST","req_path":"/v1/data/crosslab","resp_bytes":307,"resp_duration":2.231128,"resp_status":200,"subsystem":"opa","time":"2024-08-28T08:57:22Z"}
authorization-1 | {"action":"message","level":"info","message":"opa_check","object":"device:http://localhost/devices/15a5454a-d6ed-46e3-8af3-5da0cefbf249","openfga":{"authorization_model_id":"01J6C37CHZVNQPEVXC1B7GVY70","store":"01J6C37CGRK57W0VZH5X192EZ1"},"requestID":"89ee4170-651b-11ef-b0da-d12cff5a1914","response":{"result":{"allow":true,"enc":"user:experiment-service","object":"device:http://localhost/devices/15a5454a-d6ed-46e3-8af3-5da0cefbf249","object_type":"device","rebac_allow":false,"scope_allow":true,"scopes":["read","write","connect"],"subject":"user:experiment-service","subject_alt":"experiment-service"}},"subject":"experiment-service"}
authorization-1 | {"level":"info","message":"POST /authorize 200 6ms","method":"POST","requestID":"89ee4170-651b-11ef-b0da-d12cff5a1914","responseTime":6,"status":200,"url":"/authorize"}
device-1 | {"level":"info","message":"postDevicesByDeviceIdSignaling succeeded","requestID":"89ee4170-651b-11ef-b0da-d12cff5a1914"}
device-1 | {"level":"info","message":"POST /devices/15a5454a-d6ed-46e3-8af3-5da0cefbf249/signaling 200 10ms","method":"POST","requestID":"89ee4170-651b-11ef-b0da-d12cff5a1914","responseTime":10,"status":200,"url":"/devices/15a5454a-d6ed-46e3-8af3-5da0cefbf249/signaling"}
device-1 | {"level":"info","message":"postDevicesByDeviceIdSignaling called","requestID":"89f01630-651b-11ef-b0da-d12cff5a1914"}
authorization-1 | {"client_addr":"127.0.0.1:48644","level":"info","msg":"Received request.","req_id":85,"req_method":"POST","req_path":"/v1/data/crosslab","subsystem":"opa","time":"2024-08-28T08:57:22Z"}
authorization-1 | {"authorization_model_id":"01J6C37CHZVNQPEVXC1B7GVY70","build.commit":"bc6a45ade4ae02d389b2588ae3bb4676fdcf77ec","build.version":"v1.2.0","grpc_code":0,"grpc_method":"Check","grpc_service":"openfga.v1.OpenFGAService","grpc_type":"unary","level":"info","message":"grpc_req_complete","peer.address":"127.0.0.1:59416","raw_request":{"authorization_model_id":"01J6C37CHZVNQPEVXC1B7GVY70","contextual_tuples":null,"store_id":"01J6C37CGRK57W0VZH5X192EZ1","trace":false,"tuple_key":{"object":"device:http%3A%2F%2Flocalhost%2Fdevices%2F1a45bc8e-4696-45e3-b735-62ed3ac928a7","relation":"viewer","user":"user:experiment-service"}},"raw_response":{"allowed":false,"resolution":""},"request_id":"98bf9883-656d-4691-b18c-29b5a5da8c49","store_id":"01J6C37CGRK57W0VZH5X192EZ1","subsystem":"openfga","timestamp":1724835442.4572487}
authorization-1 | {"client_addr":"127.0.0.1:48644","level":"info","msg":"Sent response.","req_id":85,"req_method":"POST","req_path":"/v1/data/crosslab","resp_bytes":307,"resp_duration":3.487777,"resp_status":200,"subsystem":"opa","time":"2024-08-28T08:57:22Z"}
authorization-1 | {"action":"message","level":"info","message":"opa_check","object":"device:http://localhost/devices/1a45bc8e-4696-45e3-b735-62ed3ac928a7","openfga":{"authorization_model_id":"01J6C37CHZVNQPEVXC1B7GVY70","store":"01J6C37CGRK57W0VZH5X192EZ1"},"requestID":"89f01630-651b-11ef-b0da-d12cff5a1914","response":{"result":{"allow":true,"enc":"user:experiment-service","object":"device:http://localhost/devices/1a45bc8e-4696-45e3-b735-62ed3ac928a7","object_type":"device","rebac_allow":false,"scope_allow":true,"scopes":["read","write","connect"],"subject":"user:experiment-service","subject_alt":"experiment-service"}},"subject":"experiment-service"}
authorization-1 | {"level":"info","message":"POST /authorize 200 6ms","method":"POST","requestID":"89f01630-651b-11ef-b0da-d12cff5a1914","responseTime":6,"status":200,"url":"/authorize"}
device-1 | {"level":"info","message":"postDevicesByDeviceIdSignaling succeeded","requestID":"89f01630-651b-11ef-b0da-d12cff5a1914"}
device-1 | {"level":"info","message":"POST /devices/1a45bc8e-4696-45e3-b735-62ed3ac928a7/signaling 200 11ms","method":"POST","requestID":"89f01630-651b-11ef-b0da-d12cff5a1914","responseTime":11,"status":200,"url":"/devices/1a45bc8e-4696-45e3-b735-62ed3ac928a7/signaling"}
authentication-1 | {"jwt":"eyJhbGciOiJIUzI1NiJ9.eyJzdWIiOiJodHRwOi8vbG9jYWxob3N0L3VzZXJzL2Q5NThkNTA5LTIwZjctNDViMi04MzczLWZkZmExY2M3MDQzYiIsImVkZ2VUb2tlbiI6IlQwTUFFaFZCQ2dCV25HV2lCTEdXX3l6MFdXZEVIdVMxUzdjQ2JlVUJna1g0Q0U3ZHoyMjU5Z2RNcXZmWGpSSXo4ZEJKSFlEUnVoUFZBMDhaOEtLeUZBIiwiYWRtaW4iOnRydWUsImlhdCI6MTcyNDgzNTQ0Mn0.bxead1M4jBR52pdI0CXhcv1OcDP4CQ-xpqNv509rTTU","level":"info","message":"auth send jwt","requestID":"a1712741521ef787a4ea589c1bd073e2"}
authentication-1 | {"level":"info","message":"GET /auth 200 2ms","method":"GET","requestID":"a1712741521ef787a4ea589c1bd073e2","responseTime":2,"status":200,"url":"/auth"}
experiment-1 | {"level":"info","message":"Handling GET request on endpoint /experiments/65fe552c-3935-48bc-829d-e9431b55ec3b","requestID":"a1712741521ef787a4ea589c1bd073e2"}
authorization-1 | {"client_addr":"127.0.0.1:48644","level":"info","msg":"Received request.","req_id":86,"req_method":"POST","req_path":"/v1/data/crosslab","subsystem":"opa","time":"2024-08-28T08:57:22Z"}
authorization-1 | {"client_addr":"127.0.0.1:48644","level":"info","msg":"Sent response.","req_id":86,"req_method":"POST","req_path":"/v1/data/crosslab","resp_bytes":662,"resp_duration":1.023578,"resp_status":200,"subsystem":"opa","time":"2024-08-28T08:57:22Z"}
authorization-1 | {"action":"view","level":"info","message":"opa_check","object":"experiment:http://localhost/experiments/65fe552c-3935-48bc-829d-e9431b55ec3b","openfga":{"authorization_model_id":"01J6C37CHZVNQPEVXC1B7GVY70","store":"01J6C37CGRK57W0VZH5X192EZ1"},"requestID":"a1712741521ef787a4ea589c1bd073e2","response":{"result":{"allow":true,"enc":"user:http%3A%2F%2Flocalhost%2Fusers%2Fd958d509-20f7-45b2-8373-fdfa1cc7043b","object":"experiment:http://localhost/experiments/65fe552c-3935-48bc-829d-e9431b55ec3b","object_type":"experiment","payload":{"admin":true,"edgeToken":"T0MAEhVBCgBWnGWiBLGW_yz0WWdEHuS1S7cCbeUBgkX4CE7dz2259gdMqvfXjRIz8dBJHYDRuhPVA08Z8KKyFA","iat":1724835442,"sub":"http://localhost/users/d958d509-20f7-45b2-8373-fdfa1cc7043b"},"rebac_allow":true,"scope_allow":true,"scopes":["read","write","connect"],"subject":"user:http://localhost/users/d958d509-20f7-45b2-8373-fdfa1cc7043b","subject_alt":"http://localhost/users/d958d509-20f7-45b2-8373-fdfa1cc7043b"}},"subject":"eyJhbGciOiJIUzI1NiJ9.eyJzdWIiOiJodHRwOi8vbG9jYWxob3N0L3VzZXJzL2Q5NThkNTA5LTIwZjctNDViMi04MzczLWZkZmExY2M3MDQzYiIsImVkZ2VUb2tlbiI6IlQwTUFFaFZCQ2dCV25HV2lCTEdXX3l6MFdXZEVIdVMxUzdjQ2JlVUJna1g0Q0U3ZHoyMjU5Z2RNcXZmWGpSSXo4ZEJKSFlEUnVoUFZBMDhaOEtLeUZBIiwiYWRtaW4iOnRydWUsImlhdCI6MTcyNDgzNTQ0Mn0.bxead1M4jBR52pdI0CXhcv1OcDP4CQ-xpqNv509rTTU"}
authorization-1 | {"level":"info","message":"POST /authorize 200 4ms","method":"POST","requestID":"a1712741521ef787a4ea589c1bd073e2","responseTime":4,"status":200,"url":"/authorize"}
experiment-1 | {"level":"info","message":"Successfully handled GET request on endpoint /experiments/65fe552c-3935-48bc-829d-e9431b55ec3b","requestID":"a1712741521ef787a4ea589c1bd073e2"}
gateway-1 | {"time_local":"28/Aug/2024:08:57:22 +0000","remote_addr":"127.0.0.1","remote_user":"","request":"GET /experiments/65fe552c-3935-48bc-829d-e9431b55ec3b HTTP/1.1","status": "200","body_bytes_sent":"884","request_time":"0.015","http_referrer":"","http_user_agent":"node-fetch/1.0 (+https://github.com/bitinn/node-fetch)","requestID":"a1712741521ef787a4ea589c1bd073e2"}
experiment-1 | {"level":"info","message":"GET /experiments/65fe552c-3935-48bc-829d-e9431b55ec3b 200 12ms","method":"GET","requestID":"a1712741521ef787a4ea589c1bd073e2","responseTime":12,"status":200,"url":"/experiments/65fe552c-3935-48bc-829d-e9431b55ec3b"}
authentication-1 | {"jwt":"eyJhbGciOiJIUzI1NiJ9.eyJzdWIiOiJodHRwOi8vbG9jYWxob3N0L3VzZXJzL2Q5NThkNTA5LTIwZjctNDViMi04MzczLWZkZmExY2M3MDQzYiIsImVkZ2VUb2tlbiI6IlQwTUFFaFZCQ2dCV25HV2lCTEdXX3l6MFdXZEVIdVMxUzdjQ2JlVUJna1g0Q0U3ZHoyMjU5Z2RNcXZmWGpSSXo4ZEJKSFlEUnVoUFZBMDhaOEtLeUZBIiwiYWRtaW4iOnRydWUsImlhdCI6MTcyNDgzNTQ0Mn0.bxead1M4jBR52pdI0CXhcv1OcDP4CQ-xpqNv509rTTU","level":"info","message":"auth send jwt","requestID":"e9597803177d0fc4d5b39d7fe50abc36"}
authentication-1 | {"level":"info","message":"GET /auth 200 3ms","method":"GET","requestID":"e9597803177d0fc4d5b39d7fe50abc36","responseTime":4,"status":200,"url":"/auth"}
experiment-1 | {"level":"info","message":"Handling DELETE request on endpoint /experiments/65fe552c-3935-48bc-829d-e9431b55ec3b","requestID":"e9597803177d0fc4d5b39d7fe50abc36"}
authorization-1 | {"client_addr":"127.0.0.1:48644","level":"info","msg":"Received request.","req_id":87,"req_method":"POST","req_path":"/v1/data/crosslab","subsystem":"opa","time":"2024-08-28T08:57:22Z"}
authorization-1 | {"client_addr":"127.0.0.1:48644","level":"info","msg":"Sent response.","req_id":87,"req_method":"POST","req_path":"/v1/data/crosslab","resp_bytes":662,"resp_duration":0.793453,"resp_status":200,"subsystem":"opa","time":"2024-08-28T08:57:22Z"}
authorization-1 | {"action":"delete","level":"info","message":"opa_check","object":"experiment:http://localhost/experiments/65fe552c-3935-48bc-829d-e9431b55ec3b","openfga":{"authorization_model_id":"01J6C37CHZVNQPEVXC1B7GVY70","store":"01J6C37CGRK57W0VZH5X192EZ1"},"requestID":"e9597803177d0fc4d5b39d7fe50abc36","response":{"result":{"allow":true,"enc":"user:http%3A%2F%2Flocalhost%2Fusers%2Fd958d509-20f7-45b2-8373-fdfa1cc7043b","object":"experiment:http://localhost/experiments/65fe552c-3935-48bc-829d-e9431b55ec3b","object_type":"experiment","payload":{"admin":true,"edgeToken":"T0MAEhVBCgBWnGWiBLGW_yz0WWdEHuS1S7cCbeUBgkX4CE7dz2259gdMqvfXjRIz8dBJHYDRuhPVA08Z8KKyFA","iat":1724835442,"sub":"http://localhost/users/d958d509-20f7-45b2-8373-fdfa1cc7043b"},"rebac_allow":true,"scope_allow":true,"scopes":["read","write","connect"],"subject":"user:http://localhost/users/d958d509-20f7-45b2-8373-fdfa1cc7043b","subject_alt":"http://localhost/users/d958d509-20f7-45b2-8373-fdfa1cc7043b"}},"subject":"eyJhbGciOiJIUzI1NiJ9.eyJzdWIiOiJodHRwOi8vbG9jYWxob3N0L3VzZXJzL2Q5NThkNTA5LTIwZjctNDViMi04MzczLWZkZmExY2M3MDQzYiIsImVkZ2VUb2tlbiI6IlQwTUFFaFZCQ2dCV25HV2lCTEdXX3l6MFdXZEVIdVMxUzdjQ2JlVUJna1g0Q0U3ZHoyMjU5Z2RNcXZmWGpSSXo4ZEJKSFlEUnVoUFZBMDhaOEtLeUZBIiwiYWRtaW4iOnRydWUsImlhdCI6MTcyNDgzNTQ0Mn0.bxead1M4jBR52pdI0CXhcv1OcDP4CQ-xpqNv509rTTU"}
authorization-1 | {"level":"info","message":"POST /authorize 200 3ms","method":"POST","requestID":"e9597803177d0fc4d5b39d7fe50abc36","responseTime":3,"status":200,"url":"/authorize"}
experiment-1 | {"data":{"experimentUrl":"http://localhost/experiments/65fe552c-3935-48bc-829d-e9431b55ec3b"},"level":"info","message":"Attempting to finish experiment","requestID":"e9597803177d0fc4d5b39d7fe50abc36"}
device-1 | {"level":"info","message":"deletePeerconnectionsByPeerconnectionId called","requestID":"89f87aa0-651b-11ef-b0da-d12cff5a1914"}
authorization-1 | {"client_addr":"127.0.0.1:48644","level":"info","msg":"Received request.","req_id":88,"req_method":"POST","req_path":"/v1/data/crosslab","subsystem":"opa","time":"2024-08-28T08:57:22Z"}
authorization-1 | {"client_addr":"127.0.0.1:48644","level":"info","msg":"Sent response.","req_id":88,"req_method":"POST","req_path":"/v1/data/crosslab","resp_bytes":674,"resp_duration":0.758054,"resp_status":200,"subsystem":"opa","time":"2024-08-28T08:57:22Z"}
authorization-1 | {"action":"delete","level":"info","message":"opa_check","object":"peerconnection:http://localhost/peerconnections/2283d2e9-4301-4dc3-8aeb-5127d55f099c","openfga":{"authorization_model_id":"01J6C37CHZVNQPEVXC1B7GVY70","store":"01J6C37CGRK57W0VZH5X192EZ1"},"requestID":"89f87aa0-651b-11ef-b0da-d12cff5a1914","response":{"result":{"allow":true,"enc":"user:http%3A%2F%2Flocalhost%2Fusers%2Fd958d509-20f7-45b2-8373-fdfa1cc7043b","object":"peerconnection:http://localhost/peerconnections/2283d2e9-4301-4dc3-8aeb-5127d55f099c","object_type":"peerconnection","payload":{"admin":true,"edgeToken":"T0MAEhVBCgBWnGWiBLGW_yz0WWdEHuS1S7cCbeUBgkX4CE7dz2259gdMqvfXjRIz8dBJHYDRuhPVA08Z8KKyFA","iat":1724835442,"sub":"http://localhost/users/d958d509-20f7-45b2-8373-fdfa1cc7043b"},"rebac_allow":true,"scope_allow":true,"scopes":["read","write","connect"],"subject":"user:http://localhost/users/d958d509-20f7-45b2-8373-fdfa1cc7043b","subject_alt":"http://localhost/users/d958d509-20f7-45b2-8373-fdfa1cc7043b"}},"subject":"eyJhbGciOiJIUzI1NiJ9.eyJzdWIiOiJodHRwOi8vbG9jYWxob3N0L3VzZXJzL2Q5NThkNTA5LTIwZjctNDViMi04MzczLWZkZmExY2M3MDQzYiIsImVkZ2VUb2tlbiI6IlQwTUFFaFZCQ2dCV25HV2lCTEdXX3l6MFdXZEVIdVMxUzdjQ2JlVUJna1g0Q0U3ZHoyMjU5Z2RNcXZmWGpSSXo4ZEJKSFlEUnVoUFZBMDhaOEtLeUZBIiwiYWRtaW4iOnRydWUsImlhdCI6MTcyNDgzNTQ0Mn0.bxead1M4jBR52pdI0CXhcv1OcDP4CQ-xpqNv509rTTU"}
authorization-1 | {"level":"info","message":"POST /authorize 200 3ms","method":"POST","requestID":"89f87aa0-651b-11ef-b0da-d12cff5a1914","responseTime":3,"status":200,"url":"/authorize"}
device-1 | {"command":"closePeerconnection","connectionUrl":"http://localhost/peerconnections/2283d2e9-4301-4dc3-8aeb-5127d55f099c","device":"1a45bc8e-4696-45e3-b735-62ed3ac928a7","deviceName":"JS Device 2","labels":{"job":"remote_device"},"level":"info","message":"closing connection","messageType":"command"}
device-1 | {"device":"15a5454a-d6ed-46e3-8af3-5da0cefbf249","deviceName":"Python Device 1","labels":{"job":"remote_device"},"level":"info","message":"connectionstatechanged closed closed closed","origin":{"funcName":"connectionstatechanged","lineno":62,"name":"crosslab.soa_client.connection_webrtc","pathname":"/builds/FakIA/fachgebiet-iks/goldi/goldi2/crosslab/clients/soa/python/src/crosslab/soa_client/connection_webrtc.py","processName":"MainProcess","threadName":"MainThread"}}
device-1 | {"device":"15a5454a-d6ed-46e3-8af3-5da0cefbf249","deviceName":"Python Device 1","labels":{"job":"remote_device"},"level":"info","message":"connectionstatechanged closed closed closed","origin":{"funcName":"connectionstatechanged","lineno":62,"name":"crosslab.soa_client.connection_webrtc","pathname":"/builds/FakIA/fachgebiet-iks/goldi/goldi2/crosslab/clients/soa/python/src/crosslab/soa_client/connection_webrtc.py","processName":"MainProcess","threadName":"MainThread"}}
